{"id":8764,"date":"2024-10-08T11:59:12","date_gmt":"2024-10-08T11:59:12","guid":{"rendered":"https:\/\/pelestest.thepoint-agency.com\/ferdinand-i-regele-intregitor-de-tara\/"},"modified":"2024-12-19T09:48:56","modified_gmt":"2024-12-19T07:48:56","slug":"ferdinand-i-regele-intregitor-de-tara","status":"publish","type":"eveniment","link":"https:\/\/thewebdevpoint.com\/en\/eveniment\/ferdinand-i-regele-intregitor-de-tara\/","title":{"rendered":"Ferdinand I \u2013 The King who unified the country"},"content":{"rendered":"<h4 style=\"text-align: center;\"><img fetchpriority=\"high\" decoding=\"async\" class=\"aligncenter size-full wp-image-1636\" src=\"https:\/\/pelestest.thepoint-agency.com\/wp-content\/uploads\/prezentare_catalog.png\" alt=\"\" width=\"1999\" height=\"915\" \/><\/h4>\n<h4 style=\"text-align: center;\">SATURDAY, July 15, 2017, 5:00 PM, WE INVITE YOU TO THE EXHIBITION OPENING\u00a0<em>Ferdinand I \u2013 the king who unified the country<strong>,\u00a0<\/strong><\/em><strong>IN THE EXHIBITION HALLS OF PELE\u0218 CASTLE.<\/strong><\/h4>\n<p style=\"text-align: center;\">The exhibition is open to the public from July 15 to October 27, 2017.<\/p>\n<p style=\"text-align: center;\">Visiting schedule:<\/p>\n<p style=\"text-align: center;\">Wednesday \u2013 Sunday: 09:15 \u2013 16:15 (last entry)<\/p>\n<p style=\"text-align: center;\">Monday \u2013 Tuesday: Closed<\/p>\n<p style=\"text-align: center;\"><strong>FREE ENTRY<\/strong><\/p>\n<p style=\"text-align: center;\">\n<p style=\"text-align: center;\">\n<p><img decoding=\"async\" class=\"aligncenter size-full wp-image-1646\" src=\"https:\/\/pelestest.thepoint-agency.com\/wp-content\/uploads\/pt-site.jpg\" alt=\"\" width=\"1000\" height=\"4967\" \/><\/p>","protected":false},"featured_media":0,"template":"","meta":{"_acf_changed":false},"categorie-evenimente":[353],"class_list":["post-8764","eveniment","type-eveniment","status-publish","hentry","categorie-evenimente-arhiva"],"acf":[],"yoast_head":"<!-- This site is optimized with the Yoast SEO plugin v24.1 - https:\/\/yoast.com\/wordpress\/plugins\/seo\/ -->\n<title>Ferdinand I - Regele \u00eentregitor de \u0163ar\u0103 &#183; Peles Test<\/title>\n<meta name=\"robots\" content=\"noindex, follow, max-snippet:-1, max-image-preview:large, max-video-preview:-1\" \/>\n<script type=\"application\/ld+json\" class=\"yoast-schema-graph\">{\"@context\":\"https:\/\/schema.org\",\"@graph\":[{\"@type\":\"WebPage\",\"@id\":\"https:\/\/thewebdevpoint.com\/eveniment\/ferdinand-i-regele-intregitor-de-tara\/\",\"url\":\"https:\/\/thewebdevpoint.com\/eveniment\/ferdinand-i-regele-intregitor-de-tara\/\",\"name\":\"Ferdinand I - Regele \u00eentregitor de \u0163ar\u0103 &#183; Peles Test\",\"isPartOf\":{\"@id\":\"https:\/\/thewebdevpoint.com\/ro\/#website\"},\"primaryImageOfPage\":{\"@id\":\"https:\/\/thewebdevpoint.com\/eveniment\/ferdinand-i-regele-intregitor-de-tara\/#primaryimage\"},\"image\":{\"@id\":\"https:\/\/thewebdevpoint.com\/eveniment\/ferdinand-i-regele-intregitor-de-tara\/#primaryimage\"},\"thumbnailUrl\":\"https:\/\/pelestest.thepoint-agency.com\/wp-content\/uploads\/prezentare_catalog.png\",\"datePublished\":\"2024-10-08T11:59:12+00:00\",\"dateModified\":\"2024-12-19T07:48:56+00:00\",\"breadcrumb\":{\"@id\":\"https:\/\/thewebdevpoint.com\/eveniment\/ferdinand-i-regele-intregitor-de-tara\/#breadcrumb\"},\"inLanguage\":\"en-GB\",\"potentialAction\":[{\"@type\":\"ReadAction\",\"target\":[\"https:\/\/thewebdevpoint.com\/eveniment\/ferdinand-i-regele-intregitor-de-tara\/\"]}]},{\"@type\":\"ImageObject\",\"inLanguage\":\"en-GB\",\"@id\":\"https:\/\/thewebdevpoint.com\/eveniment\/ferdinand-i-regele-intregitor-de-tara\/#primaryimage\",\"url\":\"https:\/\/pelestest.thepoint-agency.com\/wp-content\/uploads\/prezentare_catalog.png\",\"contentUrl\":\"https:\/\/pelestest.thepoint-agency.com\/wp-content\/uploads\/prezentare_catalog.png\"},{\"@type\":\"BreadcrumbList\",\"@id\":\"https:\/\/thewebdevpoint.com\/eveniment\/ferdinand-i-regele-intregitor-de-tara\/#breadcrumb\",\"itemListElement\":[{\"@type\":\"ListItem\",\"position\":1,\"name\":\"Acas\u0103\",\"item\":\"https:\/\/thewebdevpoint.com\/\"},{\"@type\":\"ListItem\",\"position\":2,\"name\":\"Evenimente\",\"item\":\"https:\/\/thewebdevpoint.com\/ro\/evenimente\/\"},{\"@type\":\"ListItem\",\"position\":3,\"name\":\"Ferdinand I &#8211; Regele \u00eentregitor de \u0163ar\u0103\"}]},{\"@type\":\"WebSite\",\"@id\":\"https:\/\/thewebdevpoint.com\/ro\/#website\",\"url\":\"https:\/\/thewebdevpoint.com\/ro\/\",\"name\":\"Peles Test\",\"description\":\"\",\"publisher\":{\"@id\":\"https:\/\/thewebdevpoint.com\/ro\/#organization\"},\"potentialAction\":[{\"@type\":\"SearchAction\",\"target\":{\"@type\":\"EntryPoint\",\"urlTemplate\":\"https:\/\/thewebdevpoint.com\/ro\/?s={search_term_string}\"},\"query-input\":{\"@type\":\"PropertyValueSpecification\",\"valueRequired\":true,\"valueName\":\"search_term_string\"}}],\"inLanguage\":\"en-GB\"},{\"@type\":\"Organization\",\"@id\":\"https:\/\/thewebdevpoint.com\/ro\/#organization\",\"name\":\"Muzeul Pele\u0219\",\"alternateName\":\"MP\",\"url\":\"https:\/\/thewebdevpoint.com\/ro\/\",\"logo\":{\"@type\":\"ImageObject\",\"inLanguage\":\"en-GB\",\"@id\":\"https:\/\/thewebdevpoint.com\/ro\/#\/schema\/logo\/image\/\",\"url\":\"https:\/\/thewebdevpoint.com\/wp-content\/uploads\/2024\/10\/Logo.svg\",\"contentUrl\":\"https:\/\/thewebdevpoint.com\/wp-content\/uploads\/2024\/10\/Logo.svg\",\"width\":251,\"height\":48,\"caption\":\"Muzeul Pele\u0219\"},\"image\":{\"@id\":\"https:\/\/thewebdevpoint.com\/ro\/#\/schema\/logo\/image\/\"}}]}<\/script>\n<!-- \/ Yoast SEO plugin. -->","yoast_head_json":{"title":"Ferdinand I - Regele \u00eentregitor de \u0163ar\u0103 &#183; Peles Test","robots":{"index":"noindex","follow":"follow","max-snippet":"max-snippet:-1","max-image-preview":"max-image-preview:large","max-video-preview":"max-video-preview:-1"},"schema":{"@context":"https:\/\/schema.org","@graph":[{"@type":"WebPage","@id":"https:\/\/thewebdevpoint.com\/eveniment\/ferdinand-i-regele-intregitor-de-tara\/","url":"https:\/\/thewebdevpoint.com\/eveniment\/ferdinand-i-regele-intregitor-de-tara\/","name":"Ferdinand I - Regele \u00eentregitor de \u0163ar\u0103 &#183; Peles Test","isPartOf":{"@id":"https:\/\/thewebdevpoint.com\/ro\/#website"},"primaryImageOfPage":{"@id":"https:\/\/thewebdevpoint.com\/eveniment\/ferdinand-i-regele-intregitor-de-tara\/#primaryimage"},"image":{"@id":"https:\/\/thewebdevpoint.com\/eveniment\/ferdinand-i-regele-intregitor-de-tara\/#primaryimage"},"thumbnailUrl":"https:\/\/pelestest.thepoint-agency.com\/wp-content\/uploads\/prezentare_catalog.png","datePublished":"2024-10-08T11:59:12+00:00","dateModified":"2024-12-19T07:48:56+00:00","breadcrumb":{"@id":"https:\/\/thewebdevpoint.com\/eveniment\/ferdinand-i-regele-intregitor-de-tara\/#breadcrumb"},"inLanguage":"en-GB","potentialAction":[{"@type":"ReadAction","target":["https:\/\/thewebdevpoint.com\/eveniment\/ferdinand-i-regele-intregitor-de-tara\/"]}]},{"@type":"ImageObject","inLanguage":"en-GB","@id":"https:\/\/thewebdevpoint.com\/eveniment\/ferdinand-i-regele-intregitor-de-tara\/#primaryimage","url":"https:\/\/pelestest.thepoint-agency.com\/wp-content\/uploads\/prezentare_catalog.png","contentUrl":"https:\/\/pelestest.thepoint-agency.com\/wp-content\/uploads\/prezentare_catalog.png"},{"@type":"BreadcrumbList","@id":"https:\/\/thewebdevpoint.com\/eveniment\/ferdinand-i-regele-intregitor-de-tara\/#breadcrumb","itemListElement":[{"@type":"ListItem","position":1,"name":"Acas\u0103","item":"https:\/\/thewebdevpoint.com\/"},{"@type":"ListItem","position":2,"name":"Evenimente","item":"https:\/\/thewebdevpoint.com\/ro\/evenimente\/"},{"@type":"ListItem","position":3,"name":"Ferdinand I &#8211; Regele \u00eentregitor de \u0163ar\u0103"}]},{"@type":"WebSite","@id":"https:\/\/thewebdevpoint.com\/ro\/#website","url":"https:\/\/thewebdevpoint.com\/ro\/","name":"Peles Test","description":"","publisher":{"@id":"https:\/\/thewebdevpoint.com\/ro\/#organization"},"potentialAction":[{"@type":"SearchAction","target":{"@type":"EntryPoint","urlTemplate":"https:\/\/thewebdevpoint.com\/ro\/?s={search_term_string}"},"query-input":{"@type":"PropertyValueSpecification","valueRequired":true,"valueName":"search_term_string"}}],"inLanguage":"en-GB"},{"@type":"Organization","@id":"https:\/\/thewebdevpoint.com\/ro\/#organization","name":"Muzeul Pele\u0219","alternateName":"MP","url":"https:\/\/thewebdevpoint.com\/ro\/","logo":{"@type":"ImageObject","inLanguage":"en-GB","@id":"https:\/\/thewebdevpoint.com\/ro\/#\/schema\/logo\/image\/","url":"https:\/\/thewebdevpoint.com\/wp-content\/uploads\/2024\/10\/Logo.svg","contentUrl":"https:\/\/thewebdevpoint.com\/wp-content\/uploads\/2024\/10\/Logo.svg","width":251,"height":48,"caption":"Muzeul Pele\u0219"},"image":{"@id":"https:\/\/thewebdevpoint.com\/ro\/#\/schema\/logo\/image\/"}}]}},"_links":{"self":[{"href":"https:\/\/thewebdevpoint.com\/en\/wp-json\/wp\/v2\/eveniment\/8764","targetHints":{"allow":["GET"]}}],"collection":[{"href":"https:\/\/thewebdevpoint.com\/en\/wp-json\/wp\/v2\/eveniment"}],"about":[{"href":"https:\/\/thewebdevpoint.com\/en\/wp-json\/wp\/v2\/types\/eveniment"}],"version-history":[{"count":1,"href":"https:\/\/thewebdevpoint.com\/en\/wp-json\/wp\/v2\/eveniment\/8764\/revisions"}],"predecessor-version":[{"id":16733,"href":"https:\/\/thewebdevpoint.com\/en\/wp-json\/wp\/v2\/eveniment\/8764\/revisions\/16733"}],"wp:attachment":[{"href":"https:\/\/thewebdevpoint.com\/en\/wp-json\/wp\/v2\/media?parent=8764"}],"wp:term":[{"taxonomy":"categorie-evenimente","embeddable":true,"href":"https:\/\/thewebdevpoint.com\/en\/wp-json\/wp\/v2\/categorie-evenimente?post=8764"}],"curies":[{"name":"wp","href":"https:\/\/api.w.org\/{rel}","templated":true}]}}

<h4 style="text-align: center;"><img fetchpriority="high" decoding="async" class="aligncenter size-full wp-image-1636" src="https://pelestest.thepoint-agency.com/wp-content/uploads/prezentare_catalog.png" alt="" width="1999" height="915" /></h4>
<h4 style="text-align: center;">SATURDAY, July 15, 2017, 5:00 PM, WE INVITE YOU TO THE EXHIBITION OPENING <em>Ferdinand I – the king who unified the country<strong>, </strong></em><strong>IN THE EXHIBITION HALLS OF PELEȘ CASTLE.</strong></h4>
<p style="text-align: center;">The exhibition is open to the public from July 15 to October 27, 2017.</p>
<p style="text-align: center;">Visiting schedule:</p>
<p style="text-align: center;">Wednesday – Sunday: 09:15 – 16:15 (last entry)</p>
<p style="text-align: center;">Monday – Tuesday: Closed</p>
<p style="text-align: center;"><strong>FREE ENTRY</strong></p>
<p style="text-align: center;">
<p style="text-align: center;">
<p><img decoding="async" class="aligncenter size-full wp-image-1646" src="https://pelestest.thepoint-agency.com/wp-content/uploads/pt-site.jpg" alt="" width="1000" height="4967" /></p>

<!-- This site is optimized with the Yoast SEO plugin v24.1 - https://yoast.com/wordpress/plugins/seo/ -->
<title>Ferdinand I - Regele întregitor de ţară &#183; Peles Test</title>
<meta name="robots" content="noindex, follow, max-snippet:-1, max-image-preview:large, max-video-preview:-1" />
<script type="application/ld+json" class="yoast-schema-graph">{"@context":"https://schema.org","@graph":[{"@type":"WebPage","@id":"https://thewebdevpoint.com/eveniment/ferdinand-i-regele-intregitor-de-tara/","url":"https://thewebdevpoint.com/eveniment/ferdinand-i-regele-intregitor-de-tara/","name":"Ferdinand I - Regele întregitor de ţară &#183; Peles Test","isPartOf":{"@id":"https://thewebdevpoint.com/ro/#website"},"primaryImageOfPage":{"@id":"https://thewebdevpoint.com/eveniment/ferdinand-i-regele-intregitor-de-tara/#primaryimage"},"image":{"@id":"https://thewebdevpoint.com/eveniment/ferdinand-i-regele-intregitor-de-tara/#primaryimage"},"thumbnailUrl":"https://pelestest.thepoint-agency.com/wp-content/uploads/prezentare_catalog.png","datePublished":"2024-10-08T11:59:12+00:00","dateModified":"2024-12-19T07:48:56+00:00","breadcrumb":{"@id":"https://thewebdevpoint.com/eveniment/ferdinand-i-regele-intregitor-de-tara/#breadcrumb"},"inLanguage":"en-GB","potentialAction":[{"@type":"ReadAction","target":["https://thewebdevpoint.com/eveniment/ferdinand-i-regele-intregitor-de-tara/"]}]},{"@type":"ImageObject","inLanguage":"en-GB","@id":"https://thewebdevpoint.com/eveniment/ferdinand-i-regele-intregitor-de-tara/#primaryimage","url":"https://pelestest.thepoint-agency.com/wp-content/uploads/prezentare_catalog.png","contentUrl":"https://pelestest.thepoint-agency.com/wp-content/uploads/prezentare_catalog.png"},{"@type":"BreadcrumbList","@id":"https://thewebdevpoint.com/eveniment/ferdinand-i-regele-intregitor-de-tara/#breadcrumb","itemListElement":[{"@type":"ListItem","position":1,"name":"Acasă","item":"https://thewebdevpoint.com/"},{"@type":"ListItem","position":2,"name":"Evenimente","item":"https://thewebdevpoint.com/ro/evenimente/"},{"@type":"ListItem","position":3,"name":"Ferdinand I &#8211; Regele întregitor de ţară"}]},{"@type":"WebSite","@id":"https://thewebdevpoint.com/ro/#website","url":"https://thewebdevpoint.com/ro/","name":"Peles Test","description":"","publisher":{"@id":"https://thewebdevpoint.com/ro/#organization"},"potentialAction":[{"@type":"SearchAction","target":{"@type":"EntryPoint","urlTemplate":"https://thewebdevpoint.com/ro/?s={search_term_string}"},"query-input":{"@type":"PropertyValueSpecification","valueRequired":true,"valueName":"search_term_string"}}],"inLanguage":"en-GB"},{"@type":"Organization","@id":"https://thewebdevpoint.com/ro/#organization","name":"Muzeul Peleș","alternateName":"MP","url":"https://thewebdevpoint.com/ro/","logo":{"@type":"ImageObject","inLanguage":"en-GB","@id":"https://thewebdevpoint.com/ro/#/schema/logo/image/","url":"https://thewebdevpoint.com/wp-content/uploads/2024/10/Logo.svg","contentUrl":"https://thewebdevpoint.com/wp-content/uploads/2024/10/Logo.svg","width":251,"height":48,"caption":"Muzeul Peleș"},"image":{"@id":"https://thewebdevpoint.com/ro/#/schema/logo/image/"}}]}</script>
<!-- / Yoast SEO plugin. -->

Ferdinand I - Regele întregitor de ţară &#183; Peles Test

Acasă

Ferdinand I &#8211; Regele întregitor de ţară

Muzeul Peleș
