{"id":8768,"date":"2024-10-08T11:59:12","date_gmt":"2024-10-08T11:59:12","guid":{"rendered":"https:\/\/pelestest.thepoint-agency.com\/muzica-in-palatele-romaniei-editia-a-v-a\/"},"modified":"2024-12-19T09:48:56","modified_gmt":"2024-12-19T07:48:56","slug":"muzica-in-palatele-romaniei-editia-a-v-a","status":"publish","type":"eveniment","link":"https:\/\/thewebdevpoint.com\/en\/eveniment\/muzica-in-palatele-romaniei-editia-a-v-a\/","title":{"rendered":"Music in the Palaces of Romania \u2013 5th edition"},"content":{"rendered":"<p><img fetchpriority=\"high\" decoding=\"async\" class=\"aligncenter size-full wp-image-1732\" src=\"https:\/\/pelestest.thepoint-agency.com\/wp-content\/uploads\/2017\/07\/Peles.jpg\" alt=\"\" width=\"1000\" height=\"1000\" \/><\/p>\n<h3><strong>Sound archaeology at Pele\u0219 Castle<\/strong><\/h3>\n<p><strong>Saturday, August 5, 2017, from 4:00 PM, in\u00a0<\/strong>within the Sound of Music Season,<strong>\u00a0Peles Castle,\u00a0<\/strong>will host a recital within the\u00a0<strong>National Tournament \u201cMusic\u00a0<\/strong><strong>in the Palaces of Romania<\/strong><strong>&quot;,<\/strong>\u00a0organized with the support of the Pele\u0219 National Museum by the Pro Valores Association and financed by the Union of Interpretive Creation of Musicians in Romania.<\/p>\n<p>After the incredible success of the signal concert that took place on June 11 at the Br\u00e2ncovenesc Palace in Mogo\u0219oaia, the protagonist of the traveling event \u2013<strong>modern minstrel Nicolae Szekely<\/strong>, accompanied by\u00a0<strong>five instruments<\/strong>\u00a0particularly<strong>spectacular,\u00a0<\/strong>rarely present on Romanian stages:\u00a0<strong>vihuela, lute, renaissance guitar, baroque guitar and archlute<\/strong>, will propose a unique journey, charged with the authenticity of a true journey through history, full of sonic beauties from the medieval and baroque periods. On this occasion, sounds imagined by great creators from several hundred years ago will be brought back to the attention of contemporary music lovers: Francesco da Milano, Adrian Le Roy, Diego Pisador, John Dowland, Giovanni Zamboni, Gaspar Sanz and many, many others.<\/p>\n<p><strong><em>Nicholas Szekely<\/em><\/strong><em>\u00a0In 1987 he won first place at the National Classical Guitar Festival in Sinaia. After 1988 he settled in Hunedoara. In the 90s he organized the &quot;Classical Guitar Days&quot; festival. The luthier Gyorgy Lorinczi from Tg Mure\u015f whetted his appetite for special instruments: the vihuela and the lute, instruments that captured his entire passion for music. He is active at medieval festivals in the country and participates in a master class with Hopkinson Smith, who reveals to him the secrets of the special technique of these instruments. He gave recitals of Renaissance music at: Neam\u0163 Fortress, Corvin Castle, Fortified Church of Biertan, Students&#039; Culture House in Bucharest, R\u00e2\u0219nov Fortress, Bastion Tower in Cluj, Media\u0219 Evangelical Church. Nicolae Szekely&#039;s musical world persists in the medieval and Renaissance repertoire, of unsuspected richness and depth.<\/em><\/p>\n<p>After the event at\u00a0<strong>Pele\u0219 Castle 5th edition of the \u201cMusic\u201d Tournament\u00a0<\/strong><strong>in the Palaces of Romania<\/strong><strong>&quot; will end on Sunday, August 6, at 5 p.m., at the Neam\u021b Fortress in T\u00e2rgu Neam\u021b.<\/strong><\/p>\n<p>Details on:<strong>\u00a0<\/strong><a href=\"https:\/\/muzicainpalateleromaniei.wordpress.com\/\"><strong>https:\/\/muzicainpalateleromaniei.wordpress.com\/<\/strong><\/a><\/p>\n<p><strong>Organizing:<\/strong>\u00a0\u201cPro Valores\u201d Cultural Association<\/p>\n<p><strong>Project funded by:\u00a0<\/strong>Union of Interpretive Creation of Musicians from Romania<\/p>\n<p><strong>Partners:\u00a0<\/strong>Pele\u0219 National Museum, Calafat Culture House, Corvin Castle Hunedoara, Museum of Dacian and Roman Civilization Deva, Neam\u021b County Museum Complex, Clic Digital Printing House<\/p>\n<p><strong>Media Partners:\u00a0<\/strong>Radio Romania Cultural, Radio Romania Muzical, Radio Trinitas, EnjoyTv, EsTV, Calendar of events, Cultural observer, JurnalMM.ro, Rom\u00e2nia pozitiv\u0103.ro, Bucuresteni.ro, Book Agency, Roportal.ro<\/p>","protected":false},"featured_media":0,"template":"","meta":{"_acf_changed":false},"categorie-evenimente":[353],"class_list":["post-8768","eveniment","type-eveniment","status-publish","hentry","categorie-evenimente-arhiva"],"acf":[],"yoast_head":"<!-- This site is optimized with the Yoast SEO plugin v24.1 - https:\/\/yoast.com\/wordpress\/plugins\/seo\/ -->\n<title>Muzica \u00een Palatele Rom\u00e2niei - edi\u0163ia a V-a &#183; Peles Test<\/title>\n<meta name=\"robots\" content=\"noindex, follow, max-snippet:-1, max-image-preview:large, max-video-preview:-1\" \/>\n<script type=\"application\/ld+json\" class=\"yoast-schema-graph\">{\"@context\":\"https:\/\/schema.org\",\"@graph\":[{\"@type\":\"WebPage\",\"@id\":\"https:\/\/thewebdevpoint.com\/eveniment\/muzica-in-palatele-romaniei-editia-a-v-a\/\",\"url\":\"https:\/\/thewebdevpoint.com\/eveniment\/muzica-in-palatele-romaniei-editia-a-v-a\/\",\"name\":\"Muzica \u00een Palatele Rom\u00e2niei - edi\u0163ia a V-a &#183; Peles Test\",\"isPartOf\":{\"@id\":\"https:\/\/thewebdevpoint.com\/ro\/#website\"},\"primaryImageOfPage\":{\"@id\":\"https:\/\/thewebdevpoint.com\/eveniment\/muzica-in-palatele-romaniei-editia-a-v-a\/#primaryimage\"},\"image\":{\"@id\":\"https:\/\/thewebdevpoint.com\/eveniment\/muzica-in-palatele-romaniei-editia-a-v-a\/#primaryimage\"},\"thumbnailUrl\":\"https:\/\/pelestest.thepoint-agency.com\/wp-content\/uploads\/2017\/07\/Peles.jpg\",\"datePublished\":\"2024-10-08T11:59:12+00:00\",\"dateModified\":\"2024-12-19T07:48:56+00:00\",\"breadcrumb\":{\"@id\":\"https:\/\/thewebdevpoint.com\/eveniment\/muzica-in-palatele-romaniei-editia-a-v-a\/#breadcrumb\"},\"inLanguage\":\"en-GB\",\"potentialAction\":[{\"@type\":\"ReadAction\",\"target\":[\"https:\/\/thewebdevpoint.com\/eveniment\/muzica-in-palatele-romaniei-editia-a-v-a\/\"]}]},{\"@type\":\"ImageObject\",\"inLanguage\":\"en-GB\",\"@id\":\"https:\/\/thewebdevpoint.com\/eveniment\/muzica-in-palatele-romaniei-editia-a-v-a\/#primaryimage\",\"url\":\"https:\/\/pelestest.thepoint-agency.com\/wp-content\/uploads\/2017\/07\/Peles.jpg\",\"contentUrl\":\"https:\/\/pelestest.thepoint-agency.com\/wp-content\/uploads\/2017\/07\/Peles.jpg\"},{\"@type\":\"BreadcrumbList\",\"@id\":\"https:\/\/thewebdevpoint.com\/eveniment\/muzica-in-palatele-romaniei-editia-a-v-a\/#breadcrumb\",\"itemListElement\":[{\"@type\":\"ListItem\",\"position\":1,\"name\":\"Acas\u0103\",\"item\":\"https:\/\/thewebdevpoint.com\/\"},{\"@type\":\"ListItem\",\"position\":2,\"name\":\"Evenimente\",\"item\":\"https:\/\/thewebdevpoint.com\/ro\/evenimente\/\"},{\"@type\":\"ListItem\",\"position\":3,\"name\":\"Muzica \u00een Palatele Rom\u00e2niei &#8211; edi\u0163ia a V-a\"}]},{\"@type\":\"WebSite\",\"@id\":\"https:\/\/thewebdevpoint.com\/ro\/#website\",\"url\":\"https:\/\/thewebdevpoint.com\/ro\/\",\"name\":\"Peles Test\",\"description\":\"\",\"publisher\":{\"@id\":\"https:\/\/thewebdevpoint.com\/ro\/#organization\"},\"potentialAction\":[{\"@type\":\"SearchAction\",\"target\":{\"@type\":\"EntryPoint\",\"urlTemplate\":\"https:\/\/thewebdevpoint.com\/ro\/?s={search_term_string}\"},\"query-input\":{\"@type\":\"PropertyValueSpecification\",\"valueRequired\":true,\"valueName\":\"search_term_string\"}}],\"inLanguage\":\"en-GB\"},{\"@type\":\"Organization\",\"@id\":\"https:\/\/thewebdevpoint.com\/ro\/#organization\",\"name\":\"Muzeul Pele\u0219\",\"alternateName\":\"MP\",\"url\":\"https:\/\/thewebdevpoint.com\/ro\/\",\"logo\":{\"@type\":\"ImageObject\",\"inLanguage\":\"en-GB\",\"@id\":\"https:\/\/thewebdevpoint.com\/ro\/#\/schema\/logo\/image\/\",\"url\":\"https:\/\/thewebdevpoint.com\/wp-content\/uploads\/2024\/10\/Logo.svg\",\"contentUrl\":\"https:\/\/thewebdevpoint.com\/wp-content\/uploads\/2024\/10\/Logo.svg\",\"width\":251,\"height\":48,\"caption\":\"Muzeul Pele\u0219\"},\"image\":{\"@id\":\"https:\/\/thewebdevpoint.com\/ro\/#\/schema\/logo\/image\/\"}}]}<\/script>\n<!-- \/ Yoast SEO plugin. -->","yoast_head_json":{"title":"Muzica \u00een Palatele Rom\u00e2niei - edi\u0163ia a V-a &#183; Peles Test","robots":{"index":"noindex","follow":"follow","max-snippet":"max-snippet:-1","max-image-preview":"max-image-preview:large","max-video-preview":"max-video-preview:-1"},"schema":{"@context":"https:\/\/schema.org","@graph":[{"@type":"WebPage","@id":"https:\/\/thewebdevpoint.com\/eveniment\/muzica-in-palatele-romaniei-editia-a-v-a\/","url":"https:\/\/thewebdevpoint.com\/eveniment\/muzica-in-palatele-romaniei-editia-a-v-a\/","name":"Muzica \u00een Palatele Rom\u00e2niei - edi\u0163ia a V-a &#183; Peles Test","isPartOf":{"@id":"https:\/\/thewebdevpoint.com\/ro\/#website"},"primaryImageOfPage":{"@id":"https:\/\/thewebdevpoint.com\/eveniment\/muzica-in-palatele-romaniei-editia-a-v-a\/#primaryimage"},"image":{"@id":"https:\/\/thewebdevpoint.com\/eveniment\/muzica-in-palatele-romaniei-editia-a-v-a\/#primaryimage"},"thumbnailUrl":"https:\/\/pelestest.thepoint-agency.com\/wp-content\/uploads\/2017\/07\/Peles.jpg","datePublished":"2024-10-08T11:59:12+00:00","dateModified":"2024-12-19T07:48:56+00:00","breadcrumb":{"@id":"https:\/\/thewebdevpoint.com\/eveniment\/muzica-in-palatele-romaniei-editia-a-v-a\/#breadcrumb"},"inLanguage":"en-GB","potentialAction":[{"@type":"ReadAction","target":["https:\/\/thewebdevpoint.com\/eveniment\/muzica-in-palatele-romaniei-editia-a-v-a\/"]}]},{"@type":"ImageObject","inLanguage":"en-GB","@id":"https:\/\/thewebdevpoint.com\/eveniment\/muzica-in-palatele-romaniei-editia-a-v-a\/#primaryimage","url":"https:\/\/pelestest.thepoint-agency.com\/wp-content\/uploads\/2017\/07\/Peles.jpg","contentUrl":"https:\/\/pelestest.thepoint-agency.com\/wp-content\/uploads\/2017\/07\/Peles.jpg"},{"@type":"BreadcrumbList","@id":"https:\/\/thewebdevpoint.com\/eveniment\/muzica-in-palatele-romaniei-editia-a-v-a\/#breadcrumb","itemListElement":[{"@type":"ListItem","position":1,"name":"Acas\u0103","item":"https:\/\/thewebdevpoint.com\/"},{"@type":"ListItem","position":2,"name":"Evenimente","item":"https:\/\/thewebdevpoint.com\/ro\/evenimente\/"},{"@type":"ListItem","position":3,"name":"Muzica \u00een Palatele Rom\u00e2niei &#8211; edi\u0163ia a V-a"}]},{"@type":"WebSite","@id":"https:\/\/thewebdevpoint.com\/ro\/#website","url":"https:\/\/thewebdevpoint.com\/ro\/","name":"Peles Test","description":"","publisher":{"@id":"https:\/\/thewebdevpoint.com\/ro\/#organization"},"potentialAction":[{"@type":"SearchAction","target":{"@type":"EntryPoint","urlTemplate":"https:\/\/thewebdevpoint.com\/ro\/?s={search_term_string}"},"query-input":{"@type":"PropertyValueSpecification","valueRequired":true,"valueName":"search_term_string"}}],"inLanguage":"en-GB"},{"@type":"Organization","@id":"https:\/\/thewebdevpoint.com\/ro\/#organization","name":"Muzeul Pele\u0219","alternateName":"MP","url":"https:\/\/thewebdevpoint.com\/ro\/","logo":{"@type":"ImageObject","inLanguage":"en-GB","@id":"https:\/\/thewebdevpoint.com\/ro\/#\/schema\/logo\/image\/","url":"https:\/\/thewebdevpoint.com\/wp-content\/uploads\/2024\/10\/Logo.svg","contentUrl":"https:\/\/thewebdevpoint.com\/wp-content\/uploads\/2024\/10\/Logo.svg","width":251,"height":48,"caption":"Muzeul Pele\u0219"},"image":{"@id":"https:\/\/thewebdevpoint.com\/ro\/#\/schema\/logo\/image\/"}}]}},"_links":{"self":[{"href":"https:\/\/thewebdevpoint.com\/en\/wp-json\/wp\/v2\/eveniment\/8768","targetHints":{"allow":["GET"]}}],"collection":[{"href":"https:\/\/thewebdevpoint.com\/en\/wp-json\/wp\/v2\/eveniment"}],"about":[{"href":"https:\/\/thewebdevpoint.com\/en\/wp-json\/wp\/v2\/types\/eveniment"}],"version-history":[{"count":1,"href":"https:\/\/thewebdevpoint.com\/en\/wp-json\/wp\/v2\/eveniment\/8768\/revisions"}],"predecessor-version":[{"id":17252,"href":"https:\/\/thewebdevpoint.com\/en\/wp-json\/wp\/v2\/eveniment\/8768\/revisions\/17252"}],"wp:attachment":[{"href":"https:\/\/thewebdevpoint.com\/en\/wp-json\/wp\/v2\/media?parent=8768"}],"wp:term":[{"taxonomy":"categorie-evenimente","embeddable":true,"href":"https:\/\/thewebdevpoint.com\/en\/wp-json\/wp\/v2\/categorie-evenimente?post=8768"}],"curies":[{"name":"wp","href":"https:\/\/api.w.org\/{rel}","templated":true}]}}

<p><img fetchpriority="high" decoding="async" class="aligncenter size-full wp-image-1732" src="https://pelestest.thepoint-agency.com/wp-content/uploads/2017/07/Peles.jpg" alt="" width="1000" height="1000" /></p>
<h3><strong>Sound archaeology at Peleș Castle</strong></h3>
<p><strong>Saturday, August 5, 2017, from 4:00 PM, in </strong>within the Sound of Music Season,<strong> Peles Castle, </strong>will host a recital within the <strong>National Tournament “Music </strong><strong>in the Palaces of Romania</strong><strong>&quot;,</strong> organized with the support of the Peleș National Museum by the Pro Valores Association and financed by the Union of Interpretive Creation of Musicians in Romania.</p>
<p>After the incredible success of the signal concert that took place on June 11 at the Brâncovenesc Palace in Mogoșoaia, the protagonist of the traveling event –<strong>modern minstrel Nicolae Szekely</strong>, accompanied by <strong>five instruments</strong> particularly<strong>spectacular, </strong>rarely present on Romanian stages: <strong>vihuela, lute, renaissance guitar, baroque guitar and archlute</strong>, will propose a unique journey, charged with the authenticity of a true journey through history, full of sonic beauties from the medieval and baroque periods. On this occasion, sounds imagined by great creators from several hundred years ago will be brought back to the attention of contemporary music lovers: Francesco da Milano, Adrian Le Roy, Diego Pisador, John Dowland, Giovanni Zamboni, Gaspar Sanz and many, many others.</p>
<p><strong><em>Nicholas Szekely</em></strong><em> In 1987 he won first place at the National Classical Guitar Festival in Sinaia. After 1988 he settled in Hunedoara. In the 90s he organized the &quot;Classical Guitar Days&quot; festival. The luthier Gyorgy Lorinczi from Tg Mureş whetted his appetite for special instruments: the vihuela and the lute, instruments that captured his entire passion for music. He is active at medieval festivals in the country and participates in a master class with Hopkinson Smith, who reveals to him the secrets of the special technique of these instruments. He gave recitals of Renaissance music at: Neamţ Fortress, Corvin Castle, Fortified Church of Biertan, Students&#039; Culture House in Bucharest, Râșnov Fortress, Bastion Tower in Cluj, Mediaș Evangelical Church. Nicolae Szekely&#039;s musical world persists in the medieval and Renaissance repertoire, of unsuspected richness and depth.</em></p>
<p>After the event at <strong>Peleș Castle 5th edition of the “Music” Tournament </strong><strong>in the Palaces of Romania</strong><strong>&quot; will end on Sunday, August 6, at 5 p.m., at the Neamț Fortress in Târgu Neamț.</strong></p>
<p>Details on:<strong> </strong><a href="https://muzicainpalateleromaniei.wordpress.com/"><strong>https://muzicainpalateleromaniei.wordpress.com/</strong></a></p>
<p><strong>Organizing:</strong> “Pro Valores” Cultural Association</p>
<p><strong>Project funded by: </strong>Union of Interpretive Creation of Musicians from Romania</p>
<p><strong>Partners: </strong>Peleș National Museum, Calafat Culture House, Corvin Castle Hunedoara, Museum of Dacian and Roman Civilization Deva, Neamț County Museum Complex, Clic Digital Printing House</p>
<p><strong>Media Partners: </strong>Radio Romania Cultural, Radio Romania Muzical, Radio Trinitas, EnjoyTv, EsTV, Calendar of events, Cultural observer, JurnalMM.ro, România pozitivă.ro, Bucuresteni.ro, Book Agency, Roportal.ro</p>

<!-- This site is optimized with the Yoast SEO plugin v24.1 - https://yoast.com/wordpress/plugins/seo/ -->
<title>Muzica în Palatele României - ediţia a V-a &#183; Peles Test</title>
<meta name="robots" content="noindex, follow, max-snippet:-1, max-image-preview:large, max-video-preview:-1" />
<script type="application/ld+json" class="yoast-schema-graph">{"@context":"https://schema.org","@graph":[{"@type":"WebPage","@id":"https://thewebdevpoint.com/eveniment/muzica-in-palatele-romaniei-editia-a-v-a/","url":"https://thewebdevpoint.com/eveniment/muzica-in-palatele-romaniei-editia-a-v-a/","name":"Muzica în Palatele României - ediţia a V-a &#183; Peles Test","isPartOf":{"@id":"https://thewebdevpoint.com/ro/#website"},"primaryImageOfPage":{"@id":"https://thewebdevpoint.com/eveniment/muzica-in-palatele-romaniei-editia-a-v-a/#primaryimage"},"image":{"@id":"https://thewebdevpoint.com/eveniment/muzica-in-palatele-romaniei-editia-a-v-a/#primaryimage"},"thumbnailUrl":"https://pelestest.thepoint-agency.com/wp-content/uploads/2017/07/Peles.jpg","datePublished":"2024-10-08T11:59:12+00:00","dateModified":"2024-12-19T07:48:56+00:00","breadcrumb":{"@id":"https://thewebdevpoint.com/eveniment/muzica-in-palatele-romaniei-editia-a-v-a/#breadcrumb"},"inLanguage":"en-GB","potentialAction":[{"@type":"ReadAction","target":["https://thewebdevpoint.com/eveniment/muzica-in-palatele-romaniei-editia-a-v-a/"]}]},{"@type":"ImageObject","inLanguage":"en-GB","@id":"https://thewebdevpoint.com/eveniment/muzica-in-palatele-romaniei-editia-a-v-a/#primaryimage","url":"https://pelestest.thepoint-agency.com/wp-content/uploads/2017/07/Peles.jpg","contentUrl":"https://pelestest.thepoint-agency.com/wp-content/uploads/2017/07/Peles.jpg"},{"@type":"BreadcrumbList","@id":"https://thewebdevpoint.com/eveniment/muzica-in-palatele-romaniei-editia-a-v-a/#breadcrumb","itemListElement":[{"@type":"ListItem","position":1,"name":"Acasă","item":"https://thewebdevpoint.com/"},{"@type":"ListItem","position":2,"name":"Evenimente","item":"https://thewebdevpoint.com/ro/evenimente/"},{"@type":"ListItem","position":3,"name":"Muzica în Palatele României &#8211; ediţia a V-a"}]},{"@type":"WebSite","@id":"https://thewebdevpoint.com/ro/#website","url":"https://thewebdevpoint.com/ro/","name":"Peles Test","description":"","publisher":{"@id":"https://thewebdevpoint.com/ro/#organization"},"potentialAction":[{"@type":"SearchAction","target":{"@type":"EntryPoint","urlTemplate":"https://thewebdevpoint.com/ro/?s={search_term_string}"},"query-input":{"@type":"PropertyValueSpecification","valueRequired":true,"valueName":"search_term_string"}}],"inLanguage":"en-GB"},{"@type":"Organization","@id":"https://thewebdevpoint.com/ro/#organization","name":"Muzeul Peleș","alternateName":"MP","url":"https://thewebdevpoint.com/ro/","logo":{"@type":"ImageObject","inLanguage":"en-GB","@id":"https://thewebdevpoint.com/ro/#/schema/logo/image/","url":"https://thewebdevpoint.com/wp-content/uploads/2024/10/Logo.svg","contentUrl":"https://thewebdevpoint.com/wp-content/uploads/2024/10/Logo.svg","width":251,"height":48,"caption":"Muzeul Peleș"},"image":{"@id":"https://thewebdevpoint.com/ro/#/schema/logo/image/"}}]}</script>
<!-- / Yoast SEO plugin. -->

Muzica în Palatele României - ediţia a V-a &#183; Peles Test

Acasă

Muzica în Palatele României &#8211; ediţia a V-a

Muzeul Peleș
