{"id":10610,"date":"2024-10-23T12:12:06","date_gmt":"2024-10-23T09:12:06","guid":{"rendered":"https:\/\/pelestest.thepoint-agency.com\/?post_type=colectie&#038;p=10610"},"modified":"2024-12-11T10:11:46","modified_gmt":"2024-12-11T08:11:46","slug":"cabinet-martin-stohr","status":"publish","type":"colectie","link":"https:\/\/thewebdevpoint.com\/fr\/colectie\/cabinet-martin-stohr\/","title":{"rendered":"Cabinet Martin St\u00f6hr"},"content":{"rendered":"<div data-elementor-type=\"wp-post\" data-elementor-id=\"10610\" class=\"elementor elementor-10610\" data-elementor-post-type=\"colectie\">\n\t\t\t\t<div class=\"elementor-element elementor-element-aebe0b2 e-flex e-con-boxed e-con e-parent\" data-id=\"aebe0b2\" data-element_type=\"container\">\n\t\t\t\t\t<div class=\"e-con-inner\">\n\t\t\t\t<div class=\"elementor-element elementor-element-6a842ac elementor-widget elementor-widget-text-editor\" data-id=\"6a842ac\" data-element_type=\"widget\" data-widget_type=\"text-editor.default\">\n\t\t\t\t<div class=\"elementor-widget-container\">\n\t\t\t\t\t\t\t\t\t<div><div>En 1866, le sculpteur sur bois bavarois Martin St\u00f6hr (1819-1896) accompagna le prince Carol Ier de Hohenzollern en Roumanie et, deux ans plus tard, il fut nomm\u00e9 \u00ab sculpteur de la Maison princi\u00e8re de Roumanie \u00bb. St\u00f6hr avait travaill\u00e9 pendant un certain temps au ch\u00e2teau de Sigmaringen pour Charles Ier, apr\u00e8s avoir \u00e9t\u00e9 recommand\u00e9 par le roi (plus tard empereur) Guillaume Ier de Prusse. Le jeune St\u00f6hr avait dirig\u00e9 les travaux de menuiserie dans son ch\u00e2teau de Babelsberg en Allemagne.<\/div><br \/><div>En Roumanie, il a travaill\u00e9 au service du roi Carol Ier pendant 30 ans, \u00e0 la fois pour le Palais Royal de Bucarest et, surtout, pour sa r\u00e9sidence d&#039;\u00e9t\u00e9, le ch\u00e2teau de Pele\u015f, o\u00f9 il a occup\u00e9 le poste de directeur des travaux de construction et de planification.<\/div><br \/><div>L&#039;id\u00e9al artistique du sculpteur \u00e9tait la cr\u00e9ation de la Renaissance allemande, les traits de ce style se retrouvant dans toutes ses \u0153uvres d&#039;\u00e9b\u00e9nisterie. Malheureusement, de nombreux meubles, boiseries, portes et portails ont disparu du Palais Royal lors de l&#039;incendie de 1926.<\/div><br \/><div>Dans le ch\u00e2teau de Pele\u015f sont conserv\u00e9s des meubles d&#039;une composition artistique exquise, ainsi que le travail d&#039;un grand savoir-faire et d&#039;une grande minutie, la porte en bois sculpt\u00e9 de l&#039;entr\u00e9e principale.<\/div><br \/><div>Hautement personnalis\u00e9s, les meubles St\u00f6hr se caract\u00e9risent par une abondance ornementale. La sculpture parfaite et la science de l&#039;utilisation de l&#039;asym\u00e9trie volum\u00e9trique, avec des hauts-reliefs et des rondes-bosses, conf\u00e8rent aux pi\u00e8ces de style Renaissance allemande une touche essentiellement baroque.<\/div><br \/><div>Pour ses services fid\u00e8les et son talent, le sculpteur et architecte Martin St\u00f6hr a re\u00e7u plusieurs ordres et m\u00e9dailles : Carol Ier lui a d\u00e9cern\u00e9 l&#039;Ordre de l&#039;\u00c9toile de Roumanie en tant que chevalier, l&#039;Ordre de la Couronne en tant qu&#039;officier et le prince Karl Anton de Hohenzollern lui a d\u00e9cern\u00e9 la m\u00e9daille d&#039;or. Il recevra du roi de Su\u00e8de l&#039;Ordre royal de Wasa, et l&#039;empereur d&#039;Autriche-Hongrie lui d\u00e9cernera la Croix de chevalier de l&#039;Ordre Fran\u00e7ois-Joseph.<\/div><\/div>\t\t\t\t\t\t\t\t<\/div>\n\t\t\t\t<\/div>\n\t\t\t\t\t<\/div>\n\t\t\t\t<\/div>\n\t\t\t\t<\/div>","protected":false},"featured_media":15896,"parent":0,"menu_order":0,"template":"","meta":{"_acf_changed":false},"categorie-colectie":[7],"tag-obiect-colectie":[],"class_list":["post-10610","colectie","type-colectie","status-publish","has-post-thumbnail","hentry","categorie-colectie-colectia-de-mobilier"],"acf":[],"yoast_head":"<!-- This site is optimized with the Yoast SEO plugin v24.1 - https:\/\/yoast.com\/wordpress\/plugins\/seo\/ -->\n<title>Cabinet Martin St\u00f6hr &#183; Peles Test<\/title>\n<meta name=\"robots\" content=\"noindex, follow, max-snippet:-1, max-image-preview:large, max-video-preview:-1\" \/>\n<script type=\"application\/ld+json\" class=\"yoast-schema-graph\">{\"@context\":\"https:\/\/schema.org\",\"@graph\":[{\"@type\":\"WebPage\",\"@id\":\"https:\/\/thewebdevpoint.com\/colectie\/cabinet-martin-stohr\/\",\"url\":\"https:\/\/thewebdevpoint.com\/colectie\/cabinet-martin-stohr\/\",\"name\":\"Cabinet Martin St\u00f6hr &#183; Peles Test\",\"isPartOf\":{\"@id\":\"https:\/\/thewebdevpoint.com\/ro\/#website\"},\"primaryImageOfPage\":{\"@id\":\"https:\/\/thewebdevpoint.com\/colectie\/cabinet-martin-stohr\/#primaryimage\"},\"image\":{\"@id\":\"https:\/\/thewebdevpoint.com\/colectie\/cabinet-martin-stohr\/#primaryimage\"},\"thumbnailUrl\":\"https:\/\/thewebdevpoint.com\/wp-content\/uploads\/2024\/10\/52dd3ef7-1846-4aa9-8159-24659949e7a2.png\",\"datePublished\":\"2024-10-23T09:12:06+00:00\",\"dateModified\":\"2024-12-11T08:11:46+00:00\",\"breadcrumb\":{\"@id\":\"https:\/\/thewebdevpoint.com\/colectie\/cabinet-martin-stohr\/#breadcrumb\"},\"inLanguage\":\"fr-FR\",\"potentialAction\":[{\"@type\":\"ReadAction\",\"target\":[\"https:\/\/thewebdevpoint.com\/colectie\/cabinet-martin-stohr\/\"]}]},{\"@type\":\"ImageObject\",\"inLanguage\":\"fr-FR\",\"@id\":\"https:\/\/thewebdevpoint.com\/colectie\/cabinet-martin-stohr\/#primaryimage\",\"url\":\"https:\/\/thewebdevpoint.com\/wp-content\/uploads\/2024\/10\/52dd3ef7-1846-4aa9-8159-24659949e7a2.png\",\"contentUrl\":\"https:\/\/thewebdevpoint.com\/wp-content\/uploads\/2024\/10\/52dd3ef7-1846-4aa9-8159-24659949e7a2.png\",\"width\":970,\"height\":1097},{\"@type\":\"BreadcrumbList\",\"@id\":\"https:\/\/thewebdevpoint.com\/colectie\/cabinet-martin-stohr\/#breadcrumb\",\"itemListElement\":[{\"@type\":\"ListItem\",\"position\":1,\"name\":\"Acas\u0103\",\"item\":\"https:\/\/thewebdevpoint.com\/\"},{\"@type\":\"ListItem\",\"position\":2,\"name\":\"Colectii\",\"item\":\"https:\/\/thewebdevpoint.com\/en\/colectii\/\"},{\"@type\":\"ListItem\",\"position\":3,\"name\":\"Cabinet Martin St\u00f6hr\"}]},{\"@type\":\"WebSite\",\"@id\":\"https:\/\/thewebdevpoint.com\/ro\/#website\",\"url\":\"https:\/\/thewebdevpoint.com\/ro\/\",\"name\":\"Peles Test\",\"description\":\"\",\"publisher\":{\"@id\":\"https:\/\/thewebdevpoint.com\/ro\/#organization\"},\"potentialAction\":[{\"@type\":\"SearchAction\",\"target\":{\"@type\":\"EntryPoint\",\"urlTemplate\":\"https:\/\/thewebdevpoint.com\/ro\/?s={search_term_string}\"},\"query-input\":{\"@type\":\"PropertyValueSpecification\",\"valueRequired\":true,\"valueName\":\"search_term_string\"}}],\"inLanguage\":\"fr-FR\"},{\"@type\":\"Organization\",\"@id\":\"https:\/\/thewebdevpoint.com\/ro\/#organization\",\"name\":\"Muzeul Pele\u0219\",\"alternateName\":\"MP\",\"url\":\"https:\/\/thewebdevpoint.com\/ro\/\",\"logo\":{\"@type\":\"ImageObject\",\"inLanguage\":\"fr-FR\",\"@id\":\"https:\/\/thewebdevpoint.com\/ro\/#\/schema\/logo\/image\/\",\"url\":\"https:\/\/thewebdevpoint.com\/wp-content\/uploads\/2024\/10\/Logo.svg\",\"contentUrl\":\"https:\/\/thewebdevpoint.com\/wp-content\/uploads\/2024\/10\/Logo.svg\",\"width\":251,\"height\":48,\"caption\":\"Muzeul Pele\u0219\"},\"image\":{\"@id\":\"https:\/\/thewebdevpoint.com\/ro\/#\/schema\/logo\/image\/\"}}]}<\/script>\n<!-- \/ Yoast SEO plugin. -->","yoast_head_json":{"title":"Cabinet Martin St\u00f6hr &#183; Peles Test","robots":{"index":"noindex","follow":"follow","max-snippet":"max-snippet:-1","max-image-preview":"max-image-preview:large","max-video-preview":"max-video-preview:-1"},"schema":{"@context":"https:\/\/schema.org","@graph":[{"@type":"WebPage","@id":"https:\/\/thewebdevpoint.com\/colectie\/cabinet-martin-stohr\/","url":"https:\/\/thewebdevpoint.com\/colectie\/cabinet-martin-stohr\/","name":"Cabinet Martin St\u00f6hr &#183; Peles Test","isPartOf":{"@id":"https:\/\/thewebdevpoint.com\/ro\/#website"},"primaryImageOfPage":{"@id":"https:\/\/thewebdevpoint.com\/colectie\/cabinet-martin-stohr\/#primaryimage"},"image":{"@id":"https:\/\/thewebdevpoint.com\/colectie\/cabinet-martin-stohr\/#primaryimage"},"thumbnailUrl":"https:\/\/thewebdevpoint.com\/wp-content\/uploads\/2024\/10\/52dd3ef7-1846-4aa9-8159-24659949e7a2.png","datePublished":"2024-10-23T09:12:06+00:00","dateModified":"2024-12-11T08:11:46+00:00","breadcrumb":{"@id":"https:\/\/thewebdevpoint.com\/colectie\/cabinet-martin-stohr\/#breadcrumb"},"inLanguage":"fr-FR","potentialAction":[{"@type":"ReadAction","target":["https:\/\/thewebdevpoint.com\/colectie\/cabinet-martin-stohr\/"]}]},{"@type":"ImageObject","inLanguage":"fr-FR","@id":"https:\/\/thewebdevpoint.com\/colectie\/cabinet-martin-stohr\/#primaryimage","url":"https:\/\/thewebdevpoint.com\/wp-content\/uploads\/2024\/10\/52dd3ef7-1846-4aa9-8159-24659949e7a2.png","contentUrl":"https:\/\/thewebdevpoint.com\/wp-content\/uploads\/2024\/10\/52dd3ef7-1846-4aa9-8159-24659949e7a2.png","width":970,"height":1097},{"@type":"BreadcrumbList","@id":"https:\/\/thewebdevpoint.com\/colectie\/cabinet-martin-stohr\/#breadcrumb","itemListElement":[{"@type":"ListItem","position":1,"name":"Acas\u0103","item":"https:\/\/thewebdevpoint.com\/"},{"@type":"ListItem","position":2,"name":"Colectii","item":"https:\/\/thewebdevpoint.com\/en\/colectii\/"},{"@type":"ListItem","position":3,"name":"Cabinet Martin St\u00f6hr"}]},{"@type":"WebSite","@id":"https:\/\/thewebdevpoint.com\/ro\/#website","url":"https:\/\/thewebdevpoint.com\/ro\/","name":"Peles Test","description":"","publisher":{"@id":"https:\/\/thewebdevpoint.com\/ro\/#organization"},"potentialAction":[{"@type":"SearchAction","target":{"@type":"EntryPoint","urlTemplate":"https:\/\/thewebdevpoint.com\/ro\/?s={search_term_string}"},"query-input":{"@type":"PropertyValueSpecification","valueRequired":true,"valueName":"search_term_string"}}],"inLanguage":"fr-FR"},{"@type":"Organization","@id":"https:\/\/thewebdevpoint.com\/ro\/#organization","name":"Muzeul Pele\u0219","alternateName":"MP","url":"https:\/\/thewebdevpoint.com\/ro\/","logo":{"@type":"ImageObject","inLanguage":"fr-FR","@id":"https:\/\/thewebdevpoint.com\/ro\/#\/schema\/logo\/image\/","url":"https:\/\/thewebdevpoint.com\/wp-content\/uploads\/2024\/10\/Logo.svg","contentUrl":"https:\/\/thewebdevpoint.com\/wp-content\/uploads\/2024\/10\/Logo.svg","width":251,"height":48,"caption":"Muzeul Pele\u0219"},"image":{"@id":"https:\/\/thewebdevpoint.com\/ro\/#\/schema\/logo\/image\/"}}]}},"_links":{"self":[{"href":"https:\/\/thewebdevpoint.com\/fr\/wp-json\/wp\/v2\/colectie\/10610","targetHints":{"allow":["GET"]}}],"collection":[{"href":"https:\/\/thewebdevpoint.com\/fr\/wp-json\/wp\/v2\/colectie"}],"about":[{"href":"https:\/\/thewebdevpoint.com\/fr\/wp-json\/wp\/v2\/types\/colectie"}],"version-history":[{"count":5,"href":"https:\/\/thewebdevpoint.com\/fr\/wp-json\/wp\/v2\/colectie\/10610\/revisions"}],"predecessor-version":[{"id":10616,"href":"https:\/\/thewebdevpoint.com\/fr\/wp-json\/wp\/v2\/colectie\/10610\/revisions\/10616"}],"wp:featuredmedia":[{"embeddable":true,"href":"https:\/\/thewebdevpoint.com\/fr\/wp-json\/wp\/v2\/media\/15896"}],"wp:attachment":[{"href":"https:\/\/thewebdevpoint.com\/fr\/wp-json\/wp\/v2\/media?parent=10610"}],"wp:term":[{"taxonomy":"categorie-colectie","embeddable":true,"href":"https:\/\/thewebdevpoint.com\/fr\/wp-json\/wp\/v2\/categorie-colectie?post=10610"},{"taxonomy":"tag-obiect-colectie","embeddable":true,"href":"https:\/\/thewebdevpoint.com\/fr\/wp-json\/wp\/v2\/tag-obiect-colectie?post=10610"}],"curies":[{"name":"wp","href":"https:\/\/api.w.org\/{rel}","templated":true}]}}

Cabinet Martin Stöhr

<div data-elementor-type="wp-post" data-elementor-id="10610" class="elementor elementor-10610" data-elementor-post-type="colectie">
				<div class="elementor-element elementor-element-aebe0b2 e-flex e-con-boxed e-con e-parent" data-id="aebe0b2" data-element_type="container">
					<div class="e-con-inner">
				<div class="elementor-element elementor-element-6a842ac elementor-widget elementor-widget-text-editor" data-id="6a842ac" data-element_type="widget" data-widget_type="text-editor.default">
				<div class="elementor-widget-container">
									<div><div>En 1866, le sculpteur sur bois bavarois Martin Stöhr (1819-1896) accompagna le prince Carol Ier de Hohenzollern en Roumanie et, deux ans plus tard, il fut nommé « sculpteur de la Maison princière de Roumanie ». Stöhr avait travaillé pendant un certain temps au château de Sigmaringen pour Charles Ier, après avoir été recommandé par le roi (plus tard empereur) Guillaume Ier de Prusse. Le jeune Stöhr avait dirigé les travaux de menuiserie dans son château de Babelsberg en Allemagne.</div><br /><div>En Roumanie, il a travaillé au service du roi Carol Ier pendant 30 ans, à la fois pour le Palais Royal de Bucarest et, surtout, pour sa résidence d&#039;été, le château de Peleş, où il a occupé le poste de directeur des travaux de construction et de planification.</div><br /><div>L&#039;idéal artistique du sculpteur était la création de la Renaissance allemande, les traits de ce style se retrouvant dans toutes ses œuvres d&#039;ébénisterie. Malheureusement, de nombreux meubles, boiseries, portes et portails ont disparu du Palais Royal lors de l&#039;incendie de 1926.</div><br /><div>Dans le château de Peleş sont conservés des meubles d&#039;une composition artistique exquise, ainsi que le travail d&#039;un grand savoir-faire et d&#039;une grande minutie, la porte en bois sculpté de l&#039;entrée principale.</div><br /><div>Hautement personnalisés, les meubles Stöhr se caractérisent par une abondance ornementale. La sculpture parfaite et la science de l&#039;utilisation de l&#039;asymétrie volumétrique, avec des hauts-reliefs et des rondes-bosses, confèrent aux pièces de style Renaissance allemande une touche essentiellement baroque.</div><br /><div>Pour ses services fidèles et son talent, le sculpteur et architecte Martin Stöhr a reçu plusieurs ordres et médailles : Carol Ier lui a décerné l&#039;Ordre de l&#039;Étoile de Roumanie en tant que chevalier, l&#039;Ordre de la Couronne en tant qu&#039;officier et le prince Karl Anton de Hohenzollern lui a décerné la médaille d&#039;or. Il recevra du roi de Suède l&#039;Ordre royal de Wasa, et l&#039;empereur d&#039;Autriche-Hongrie lui décernera la Croix de chevalier de l&#039;Ordre François-Joseph.</div></div>								</div>
				</div>
					</div>
				</div>
				</div>

<!-- This site is optimized with the Yoast SEO plugin v24.1 - https://yoast.com/wordpress/plugins/seo/ -->
<title>Cabinet Martin Stöhr &#183; Peles Test</title>
<meta name="robots" content="noindex, follow, max-snippet:-1, max-image-preview:large, max-video-preview:-1" />
<script type="application/ld+json" class="yoast-schema-graph">{"@context":"https://schema.org","@graph":[{"@type":"WebPage","@id":"https://thewebdevpoint.com/colectie/cabinet-martin-stohr/","url":"https://thewebdevpoint.com/colectie/cabinet-martin-stohr/","name":"Cabinet Martin Stöhr &#183; Peles Test","isPartOf":{"@id":"https://thewebdevpoint.com/ro/#website"},"primaryImageOfPage":{"@id":"https://thewebdevpoint.com/colectie/cabinet-martin-stohr/#primaryimage"},"image":{"@id":"https://thewebdevpoint.com/colectie/cabinet-martin-stohr/#primaryimage"},"thumbnailUrl":"https://thewebdevpoint.com/wp-content/uploads/2024/10/52dd3ef7-1846-4aa9-8159-24659949e7a2.png","datePublished":"2024-10-23T09:12:06+00:00","dateModified":"2024-12-11T08:11:46+00:00","breadcrumb":{"@id":"https://thewebdevpoint.com/colectie/cabinet-martin-stohr/#breadcrumb"},"inLanguage":"fr-FR","potentialAction":[{"@type":"ReadAction","target":["https://thewebdevpoint.com/colectie/cabinet-martin-stohr/"]}]},{"@type":"ImageObject","inLanguage":"fr-FR","@id":"https://thewebdevpoint.com/colectie/cabinet-martin-stohr/#primaryimage","url":"https://thewebdevpoint.com/wp-content/uploads/2024/10/52dd3ef7-1846-4aa9-8159-24659949e7a2.png","contentUrl":"https://thewebdevpoint.com/wp-content/uploads/2024/10/52dd3ef7-1846-4aa9-8159-24659949e7a2.png","width":970,"height":1097},{"@type":"BreadcrumbList","@id":"https://thewebdevpoint.com/colectie/cabinet-martin-stohr/#breadcrumb","itemListElement":[{"@type":"ListItem","position":1,"name":"Acasă","item":"https://thewebdevpoint.com/"},{"@type":"ListItem","position":2,"name":"Colectii","item":"https://thewebdevpoint.com/en/colectii/"},{"@type":"ListItem","position":3,"name":"Cabinet Martin Stöhr"}]},{"@type":"WebSite","@id":"https://thewebdevpoint.com/ro/#website","url":"https://thewebdevpoint.com/ro/","name":"Peles Test","description":"","publisher":{"@id":"https://thewebdevpoint.com/ro/#organization"},"potentialAction":[{"@type":"SearchAction","target":{"@type":"EntryPoint","urlTemplate":"https://thewebdevpoint.com/ro/?s={search_term_string}"},"query-input":{"@type":"PropertyValueSpecification","valueRequired":true,"valueName":"search_term_string"}}],"inLanguage":"fr-FR"},{"@type":"Organization","@id":"https://thewebdevpoint.com/ro/#organization","name":"Muzeul Peleș","alternateName":"MP","url":"https://thewebdevpoint.com/ro/","logo":{"@type":"ImageObject","inLanguage":"fr-FR","@id":"https://thewebdevpoint.com/ro/#/schema/logo/image/","url":"https://thewebdevpoint.com/wp-content/uploads/2024/10/Logo.svg","contentUrl":"https://thewebdevpoint.com/wp-content/uploads/2024/10/Logo.svg","width":251,"height":48,"caption":"Muzeul Peleș"},"image":{"@id":"https://thewebdevpoint.com/ro/#/schema/logo/image/"}}]}</script>
<!-- / Yoast SEO plugin. -->

Cabinet Martin Stöhr &#183; Peles Test

Acasă

Muzeul Peleș
