{"id":8671,"date":"2024-10-08T11:59:10","date_gmt":"2024-10-08T11:59:10","guid":{"rendered":"https:\/\/pelestest.thepoint-agency.com\/casele-de-vis-ale-reginei-maria-balcic\/"},"modified":"2024-12-19T09:49:27","modified_gmt":"2024-12-19T07:49:27","slug":"casele-de-vis-ale-reginei-maria-balcic","status":"publish","type":"eveniment","link":"https:\/\/thewebdevpoint.com\/fr\/eveniment\/casele-de-vis-ale-reginei-maria-balcic\/","title":{"rendered":"Les maisons de r\u00eave de la reine Mary \u2013 Balchik"},"content":{"rendered":"<h1>Promo<\/h1>\n<p><center><\/p>\n<div class=\"embed-media\"><iframe src=\"http:\/\/player.vimeo.com\/video\/64625323?title=0&amp;byline=0&amp;portrait=0\" width=\"300\" height=\"150\" frameborder=\"0\" allowfullscreen=\"allowfullscreen\" data-aspectratio=\"0.563076923076923\"><\/iframe><\/div>\n<p><\/center><\/p>\n<hr \/>\n<h1>Pr\u00e9sentation de l&#039;exposition<\/h1>\n<p>En 2012, le Mus\u00e9e national Pele\u0219 a lanc\u00e9 le programme d&#039;expositions intitul\u00e9 \u00ab\u00a0Les Maisons de r\u00eave de la reine Maria\u00a0\u00bb. La premi\u00e8re \u00e9dition de ce programme \u00e9tait consacr\u00e9e au ch\u00e2teau de Bran. De mai \u00e0 septembre 2013, il se poursuit avec une exposition qui tente de reconstituer l&#039;atmosph\u00e8re du palais de Balchik, ville du Quadrilat\u00e8re, territoire acquis par la Roumanie apr\u00e8s la Seconde Guerre balkanique en 1913, et restitu\u00e9 \u00e0 la Bulgarie en 1940, pendant la Seconde Guerre mondiale.<\/p>\n<p>Le palais \u00ab dernier et le plus exotique \u00bb de la reine Maria a \u00e9t\u00e9 construit et d\u00e9cor\u00e9 enti\u00e8rement selon son propre go\u00fbt artistique, dans la petite \u00ab ville blanche \u00bb situ\u00e9e sur la \u00ab C\u00f4te d&#039;Argent \u00bb de la mer Noire, \u00e0 environ 120 km de Constanta, dans une r\u00e9gion de r\u00eave, le point vert le plus lumineux de la c\u00f4te aride de Dobrogea, une oasis romantique et un cadre parfait pour une fantaisie architecturale.<\/p>\n<p>La reine avait d\u00e9couvert la beaut\u00e9 du lieu gr\u00e2ce au peintre Alexandru Satmari, en 1924, lors de sa deuxi\u00e8me visite en compagnie de son fils, le prince Nicolae. Le ch\u00e2teau de la reine Maria, appel\u00e9 Tehna Juvah (\u00ab Le Nid tranquille \u00bb), fut construit entre 1925 et 1927, selon les plans de l&#039;architecte roumain d&#039;origine turque Emil Gune\u015f (G\u00fcnes), sur un terrain achet\u00e9 en 1924 au banquier Jean Chrissoveloni. Plus tard, le domaine fut agrandi par l&#039;acquisition de terres aupr\u00e8s des habitants, atteignant, en 1938, une superficie de plus de 24 hectares.<\/p>\n<p>Les travaux de Balchik furent r\u00e9alis\u00e9s par les entreprises italiennes Fabro Agostino (entrepreneur de travaux publics) et Giovanni Tomasini (mosa\u00efque, ciment et asphalte), sous la supervision directe du secr\u00e9taire particulier de la reine, Ga\u00ebtan Denize. Apr\u00e8s sa mort subite en 1928, les responsabilit\u00e9s furent confi\u00e9es \u00e0 Eugen Zwiedineck, assistant et secr\u00e9taire particulier de la reine Maria.<\/p>\n<p>L&#039;exposition temporaire \u00ab\u00a0Les Maisons de R\u00eave de la Reine Maria - Ch\u00e2teau de Balchik\u00a0\u00bb pr\u00e9sente au public l&#039;atmosph\u00e8re et la tentative de reconstitution de certains int\u00e9rieurs de \u00ab\u00a0Tenha Juvah\u00a0\u00bb. Des photographies d&#039;\u00e9poque, prises par la Reine Maria et les ateliers Guggenberger Mairovits \u00e0 Sibiu et Julietta \u00e0 Bucarest, sont pr\u00e9sent\u00e9es, montrant les jardins du domaine et les int\u00e9rieurs o\u00f9 elle v\u00e9cut les derni\u00e8res ann\u00e9es de sa vie.<\/p>\n<p>La chambre de la reine, d\u00e9cor\u00e9e d&#039;\u00e9l\u00e9ments orientaux, r\u00e9v\u00e9lera la personnalit\u00e9 fascinante de celle que l&#039;on surnommerait la \u00ab reine artiste \u00bb. Aux c\u00f4t\u00e9s des tissus traditionnels, des biblioth\u00e8ques, des bougies, des ic\u00f4nes, des vases persans et des pots de fleurs, le souvenir de celle qui fut la \u00ab derni\u00e8re romantique \u00bb perdurera dans cet espace intime.<\/p>\n<p>L&#039;exposition d&#039;objets d&#039;art d\u00e9coratifs dans le salon de Balchik \u2013 la table toscane pr\u00e9par\u00e9e pour les r\u00e9unions de famille, une commode pr\u00e9cieuse sur laquelle se trouvent les plats n\u00e9cessaires au service du repas, un petit buffet pour ranger l&#039;argenterie, des chandeliers et d&#039;autres objets d\u00e9coratifs \u2013 recr\u00e9era l&#039;atmosph\u00e8re des repas royaux d&#039;autrefois.<\/p>\n<p>Une touche d&#039;originalit\u00e9 se retrouve dans le salon du prince Nicolae, o\u00f9, \u00e0 c\u00f4t\u00e9 d&#039;une chemin\u00e9e si semblable \u00e0 celles des huttes roumaines, mais de type mexicain, la reine Maria a harmonis\u00e9 des pi\u00e8ces locales \u2013 tissus, coussins, tapis, mais aussi des objets pr\u00e9cieux occidentaux, des armes orientales et des peintures roumaines. On y trouve \u00e9galement de nombreuses pi\u00e8ces turques \u2013 des vases en c\u00e9ramique et en laiton, toujours charg\u00e9s de fleurs.<\/p>\n<p>L&#039;une des derni\u00e8res constructions du domaine royal de Balchik fut la chapelle Stella Maris, lieu de recueillement et de refuge. Elle y expose, outre des photographies anciennes, des ic\u00f4nes orthodoxes, des crucifix et autres objets de culte. La reine Marie avait souhait\u00e9, dans son testament, qu&#039;apr\u00e8s sa mort, son c\u0153ur soit conserv\u00e9 en ce lieu. Le coffret en argent dor\u00e9, incrust\u00e9 de pierres pr\u00e9cieuses, offert en cadeau de mariage en 1893 par les \u00ab\u00a0Dames roumaines\u00a0\u00bb, et contenant le c\u0153ur, sera expos\u00e9, avec l&#039;aimable autorisation du Mus\u00e9e national d&#039;histoire de Roumanie, dans une salle d\u00e9di\u00e9e \u00e0 la sacralit\u00e9.<\/p>\n<h1>Vid\u00e9o de l&#039;exposition<\/h1>\n<p><center><\/p>\n<div class=\"embed-media\"><iframe src=\"http:\/\/player.vimeo.com\/video\/66454812?title=0&amp;byline=0&amp;portrait=0\" width=\"300\" height=\"150\" frameborder=\"0\" allowfullscreen=\"allowfullscreen\" data-aspectratio=\"0.563076923076923\"><\/iframe><\/div>\n<p><\/center><\/p>\n<hr \/>\n<h1>Vernissage de l&#039;exposition<\/h1>\n<p><center><\/p>\n<div class=\"embed-media\"><iframe src=\"http:\/\/player.vimeo.com\/video\/66952030?title=0&amp;byline=0&amp;portrait=0\" width=\"300\" height=\"150\" frameborder=\"0\" allowfullscreen=\"allowfullscreen\" data-aspectratio=\"0.563076923076923\"><\/iframe><\/div>\n<p><\/center><\/p>\n<hr \/>\n<h2>Visite de l&#039;exposition<\/h2>\n<p>L&#039;exposition a \u00e9t\u00e9 visit\u00e9e pendant :<br \/>\n18 mai \u2013 18 ao\u00fbt 2013<\/p>","protected":false},"featured_media":0,"template":"","meta":{"_acf_changed":false},"categorie-evenimente":[353],"class_list":["post-8671","eveniment","type-eveniment","status-publish","hentry","categorie-evenimente-arhiva"],"acf":[],"yoast_head":"<!-- This site is optimized with the Yoast SEO plugin v24.1 - https:\/\/yoast.com\/wordpress\/plugins\/seo\/ -->\n<title>Casele de Vis ale Reginei Maria \u2013 Balcic &#183; Peles Test<\/title>\n<meta name=\"robots\" content=\"noindex, follow, max-snippet:-1, max-image-preview:large, max-video-preview:-1\" \/>\n<script type=\"application\/ld+json\" class=\"yoast-schema-graph\">{\"@context\":\"https:\/\/schema.org\",\"@graph\":[{\"@type\":\"WebPage\",\"@id\":\"https:\/\/thewebdevpoint.com\/eveniment\/casele-de-vis-ale-reginei-maria-balcic\/\",\"url\":\"https:\/\/thewebdevpoint.com\/eveniment\/casele-de-vis-ale-reginei-maria-balcic\/\",\"name\":\"Casele de Vis ale Reginei Maria \u2013 Balcic &#183; Peles Test\",\"isPartOf\":{\"@id\":\"https:\/\/thewebdevpoint.com\/ro\/#website\"},\"datePublished\":\"2024-10-08T11:59:10+00:00\",\"dateModified\":\"2024-12-19T07:49:27+00:00\",\"breadcrumb\":{\"@id\":\"https:\/\/thewebdevpoint.com\/eveniment\/casele-de-vis-ale-reginei-maria-balcic\/#breadcrumb\"},\"inLanguage\":\"fr-FR\",\"potentialAction\":[{\"@type\":\"ReadAction\",\"target\":[\"https:\/\/thewebdevpoint.com\/eveniment\/casele-de-vis-ale-reginei-maria-balcic\/\"]}]},{\"@type\":\"BreadcrumbList\",\"@id\":\"https:\/\/thewebdevpoint.com\/eveniment\/casele-de-vis-ale-reginei-maria-balcic\/#breadcrumb\",\"itemListElement\":[{\"@type\":\"ListItem\",\"position\":1,\"name\":\"Acas\u0103\",\"item\":\"https:\/\/thewebdevpoint.com\/\"},{\"@type\":\"ListItem\",\"position\":2,\"name\":\"Evenimente\",\"item\":\"https:\/\/thewebdevpoint.com\/ro\/evenimente\/\"},{\"@type\":\"ListItem\",\"position\":3,\"name\":\"Casele de Vis ale Reginei Maria \u2013 Balcic\"}]},{\"@type\":\"WebSite\",\"@id\":\"https:\/\/thewebdevpoint.com\/ro\/#website\",\"url\":\"https:\/\/thewebdevpoint.com\/ro\/\",\"name\":\"Peles Test\",\"description\":\"\",\"publisher\":{\"@id\":\"https:\/\/thewebdevpoint.com\/ro\/#organization\"},\"potentialAction\":[{\"@type\":\"SearchAction\",\"target\":{\"@type\":\"EntryPoint\",\"urlTemplate\":\"https:\/\/thewebdevpoint.com\/ro\/?s={search_term_string}\"},\"query-input\":{\"@type\":\"PropertyValueSpecification\",\"valueRequired\":true,\"valueName\":\"search_term_string\"}}],\"inLanguage\":\"fr-FR\"},{\"@type\":\"Organization\",\"@id\":\"https:\/\/thewebdevpoint.com\/ro\/#organization\",\"name\":\"Muzeul Pele\u0219\",\"alternateName\":\"MP\",\"url\":\"https:\/\/thewebdevpoint.com\/ro\/\",\"logo\":{\"@type\":\"ImageObject\",\"inLanguage\":\"fr-FR\",\"@id\":\"https:\/\/thewebdevpoint.com\/ro\/#\/schema\/logo\/image\/\",\"url\":\"https:\/\/thewebdevpoint.com\/wp-content\/uploads\/2024\/10\/Logo.svg\",\"contentUrl\":\"https:\/\/thewebdevpoint.com\/wp-content\/uploads\/2024\/10\/Logo.svg\",\"width\":251,\"height\":48,\"caption\":\"Muzeul Pele\u0219\"},\"image\":{\"@id\":\"https:\/\/thewebdevpoint.com\/ro\/#\/schema\/logo\/image\/\"}}]}<\/script>\n<!-- \/ Yoast SEO plugin. -->","yoast_head_json":{"title":"Casele de Vis ale Reginei Maria \u2013 Balcic &#183; Peles Test","robots":{"index":"noindex","follow":"follow","max-snippet":"max-snippet:-1","max-image-preview":"max-image-preview:large","max-video-preview":"max-video-preview:-1"},"schema":{"@context":"https:\/\/schema.org","@graph":[{"@type":"WebPage","@id":"https:\/\/thewebdevpoint.com\/eveniment\/casele-de-vis-ale-reginei-maria-balcic\/","url":"https:\/\/thewebdevpoint.com\/eveniment\/casele-de-vis-ale-reginei-maria-balcic\/","name":"Casele de Vis ale Reginei Maria \u2013 Balcic &#183; Peles Test","isPartOf":{"@id":"https:\/\/thewebdevpoint.com\/ro\/#website"},"datePublished":"2024-10-08T11:59:10+00:00","dateModified":"2024-12-19T07:49:27+00:00","breadcrumb":{"@id":"https:\/\/thewebdevpoint.com\/eveniment\/casele-de-vis-ale-reginei-maria-balcic\/#breadcrumb"},"inLanguage":"fr-FR","potentialAction":[{"@type":"ReadAction","target":["https:\/\/thewebdevpoint.com\/eveniment\/casele-de-vis-ale-reginei-maria-balcic\/"]}]},{"@type":"BreadcrumbList","@id":"https:\/\/thewebdevpoint.com\/eveniment\/casele-de-vis-ale-reginei-maria-balcic\/#breadcrumb","itemListElement":[{"@type":"ListItem","position":1,"name":"Acas\u0103","item":"https:\/\/thewebdevpoint.com\/"},{"@type":"ListItem","position":2,"name":"Evenimente","item":"https:\/\/thewebdevpoint.com\/ro\/evenimente\/"},{"@type":"ListItem","position":3,"name":"Casele de Vis ale Reginei Maria \u2013 Balcic"}]},{"@type":"WebSite","@id":"https:\/\/thewebdevpoint.com\/ro\/#website","url":"https:\/\/thewebdevpoint.com\/ro\/","name":"Peles Test","description":"","publisher":{"@id":"https:\/\/thewebdevpoint.com\/ro\/#organization"},"potentialAction":[{"@type":"SearchAction","target":{"@type":"EntryPoint","urlTemplate":"https:\/\/thewebdevpoint.com\/ro\/?s={search_term_string}"},"query-input":{"@type":"PropertyValueSpecification","valueRequired":true,"valueName":"search_term_string"}}],"inLanguage":"fr-FR"},{"@type":"Organization","@id":"https:\/\/thewebdevpoint.com\/ro\/#organization","name":"Muzeul Pele\u0219","alternateName":"MP","url":"https:\/\/thewebdevpoint.com\/ro\/","logo":{"@type":"ImageObject","inLanguage":"fr-FR","@id":"https:\/\/thewebdevpoint.com\/ro\/#\/schema\/logo\/image\/","url":"https:\/\/thewebdevpoint.com\/wp-content\/uploads\/2024\/10\/Logo.svg","contentUrl":"https:\/\/thewebdevpoint.com\/wp-content\/uploads\/2024\/10\/Logo.svg","width":251,"height":48,"caption":"Muzeul Pele\u0219"},"image":{"@id":"https:\/\/thewebdevpoint.com\/ro\/#\/schema\/logo\/image\/"}}]}},"_links":{"self":[{"href":"https:\/\/thewebdevpoint.com\/fr\/wp-json\/wp\/v2\/eveniment\/8671","targetHints":{"allow":["GET"]}}],"collection":[{"href":"https:\/\/thewebdevpoint.com\/fr\/wp-json\/wp\/v2\/eveniment"}],"about":[{"href":"https:\/\/thewebdevpoint.com\/fr\/wp-json\/wp\/v2\/types\/eveniment"}],"version-history":[{"count":1,"href":"https:\/\/thewebdevpoint.com\/fr\/wp-json\/wp\/v2\/eveniment\/8671\/revisions"}],"predecessor-version":[{"id":16744,"href":"https:\/\/thewebdevpoint.com\/fr\/wp-json\/wp\/v2\/eveniment\/8671\/revisions\/16744"}],"wp:attachment":[{"href":"https:\/\/thewebdevpoint.com\/fr\/wp-json\/wp\/v2\/media?parent=8671"}],"wp:term":[{"taxonomy":"categorie-evenimente","embeddable":true,"href":"https:\/\/thewebdevpoint.com\/fr\/wp-json\/wp\/v2\/categorie-evenimente?post=8671"}],"curies":[{"name":"wp","href":"https:\/\/api.w.org\/{rel}","templated":true}]}}

Les maisons de rêve de la reine Mary – Balchik

<h1>Promo</h1>
<p><center></p>
<div class="embed-media"><iframe src="http://player.vimeo.com/video/64625323?title=0&amp;byline=0&amp;portrait=0" width="300" height="150" frameborder="0" allowfullscreen="allowfullscreen" data-aspectratio="0.563076923076923"></iframe></div>
<p></center></p>
<hr />
<h1>Présentation de l&#039;exposition</h1>
<p>En 2012, le Musée national Peleș a lancé le programme d&#039;expositions intitulé « Les Maisons de rêve de la reine Maria ». La première édition de ce programme était consacrée au château de Bran. De mai à septembre 2013, il se poursuit avec une exposition qui tente de reconstituer l&#039;atmosphère du palais de Balchik, ville du Quadrilatère, territoire acquis par la Roumanie après la Seconde Guerre balkanique en 1913, et restitué à la Bulgarie en 1940, pendant la Seconde Guerre mondiale.</p>
<p>Le palais « dernier et le plus exotique » de la reine Maria a été construit et décoré entièrement selon son propre goût artistique, dans la petite « ville blanche » située sur la « Côte d&#039;Argent » de la mer Noire, à environ 120 km de Constanta, dans une région de rêve, le point vert le plus lumineux de la côte aride de Dobrogea, une oasis romantique et un cadre parfait pour une fantaisie architecturale.</p>
<p>La reine avait découvert la beauté du lieu grâce au peintre Alexandru Satmari, en 1924, lors de sa deuxième visite en compagnie de son fils, le prince Nicolae. Le château de la reine Maria, appelé Tehna Juvah (« Le Nid tranquille »), fut construit entre 1925 et 1927, selon les plans de l&#039;architecte roumain d&#039;origine turque Emil Guneş (Günes), sur un terrain acheté en 1924 au banquier Jean Chrissoveloni. Plus tard, le domaine fut agrandi par l&#039;acquisition de terres auprès des habitants, atteignant, en 1938, une superficie de plus de 24 hectares.</p>
<p>Les travaux de Balchik furent réalisés par les entreprises italiennes Fabro Agostino (entrepreneur de travaux publics) et Giovanni Tomasini (mosaïque, ciment et asphalte), sous la supervision directe du secrétaire particulier de la reine, Gaëtan Denize. Après sa mort subite en 1928, les responsabilités furent confiées à Eugen Zwiedineck, assistant et secrétaire particulier de la reine Maria.</p>
<p>L&#039;exposition temporaire « Les Maisons de Rêve de la Reine Maria - Château de Balchik » présente au public l&#039;atmosphère et la tentative de reconstitution de certains intérieurs de « Tenha Juvah ». Des photographies d&#039;époque, prises par la Reine Maria et les ateliers Guggenberger Mairovits à Sibiu et Julietta à Bucarest, sont présentées, montrant les jardins du domaine et les intérieurs où elle vécut les dernières années de sa vie.</p>
<p>La chambre de la reine, décorée d&#039;éléments orientaux, révélera la personnalité fascinante de celle que l&#039;on surnommerait la « reine artiste ». Aux côtés des tissus traditionnels, des bibliothèques, des bougies, des icônes, des vases persans et des pots de fleurs, le souvenir de celle qui fut la « dernière romantique » perdurera dans cet espace intime.</p>
<p>L&#039;exposition d&#039;objets d&#039;art décoratifs dans le salon de Balchik – la table toscane préparée pour les réunions de famille, une commode précieuse sur laquelle se trouvent les plats nécessaires au service du repas, un petit buffet pour ranger l&#039;argenterie, des chandeliers et d&#039;autres objets décoratifs – recréera l&#039;atmosphère des repas royaux d&#039;autrefois.</p>
<p>Une touche d&#039;originalité se retrouve dans le salon du prince Nicolae, où, à côté d&#039;une cheminée si semblable à celles des huttes roumaines, mais de type mexicain, la reine Maria a harmonisé des pièces locales – tissus, coussins, tapis, mais aussi des objets précieux occidentaux, des armes orientales et des peintures roumaines. On y trouve également de nombreuses pièces turques – des vases en céramique et en laiton, toujours chargés de fleurs.</p>
<p>L&#039;une des dernières constructions du domaine royal de Balchik fut la chapelle Stella Maris, lieu de recueillement et de refuge. Elle y expose, outre des photographies anciennes, des icônes orthodoxes, des crucifix et autres objets de culte. La reine Marie avait souhaité, dans son testament, qu&#039;après sa mort, son cœur soit conservé en ce lieu. Le coffret en argent doré, incrusté de pierres précieuses, offert en cadeau de mariage en 1893 par les « Dames roumaines », et contenant le cœur, sera exposé, avec l&#039;aimable autorisation du Musée national d&#039;histoire de Roumanie, dans une salle dédiée à la sacralité.</p>
<h1>Vidéo de l&#039;exposition</h1>
<p><center></p>
<div class="embed-media"><iframe src="http://player.vimeo.com/video/66454812?title=0&amp;byline=0&amp;portrait=0" width="300" height="150" frameborder="0" allowfullscreen="allowfullscreen" data-aspectratio="0.563076923076923"></iframe></div>
<p></center></p>
<hr />
<h1>Vernissage de l&#039;exposition</h1>
<p><center></p>
<div class="embed-media"><iframe src="http://player.vimeo.com/video/66952030?title=0&amp;byline=0&amp;portrait=0" width="300" height="150" frameborder="0" allowfullscreen="allowfullscreen" data-aspectratio="0.563076923076923"></iframe></div>
<p></center></p>
<hr />
<h2>Visite de l&#039;exposition</h2>
<p>L&#039;exposition a été visitée pendant :<br />
18 mai – 18 août 2013</p>

<!-- This site is optimized with the Yoast SEO plugin v24.1 - https://yoast.com/wordpress/plugins/seo/ -->
<title>Casele de Vis ale Reginei Maria – Balcic &#183; Peles Test</title>
<meta name="robots" content="noindex, follow, max-snippet:-1, max-image-preview:large, max-video-preview:-1" />
<script type="application/ld+json" class="yoast-schema-graph">{"@context":"https://schema.org","@graph":[{"@type":"WebPage","@id":"https://thewebdevpoint.com/eveniment/casele-de-vis-ale-reginei-maria-balcic/","url":"https://thewebdevpoint.com/eveniment/casele-de-vis-ale-reginei-maria-balcic/","name":"Casele de Vis ale Reginei Maria – Balcic &#183; Peles Test","isPartOf":{"@id":"https://thewebdevpoint.com/ro/#website"},"datePublished":"2024-10-08T11:59:10+00:00","dateModified":"2024-12-19T07:49:27+00:00","breadcrumb":{"@id":"https://thewebdevpoint.com/eveniment/casele-de-vis-ale-reginei-maria-balcic/#breadcrumb"},"inLanguage":"fr-FR","potentialAction":[{"@type":"ReadAction","target":["https://thewebdevpoint.com/eveniment/casele-de-vis-ale-reginei-maria-balcic/"]}]},{"@type":"BreadcrumbList","@id":"https://thewebdevpoint.com/eveniment/casele-de-vis-ale-reginei-maria-balcic/#breadcrumb","itemListElement":[{"@type":"ListItem","position":1,"name":"Acasă","item":"https://thewebdevpoint.com/"},{"@type":"ListItem","position":2,"name":"Evenimente","item":"https://thewebdevpoint.com/ro/evenimente/"},{"@type":"ListItem","position":3,"name":"Casele de Vis ale Reginei Maria – Balcic"}]},{"@type":"WebSite","@id":"https://thewebdevpoint.com/ro/#website","url":"https://thewebdevpoint.com/ro/","name":"Peles Test","description":"","publisher":{"@id":"https://thewebdevpoint.com/ro/#organization"},"potentialAction":[{"@type":"SearchAction","target":{"@type":"EntryPoint","urlTemplate":"https://thewebdevpoint.com/ro/?s={search_term_string}"},"query-input":{"@type":"PropertyValueSpecification","valueRequired":true,"valueName":"search_term_string"}}],"inLanguage":"fr-FR"},{"@type":"Organization","@id":"https://thewebdevpoint.com/ro/#organization","name":"Muzeul Peleș","alternateName":"MP","url":"https://thewebdevpoint.com/ro/","logo":{"@type":"ImageObject","inLanguage":"fr-FR","@id":"https://thewebdevpoint.com/ro/#/schema/logo/image/","url":"https://thewebdevpoint.com/wp-content/uploads/2024/10/Logo.svg","contentUrl":"https://thewebdevpoint.com/wp-content/uploads/2024/10/Logo.svg","width":251,"height":48,"caption":"Muzeul Peleș"},"image":{"@id":"https://thewebdevpoint.com/ro/#/schema/logo/image/"}}]}</script>
<!-- / Yoast SEO plugin. -->

Acasă

Muzeul Peleș
