{"id":8720,"date":"2024-10-08T11:59:11","date_gmt":"2024-10-08T11:59:11","guid":{"rendered":"https:\/\/pelestest.thepoint-agency.com\/regele-ferdinand-i-al-romaniei-si-gesturile-sale-istorice\/"},"modified":"2024-12-19T09:49:13","modified_gmt":"2024-12-19T07:49:13","slug":"regele-ferdinand-i-al-romaniei-si-gesturile-sale-istorice","status":"publish","type":"eveniment","link":"https:\/\/thewebdevpoint.com\/fr\/eveniment\/regele-ferdinand-i-al-romaniei-si-gesturile-sale-istorice\/","title":{"rendered":"LE ROI FERDINAND I DE ROUMANIE ET SES GESTES HISTORIQUES"},"content":{"rendered":"<p>Le Mus\u00e9e national Pele\u0219 vous invite le jeudi 29 septembre \u00e0 12h00 \u00e0 la conf\u00e9rence du professeur Ion Bulei. Intitul\u00e9e\u00a0:<strong>Le roi Ferdinand Ier de Roumanie et ses gestes historiques<\/strong>&quot;, fait partie de la s\u00e9rie de conf\u00e9rences publiques consacr\u00e9es aux rois et reines de Roumanie.<\/p>\n<p>Avec une carri\u00e8re universitaire impressionnante, Ion Bulei est l\u2019un des historiens les plus brillants de l\u2019\u00e9poque roumaine moderne.<br \/>\n\u00ab La vie au temps de Carol I \u00bb, \u00ab La vie quotidienne au temps de Carol I \u00bb<span class=\"text_exposed_show\">&quot;, &quot;Conservatisme&quot;, &quot;Histoire et actualit\u00e9&quot;, &quot;Le monde roumain en 1900&quot;, &quot;La reine Maria&quot;, &quot;Une histoire des Roumains&quot;, &quot;Les Roumains aux XIXe et XXe si\u00e8cles&quot;, &quot;L&#039;europ\u00e9anisation&quot; ne sont que quelques-uns des titres \u00e0 succ\u00e8s sur lesquels il a appos\u00e9 sa signature au fil du temps.<\/span><\/p>\n<div class=\"text_exposed_show\">\n<p>Cette ann\u00e9e, le Mus\u00e9e national Pele\u0219 a \u00e9dit\u00e9 le catalogue de l&#039;exposition temporaire \u00ab La reine \u00c9lisabeth de Roumanie - Un si\u00e8cle d&#039;\u00e9ternit\u00e9 \u00bb, dans lequel il a publi\u00e9 un texte \u00e9crit par le professeur Ion Bulei.<\/p>\n<\/div>","protected":false},"featured_media":0,"template":"","meta":{"_acf_changed":false},"categorie-evenimente":[353],"class_list":["post-8720","eveniment","type-eveniment","status-publish","hentry","categorie-evenimente-arhiva"],"acf":[],"yoast_head":"<!-- This site is optimized with the Yoast SEO plugin v24.1 - https:\/\/yoast.com\/wordpress\/plugins\/seo\/ -->\n<title>REGELE FERDINAND I AL ROM\u00c2NIEI \u0218I GESTURILE SALE ISTORICE &#183; Peles Test<\/title>\n<meta name=\"robots\" content=\"noindex, follow, max-snippet:-1, max-image-preview:large, max-video-preview:-1\" \/>\n<script type=\"application\/ld+json\" class=\"yoast-schema-graph\">{\"@context\":\"https:\/\/schema.org\",\"@graph\":[{\"@type\":\"WebPage\",\"@id\":\"https:\/\/thewebdevpoint.com\/eveniment\/regele-ferdinand-i-al-romaniei-si-gesturile-sale-istorice\/\",\"url\":\"https:\/\/thewebdevpoint.com\/eveniment\/regele-ferdinand-i-al-romaniei-si-gesturile-sale-istorice\/\",\"name\":\"REGELE FERDINAND I AL ROM\u00c2NIEI \u0218I GESTURILE SALE ISTORICE &#183; Peles Test\",\"isPartOf\":{\"@id\":\"https:\/\/thewebdevpoint.com\/ro\/#website\"},\"datePublished\":\"2024-10-08T11:59:11+00:00\",\"dateModified\":\"2024-12-19T07:49:13+00:00\",\"breadcrumb\":{\"@id\":\"https:\/\/thewebdevpoint.com\/eveniment\/regele-ferdinand-i-al-romaniei-si-gesturile-sale-istorice\/#breadcrumb\"},\"inLanguage\":\"fr-FR\",\"potentialAction\":[{\"@type\":\"ReadAction\",\"target\":[\"https:\/\/thewebdevpoint.com\/eveniment\/regele-ferdinand-i-al-romaniei-si-gesturile-sale-istorice\/\"]}]},{\"@type\":\"BreadcrumbList\",\"@id\":\"https:\/\/thewebdevpoint.com\/eveniment\/regele-ferdinand-i-al-romaniei-si-gesturile-sale-istorice\/#breadcrumb\",\"itemListElement\":[{\"@type\":\"ListItem\",\"position\":1,\"name\":\"Acas\u0103\",\"item\":\"https:\/\/thewebdevpoint.com\/\"},{\"@type\":\"ListItem\",\"position\":2,\"name\":\"Evenimente\",\"item\":\"https:\/\/thewebdevpoint.com\/ro\/evenimente\/\"},{\"@type\":\"ListItem\",\"position\":3,\"name\":\"REGELE FERDINAND I AL ROM\u00c2NIEI \u0218I GESTURILE SALE ISTORICE\"}]},{\"@type\":\"WebSite\",\"@id\":\"https:\/\/thewebdevpoint.com\/ro\/#website\",\"url\":\"https:\/\/thewebdevpoint.com\/ro\/\",\"name\":\"Peles Test\",\"description\":\"\",\"publisher\":{\"@id\":\"https:\/\/thewebdevpoint.com\/ro\/#organization\"},\"potentialAction\":[{\"@type\":\"SearchAction\",\"target\":{\"@type\":\"EntryPoint\",\"urlTemplate\":\"https:\/\/thewebdevpoint.com\/ro\/?s={search_term_string}\"},\"query-input\":{\"@type\":\"PropertyValueSpecification\",\"valueRequired\":true,\"valueName\":\"search_term_string\"}}],\"inLanguage\":\"fr-FR\"},{\"@type\":\"Organization\",\"@id\":\"https:\/\/thewebdevpoint.com\/ro\/#organization\",\"name\":\"Muzeul Pele\u0219\",\"alternateName\":\"MP\",\"url\":\"https:\/\/thewebdevpoint.com\/ro\/\",\"logo\":{\"@type\":\"ImageObject\",\"inLanguage\":\"fr-FR\",\"@id\":\"https:\/\/thewebdevpoint.com\/ro\/#\/schema\/logo\/image\/\",\"url\":\"https:\/\/thewebdevpoint.com\/wp-content\/uploads\/2024\/10\/Logo.svg\",\"contentUrl\":\"https:\/\/thewebdevpoint.com\/wp-content\/uploads\/2024\/10\/Logo.svg\",\"width\":251,\"height\":48,\"caption\":\"Muzeul Pele\u0219\"},\"image\":{\"@id\":\"https:\/\/thewebdevpoint.com\/ro\/#\/schema\/logo\/image\/\"}}]}<\/script>\n<!-- \/ Yoast SEO plugin. -->","yoast_head_json":{"title":"REGELE FERDINAND I AL ROM\u00c2NIEI \u0218I GESTURILE SALE ISTORICE &#183; Peles Test","robots":{"index":"noindex","follow":"follow","max-snippet":"max-snippet:-1","max-image-preview":"max-image-preview:large","max-video-preview":"max-video-preview:-1"},"schema":{"@context":"https:\/\/schema.org","@graph":[{"@type":"WebPage","@id":"https:\/\/thewebdevpoint.com\/eveniment\/regele-ferdinand-i-al-romaniei-si-gesturile-sale-istorice\/","url":"https:\/\/thewebdevpoint.com\/eveniment\/regele-ferdinand-i-al-romaniei-si-gesturile-sale-istorice\/","name":"REGELE FERDINAND I AL ROM\u00c2NIEI \u0218I GESTURILE SALE ISTORICE &#183; Peles Test","isPartOf":{"@id":"https:\/\/thewebdevpoint.com\/ro\/#website"},"datePublished":"2024-10-08T11:59:11+00:00","dateModified":"2024-12-19T07:49:13+00:00","breadcrumb":{"@id":"https:\/\/thewebdevpoint.com\/eveniment\/regele-ferdinand-i-al-romaniei-si-gesturile-sale-istorice\/#breadcrumb"},"inLanguage":"fr-FR","potentialAction":[{"@type":"ReadAction","target":["https:\/\/thewebdevpoint.com\/eveniment\/regele-ferdinand-i-al-romaniei-si-gesturile-sale-istorice\/"]}]},{"@type":"BreadcrumbList","@id":"https:\/\/thewebdevpoint.com\/eveniment\/regele-ferdinand-i-al-romaniei-si-gesturile-sale-istorice\/#breadcrumb","itemListElement":[{"@type":"ListItem","position":1,"name":"Acas\u0103","item":"https:\/\/thewebdevpoint.com\/"},{"@type":"ListItem","position":2,"name":"Evenimente","item":"https:\/\/thewebdevpoint.com\/ro\/evenimente\/"},{"@type":"ListItem","position":3,"name":"REGELE FERDINAND I AL ROM\u00c2NIEI \u0218I GESTURILE SALE ISTORICE"}]},{"@type":"WebSite","@id":"https:\/\/thewebdevpoint.com\/ro\/#website","url":"https:\/\/thewebdevpoint.com\/ro\/","name":"Peles Test","description":"","publisher":{"@id":"https:\/\/thewebdevpoint.com\/ro\/#organization"},"potentialAction":[{"@type":"SearchAction","target":{"@type":"EntryPoint","urlTemplate":"https:\/\/thewebdevpoint.com\/ro\/?s={search_term_string}"},"query-input":{"@type":"PropertyValueSpecification","valueRequired":true,"valueName":"search_term_string"}}],"inLanguage":"fr-FR"},{"@type":"Organization","@id":"https:\/\/thewebdevpoint.com\/ro\/#organization","name":"Muzeul Pele\u0219","alternateName":"MP","url":"https:\/\/thewebdevpoint.com\/ro\/","logo":{"@type":"ImageObject","inLanguage":"fr-FR","@id":"https:\/\/thewebdevpoint.com\/ro\/#\/schema\/logo\/image\/","url":"https:\/\/thewebdevpoint.com\/wp-content\/uploads\/2024\/10\/Logo.svg","contentUrl":"https:\/\/thewebdevpoint.com\/wp-content\/uploads\/2024\/10\/Logo.svg","width":251,"height":48,"caption":"Muzeul Pele\u0219"},"image":{"@id":"https:\/\/thewebdevpoint.com\/ro\/#\/schema\/logo\/image\/"}}]}},"_links":{"self":[{"href":"https:\/\/thewebdevpoint.com\/fr\/wp-json\/wp\/v2\/eveniment\/8720","targetHints":{"allow":["GET"]}}],"collection":[{"href":"https:\/\/thewebdevpoint.com\/fr\/wp-json\/wp\/v2\/eveniment"}],"about":[{"href":"https:\/\/thewebdevpoint.com\/fr\/wp-json\/wp\/v2\/types\/eveniment"}],"version-history":[{"count":1,"href":"https:\/\/thewebdevpoint.com\/fr\/wp-json\/wp\/v2\/eveniment\/8720\/revisions"}],"predecessor-version":[{"id":16852,"href":"https:\/\/thewebdevpoint.com\/fr\/wp-json\/wp\/v2\/eveniment\/8720\/revisions\/16852"}],"wp:attachment":[{"href":"https:\/\/thewebdevpoint.com\/fr\/wp-json\/wp\/v2\/media?parent=8720"}],"wp:term":[{"taxonomy":"categorie-evenimente","embeddable":true,"href":"https:\/\/thewebdevpoint.com\/fr\/wp-json\/wp\/v2\/categorie-evenimente?post=8720"}],"curies":[{"name":"wp","href":"https:\/\/api.w.org\/{rel}","templated":true}]}}

<p>Le Musée national Peleș vous invite le jeudi 29 septembre à 12h00 à la conférence du professeur Ion Bulei. Intitulée :<strong>Le roi Ferdinand Ier de Roumanie et ses gestes historiques</strong>&quot;, fait partie de la série de conférences publiques consacrées aux rois et reines de Roumanie.</p>
<p>Avec une carrière universitaire impressionnante, Ion Bulei est l’un des historiens les plus brillants de l’époque roumaine moderne.<br />
« La vie au temps de Carol I », « La vie quotidienne au temps de Carol I »<span class="text_exposed_show">&quot;, &quot;Conservatisme&quot;, &quot;Histoire et actualité&quot;, &quot;Le monde roumain en 1900&quot;, &quot;La reine Maria&quot;, &quot;Une histoire des Roumains&quot;, &quot;Les Roumains aux XIXe et XXe siècles&quot;, &quot;L&#039;européanisation&quot; ne sont que quelques-uns des titres à succès sur lesquels il a apposé sa signature au fil du temps.</span></p>
<div class="text_exposed_show">
<p>Cette année, le Musée national Peleș a édité le catalogue de l&#039;exposition temporaire « La reine Élisabeth de Roumanie - Un siècle d&#039;éternité », dans lequel il a publié un texte écrit par le professeur Ion Bulei.</p>
</div>

<!-- This site is optimized with the Yoast SEO plugin v24.1 - https://yoast.com/wordpress/plugins/seo/ -->
<title>REGELE FERDINAND I AL ROMÂNIEI ȘI GESTURILE SALE ISTORICE &#183; Peles Test</title>
<meta name="robots" content="noindex, follow, max-snippet:-1, max-image-preview:large, max-video-preview:-1" />
<script type="application/ld+json" class="yoast-schema-graph">{"@context":"https://schema.org","@graph":[{"@type":"WebPage","@id":"https://thewebdevpoint.com/eveniment/regele-ferdinand-i-al-romaniei-si-gesturile-sale-istorice/","url":"https://thewebdevpoint.com/eveniment/regele-ferdinand-i-al-romaniei-si-gesturile-sale-istorice/","name":"REGELE FERDINAND I AL ROMÂNIEI ȘI GESTURILE SALE ISTORICE &#183; Peles Test","isPartOf":{"@id":"https://thewebdevpoint.com/ro/#website"},"datePublished":"2024-10-08T11:59:11+00:00","dateModified":"2024-12-19T07:49:13+00:00","breadcrumb":{"@id":"https://thewebdevpoint.com/eveniment/regele-ferdinand-i-al-romaniei-si-gesturile-sale-istorice/#breadcrumb"},"inLanguage":"fr-FR","potentialAction":[{"@type":"ReadAction","target":["https://thewebdevpoint.com/eveniment/regele-ferdinand-i-al-romaniei-si-gesturile-sale-istorice/"]}]},{"@type":"BreadcrumbList","@id":"https://thewebdevpoint.com/eveniment/regele-ferdinand-i-al-romaniei-si-gesturile-sale-istorice/#breadcrumb","itemListElement":[{"@type":"ListItem","position":1,"name":"Acasă","item":"https://thewebdevpoint.com/"},{"@type":"ListItem","position":2,"name":"Evenimente","item":"https://thewebdevpoint.com/ro/evenimente/"},{"@type":"ListItem","position":3,"name":"REGELE FERDINAND I AL ROMÂNIEI ȘI GESTURILE SALE ISTORICE"}]},{"@type":"WebSite","@id":"https://thewebdevpoint.com/ro/#website","url":"https://thewebdevpoint.com/ro/","name":"Peles Test","description":"","publisher":{"@id":"https://thewebdevpoint.com/ro/#organization"},"potentialAction":[{"@type":"SearchAction","target":{"@type":"EntryPoint","urlTemplate":"https://thewebdevpoint.com/ro/?s={search_term_string}"},"query-input":{"@type":"PropertyValueSpecification","valueRequired":true,"valueName":"search_term_string"}}],"inLanguage":"fr-FR"},{"@type":"Organization","@id":"https://thewebdevpoint.com/ro/#organization","name":"Muzeul Peleș","alternateName":"MP","url":"https://thewebdevpoint.com/ro/","logo":{"@type":"ImageObject","inLanguage":"fr-FR","@id":"https://thewebdevpoint.com/ro/#/schema/logo/image/","url":"https://thewebdevpoint.com/wp-content/uploads/2024/10/Logo.svg","contentUrl":"https://thewebdevpoint.com/wp-content/uploads/2024/10/Logo.svg","width":251,"height":48,"caption":"Muzeul Peleș"},"image":{"@id":"https://thewebdevpoint.com/ro/#/schema/logo/image/"}}]}</script>
<!-- / Yoast SEO plugin. -->

REGELE FERDINAND I AL ROMÂNIEI ȘI GESTURILE SALE ISTORICE &#183; Peles Test

Acasă

REGELE FERDINAND I AL ROMÂNIEI ȘI GESTURILE SALE ISTORICE

Muzeul Peleș
