{"id":8774,"date":"2024-10-08T11:59:12","date_gmt":"2024-10-08T11:59:12","guid":{"rendered":"https:\/\/pelestest.thepoint-agency.com\/zilele-europene-ale-patrimoniului-editia-a-xxv-a\/"},"modified":"2024-12-19T09:48:57","modified_gmt":"2024-12-19T07:48:57","slug":"zilele-europene-ale-patrimoniului-editia-a-xxv-a","status":"publish","type":"eveniment","link":"https:\/\/thewebdevpoint.com\/fr\/eveniment\/zilele-europene-ale-patrimoniului-editia-a-xxv-a\/","title":{"rendered":"Journ\u00e9es europ\u00e9ennes du patrimoine \u2013 25e \u00e9dition"},"content":{"rendered":"<p>Le samedi 16 septembre 2017, \u00e0 l&#039;occasion des Journ\u00e9es europ\u00e9ennes du patrimoine, le Mus\u00e9e national Pele\u0219 vous invite \u00e0 vous inscrire au programme \u00e9ducatif <em>Ferdinand Ier \u2013 le roi unificateur du pays,\u00a0<\/em>qui sera organis\u00e9 dans l&#039;exposition temporaire.<\/p>\n<p>La visite de l&#039;exposition est organis\u00e9e gratuitement.<\/p>\n<p>CONTACT:<br \/>\nt\u00e9l\u00e9phone: 0244 310 918<br \/>\nCourriel : peles.ro@gmail.com<\/p>","protected":false},"featured_media":0,"template":"","meta":{"_acf_changed":false},"categorie-evenimente":[353],"class_list":["post-8774","eveniment","type-eveniment","status-publish","hentry","categorie-evenimente-arhiva"],"acf":[],"yoast_head":"<!-- This site is optimized with the Yoast SEO plugin v24.1 - https:\/\/yoast.com\/wordpress\/plugins\/seo\/ -->\n<title>Zilele europene ale patrimoniului - edi\u0163ia a XXV-a &#183; Peles Test<\/title>\n<meta name=\"robots\" content=\"noindex, follow, max-snippet:-1, max-image-preview:large, max-video-preview:-1\" \/>\n<script type=\"application\/ld+json\" class=\"yoast-schema-graph\">{\"@context\":\"https:\/\/schema.org\",\"@graph\":[{\"@type\":\"WebPage\",\"@id\":\"https:\/\/thewebdevpoint.com\/eveniment\/zilele-europene-ale-patrimoniului-editia-a-xxv-a\/\",\"url\":\"https:\/\/thewebdevpoint.com\/eveniment\/zilele-europene-ale-patrimoniului-editia-a-xxv-a\/\",\"name\":\"Zilele europene ale patrimoniului - edi\u0163ia a XXV-a &#183; Peles Test\",\"isPartOf\":{\"@id\":\"https:\/\/thewebdevpoint.com\/ro\/#website\"},\"datePublished\":\"2024-10-08T11:59:12+00:00\",\"dateModified\":\"2024-12-19T07:48:57+00:00\",\"breadcrumb\":{\"@id\":\"https:\/\/thewebdevpoint.com\/eveniment\/zilele-europene-ale-patrimoniului-editia-a-xxv-a\/#breadcrumb\"},\"inLanguage\":\"fr-FR\",\"potentialAction\":[{\"@type\":\"ReadAction\",\"target\":[\"https:\/\/thewebdevpoint.com\/eveniment\/zilele-europene-ale-patrimoniului-editia-a-xxv-a\/\"]}]},{\"@type\":\"BreadcrumbList\",\"@id\":\"https:\/\/thewebdevpoint.com\/eveniment\/zilele-europene-ale-patrimoniului-editia-a-xxv-a\/#breadcrumb\",\"itemListElement\":[{\"@type\":\"ListItem\",\"position\":1,\"name\":\"Acas\u0103\",\"item\":\"https:\/\/thewebdevpoint.com\/\"},{\"@type\":\"ListItem\",\"position\":2,\"name\":\"Evenimente\",\"item\":\"https:\/\/thewebdevpoint.com\/ro\/evenimente\/\"},{\"@type\":\"ListItem\",\"position\":3,\"name\":\"Zilele europene ale patrimoniului &#8211; edi\u0163ia a XXV-a\"}]},{\"@type\":\"WebSite\",\"@id\":\"https:\/\/thewebdevpoint.com\/ro\/#website\",\"url\":\"https:\/\/thewebdevpoint.com\/ro\/\",\"name\":\"Peles Test\",\"description\":\"\",\"publisher\":{\"@id\":\"https:\/\/thewebdevpoint.com\/ro\/#organization\"},\"potentialAction\":[{\"@type\":\"SearchAction\",\"target\":{\"@type\":\"EntryPoint\",\"urlTemplate\":\"https:\/\/thewebdevpoint.com\/ro\/?s={search_term_string}\"},\"query-input\":{\"@type\":\"PropertyValueSpecification\",\"valueRequired\":true,\"valueName\":\"search_term_string\"}}],\"inLanguage\":\"fr-FR\"},{\"@type\":\"Organization\",\"@id\":\"https:\/\/thewebdevpoint.com\/ro\/#organization\",\"name\":\"Muzeul Pele\u0219\",\"alternateName\":\"MP\",\"url\":\"https:\/\/thewebdevpoint.com\/ro\/\",\"logo\":{\"@type\":\"ImageObject\",\"inLanguage\":\"fr-FR\",\"@id\":\"https:\/\/thewebdevpoint.com\/ro\/#\/schema\/logo\/image\/\",\"url\":\"https:\/\/thewebdevpoint.com\/wp-content\/uploads\/2024\/10\/Logo.svg\",\"contentUrl\":\"https:\/\/thewebdevpoint.com\/wp-content\/uploads\/2024\/10\/Logo.svg\",\"width\":251,\"height\":48,\"caption\":\"Muzeul Pele\u0219\"},\"image\":{\"@id\":\"https:\/\/thewebdevpoint.com\/ro\/#\/schema\/logo\/image\/\"}}]}<\/script>\n<!-- \/ Yoast SEO plugin. -->","yoast_head_json":{"title":"Zilele europene ale patrimoniului - edi\u0163ia a XXV-a &#183; Peles Test","robots":{"index":"noindex","follow":"follow","max-snippet":"max-snippet:-1","max-image-preview":"max-image-preview:large","max-video-preview":"max-video-preview:-1"},"schema":{"@context":"https:\/\/schema.org","@graph":[{"@type":"WebPage","@id":"https:\/\/thewebdevpoint.com\/eveniment\/zilele-europene-ale-patrimoniului-editia-a-xxv-a\/","url":"https:\/\/thewebdevpoint.com\/eveniment\/zilele-europene-ale-patrimoniului-editia-a-xxv-a\/","name":"Zilele europene ale patrimoniului - edi\u0163ia a XXV-a &#183; Peles Test","isPartOf":{"@id":"https:\/\/thewebdevpoint.com\/ro\/#website"},"datePublished":"2024-10-08T11:59:12+00:00","dateModified":"2024-12-19T07:48:57+00:00","breadcrumb":{"@id":"https:\/\/thewebdevpoint.com\/eveniment\/zilele-europene-ale-patrimoniului-editia-a-xxv-a\/#breadcrumb"},"inLanguage":"fr-FR","potentialAction":[{"@type":"ReadAction","target":["https:\/\/thewebdevpoint.com\/eveniment\/zilele-europene-ale-patrimoniului-editia-a-xxv-a\/"]}]},{"@type":"BreadcrumbList","@id":"https:\/\/thewebdevpoint.com\/eveniment\/zilele-europene-ale-patrimoniului-editia-a-xxv-a\/#breadcrumb","itemListElement":[{"@type":"ListItem","position":1,"name":"Acas\u0103","item":"https:\/\/thewebdevpoint.com\/"},{"@type":"ListItem","position":2,"name":"Evenimente","item":"https:\/\/thewebdevpoint.com\/ro\/evenimente\/"},{"@type":"ListItem","position":3,"name":"Zilele europene ale patrimoniului &#8211; edi\u0163ia a XXV-a"}]},{"@type":"WebSite","@id":"https:\/\/thewebdevpoint.com\/ro\/#website","url":"https:\/\/thewebdevpoint.com\/ro\/","name":"Peles Test","description":"","publisher":{"@id":"https:\/\/thewebdevpoint.com\/ro\/#organization"},"potentialAction":[{"@type":"SearchAction","target":{"@type":"EntryPoint","urlTemplate":"https:\/\/thewebdevpoint.com\/ro\/?s={search_term_string}"},"query-input":{"@type":"PropertyValueSpecification","valueRequired":true,"valueName":"search_term_string"}}],"inLanguage":"fr-FR"},{"@type":"Organization","@id":"https:\/\/thewebdevpoint.com\/ro\/#organization","name":"Muzeul Pele\u0219","alternateName":"MP","url":"https:\/\/thewebdevpoint.com\/ro\/","logo":{"@type":"ImageObject","inLanguage":"fr-FR","@id":"https:\/\/thewebdevpoint.com\/ro\/#\/schema\/logo\/image\/","url":"https:\/\/thewebdevpoint.com\/wp-content\/uploads\/2024\/10\/Logo.svg","contentUrl":"https:\/\/thewebdevpoint.com\/wp-content\/uploads\/2024\/10\/Logo.svg","width":251,"height":48,"caption":"Muzeul Pele\u0219"},"image":{"@id":"https:\/\/thewebdevpoint.com\/ro\/#\/schema\/logo\/image\/"}}]}},"_links":{"self":[{"href":"https:\/\/thewebdevpoint.com\/fr\/wp-json\/wp\/v2\/eveniment\/8774","targetHints":{"allow":["GET"]}}],"collection":[{"href":"https:\/\/thewebdevpoint.com\/fr\/wp-json\/wp\/v2\/eveniment"}],"about":[{"href":"https:\/\/thewebdevpoint.com\/fr\/wp-json\/wp\/v2\/types\/eveniment"}],"version-history":[{"count":1,"href":"https:\/\/thewebdevpoint.com\/fr\/wp-json\/wp\/v2\/eveniment\/8774\/revisions"}],"predecessor-version":[{"id":17257,"href":"https:\/\/thewebdevpoint.com\/fr\/wp-json\/wp\/v2\/eveniment\/8774\/revisions\/17257"}],"wp:attachment":[{"href":"https:\/\/thewebdevpoint.com\/fr\/wp-json\/wp\/v2\/media?parent=8774"}],"wp:term":[{"taxonomy":"categorie-evenimente","embeddable":true,"href":"https:\/\/thewebdevpoint.com\/fr\/wp-json\/wp\/v2\/categorie-evenimente?post=8774"}],"curies":[{"name":"wp","href":"https:\/\/api.w.org\/{rel}","templated":true}]}}

Journées européennes du patrimoine – 25e édition

<p>Le samedi 16 septembre 2017, à l&#039;occasion des Journées européennes du patrimoine, le Musée national Peleș vous invite à vous inscrire au programme éducatif <em>Ferdinand Ier – le roi unificateur du pays, </em>qui sera organisé dans l&#039;exposition temporaire.</p>
<p>La visite de l&#039;exposition est organisée gratuitement.</p>
<p>CONTACT:<br />
téléphone: 0244 310 918<br />
Courriel : peles.ro@gmail.com</p>

<!-- This site is optimized with the Yoast SEO plugin v24.1 - https://yoast.com/wordpress/plugins/seo/ -->
<title>Zilele europene ale patrimoniului - ediţia a XXV-a &#183; Peles Test</title>
<meta name="robots" content="noindex, follow, max-snippet:-1, max-image-preview:large, max-video-preview:-1" />
<script type="application/ld+json" class="yoast-schema-graph">{"@context":"https://schema.org","@graph":[{"@type":"WebPage","@id":"https://thewebdevpoint.com/eveniment/zilele-europene-ale-patrimoniului-editia-a-xxv-a/","url":"https://thewebdevpoint.com/eveniment/zilele-europene-ale-patrimoniului-editia-a-xxv-a/","name":"Zilele europene ale patrimoniului - ediţia a XXV-a &#183; Peles Test","isPartOf":{"@id":"https://thewebdevpoint.com/ro/#website"},"datePublished":"2024-10-08T11:59:12+00:00","dateModified":"2024-12-19T07:48:57+00:00","breadcrumb":{"@id":"https://thewebdevpoint.com/eveniment/zilele-europene-ale-patrimoniului-editia-a-xxv-a/#breadcrumb"},"inLanguage":"fr-FR","potentialAction":[{"@type":"ReadAction","target":["https://thewebdevpoint.com/eveniment/zilele-europene-ale-patrimoniului-editia-a-xxv-a/"]}]},{"@type":"BreadcrumbList","@id":"https://thewebdevpoint.com/eveniment/zilele-europene-ale-patrimoniului-editia-a-xxv-a/#breadcrumb","itemListElement":[{"@type":"ListItem","position":1,"name":"Acasă","item":"https://thewebdevpoint.com/"},{"@type":"ListItem","position":2,"name":"Evenimente","item":"https://thewebdevpoint.com/ro/evenimente/"},{"@type":"ListItem","position":3,"name":"Zilele europene ale patrimoniului &#8211; ediţia a XXV-a"}]},{"@type":"WebSite","@id":"https://thewebdevpoint.com/ro/#website","url":"https://thewebdevpoint.com/ro/","name":"Peles Test","description":"","publisher":{"@id":"https://thewebdevpoint.com/ro/#organization"},"potentialAction":[{"@type":"SearchAction","target":{"@type":"EntryPoint","urlTemplate":"https://thewebdevpoint.com/ro/?s={search_term_string}"},"query-input":{"@type":"PropertyValueSpecification","valueRequired":true,"valueName":"search_term_string"}}],"inLanguage":"fr-FR"},{"@type":"Organization","@id":"https://thewebdevpoint.com/ro/#organization","name":"Muzeul Peleș","alternateName":"MP","url":"https://thewebdevpoint.com/ro/","logo":{"@type":"ImageObject","inLanguage":"fr-FR","@id":"https://thewebdevpoint.com/ro/#/schema/logo/image/","url":"https://thewebdevpoint.com/wp-content/uploads/2024/10/Logo.svg","contentUrl":"https://thewebdevpoint.com/wp-content/uploads/2024/10/Logo.svg","width":251,"height":48,"caption":"Muzeul Peleș"},"image":{"@id":"https://thewebdevpoint.com/ro/#/schema/logo/image/"}}]}</script>
<!-- / Yoast SEO plugin. -->

Zilele europene ale patrimoniului - ediţia a XXV-a &#183; Peles Test

Acasă

Zilele europene ale patrimoniului &#8211; ediţia a XXV-a

Muzeul Peleș
