{"id":8779,"date":"2024-10-08T11:59:12","date_gmt":"2024-10-08T11:59:12","guid":{"rendered":"https:\/\/pelestest.thepoint-agency.com\/o-prietenie-regala-grigore-antipa-si-regii-romaniei-1892-1944\/"},"modified":"2024-12-19T09:48:57","modified_gmt":"2024-12-19T07:48:57","slug":"o-prietenie-regala-grigore-antipa-si-regii-romaniei-1892-1944","status":"publish","type":"eveniment","link":"https:\/\/thewebdevpoint.com\/fr\/eveniment\/o-prietenie-regala-grigore-antipa-si-regii-romaniei-1892-1944\/","title":{"rendered":"Une amiti\u00e9 royale : Grigore Antipa et les rois de Roumanie 1892-1944"},"content":{"rendered":"<p>Le Mus\u00e9e national d&#039;histoire naturelle \u00ab Grigore Antipa \u00bb et ses partenaires - le Mus\u00e9e national Cotroceni, le Mus\u00e9e national Pele\u0219 et le Mus\u00e9e municipal de Bucarest - vous invitent le mercredi 22 novembre 2017, \u00e0 18h00, au vernissage de l&#039;exposition temporaire intitul\u00e9e \u00ab Une amiti\u00e9 royale : Grigore Antipa et les rois de Roumanie 1892-1944 \u00bb. Cet \u00e9v\u00e9nement, organis\u00e9 sous les auspices de la Famille Royale de Roumanie, fait partie de la s\u00e9rie de nombreux \u00e9v\u00e9nements organis\u00e9s par le Mus\u00e9e cette ann\u00e9e, pour marquer le 150e anniversaire de la naissance de Grigore Antipa.<\/p>\n<p>L&#039;exposition raconte l&#039;histoire d&#039;une amiti\u00e9 qui englobe quatre g\u00e9n\u00e9rations de la famille royale, une amiti\u00e9 r\u00e9v\u00e9l\u00e9e par des objets inestimables, des documents et des photographies in\u00e9dites provenant des collections des mus\u00e9es partenaires. Les premi\u00e8res pages de ce r\u00e9cit sur \u00ab Une amiti\u00e9 royale \u00bb ont \u00e9t\u00e9 \u00e9crites \u00e0 Pele\u0219 en octobre 1892, lorsque Grigore Antipa, un jeune homme \u00e9minent, form\u00e9 dans une prestigieuse universit\u00e9 en Allemagne, eut l&#039;honneur particulier de pr\u00e9senter ses projets d&#039;avenir au roi Carol Ier. Conquis par le jeune zoologiste \u00e0 l&#039;esprit d&#039;\u00e9conomiste, le souverain le garde au petit-d\u00e9jeuner et, de plus, devient pour lui au fil des ans \u00ab un v\u00e9ritable parent qui l&#039;a soutenu et conseill\u00e9 jusqu&#039;\u00e0 la fin de sa vie \u00bb.<\/p>\n<p>En visitant l&#039;exposition, nous d\u00e9couvrirons Grigore Antipa, l&#039;ami d\u00e9vou\u00e9 qui, ann\u00e9e apr\u00e8s ann\u00e9e, voyageait dans le delta du Danube avec la famille royale et dont la reine Maria se souvient avec plaisir dans ses c\u00e9l\u00e8bres M\u00e9moires\u00a0: \u00ab\u00a0Notre plus cher compagnon lors de ces voyages sur le Danube \u00e9tait le Dr Antipa, un homme exceptionnellement petit, rond, jovial et plein de sagesse. Il avait \u00e9tudi\u00e9 en Allemagne et parlait l&#039;allemand avec la m\u00eame aisance que sa propre langue. Il connaissait tout de l&#039;eau, des poissons et des oiseaux. Antipa \u00e9tait l&#039;ami de tous et une promenade sur le Danube sans lui perdait la moiti\u00e9 de son charme.\u00a0\u00bb<\/p>\n<p>En entrant dans cette exposition temporaire \u00e9mouvante, nous d\u00e9couvrirons quelques-uns des tr\u00e9sors du Mus\u00e9e dont \u00ab l&#039;\u00e2me \u00bb \u00e9tait Grigore Antipa, celui que le roi Carol Ier consid\u00e9rait comme irrempla\u00e7able \u00e0 la t\u00eate des P\u00eacheries d&#039;\u00c9tat, l&#039;ami de toujours du roi Ferdinand ou le proche collaborateur du roi Carol II. Le livre d&#039;honneur du Mus\u00e9e conserve les signatures des membres de la famille royale roumaine, qui, ann\u00e9e apr\u00e8s ann\u00e9e, revenaient avec amour revisiter le Mus\u00e9e d&#039;histoire naturelle, le mus\u00e9e de leur enfance.<\/p>\n<p>En 1933, \u00e0 l&#039;occasion de l&#039;anniversaire de l&#039;institution qu&#039;il dirigeait, Grigore Antipa d\u00e9clarait que le mus\u00e9e \u00ab devait devenir un v\u00e9ritable foyer de science et de culture de la nation roumaine \u00bb. A la m\u00eame occasion, le roi Carol II a d\u00e9clar\u00e9 que \u00ab ce mus\u00e9e est l&#039;une des institutions culturelles de la Roumanie dont nous pouvons \u00eatre fiers et qui a port\u00e9 la bonne r\u00e9putation de notre pays au-del\u00e0 des fronti\u00e8res \u00bb et, en signe de profonde gratitude envers le fondateur du mus\u00e9e moderne, a d\u00e9cid\u00e9 que l&#039;institution porterait le nom de \u00ab Dr. Grigore Antipa \u00bb.<\/p>\n<p>L&#039;exposition peut \u00eatre visit\u00e9e entre le 22 novembre 2017 et le 4 mars 2018 dans le hall central de l&#039;\u00e9tage du Mus\u00e9e, \u00e9tant int\u00e9gr\u00e9e \u00e0 l&#039;exposition principale.<\/p>\n<p>Le mus\u00e9e est ouvert du mardi au vendredi entre 10h00 et 18h00, le dernier visiteur entre \u00e0 17h00, et le samedi et dimanche entre 10h00 et 19h00 (dernier visiteur entrant \u00e0 18h00).<\/p>","protected":false},"featured_media":0,"template":"","meta":{"_acf_changed":false},"categorie-evenimente":[353],"class_list":["post-8779","eveniment","type-eveniment","status-publish","hentry","categorie-evenimente-arhiva"],"acf":[],"yoast_head":"<!-- This site is optimized with the Yoast SEO plugin v24.1 - https:\/\/yoast.com\/wordpress\/plugins\/seo\/ -->\n<title>O Prietenie Regal\u0103: Grigore Antipa \u0219i Regii Rom\u00e2niei 1892-1944 &#183; Peles Test<\/title>\n<meta name=\"robots\" content=\"noindex, follow, max-snippet:-1, max-image-preview:large, max-video-preview:-1\" \/>\n<script type=\"application\/ld+json\" class=\"yoast-schema-graph\">{\"@context\":\"https:\/\/schema.org\",\"@graph\":[{\"@type\":\"WebPage\",\"@id\":\"https:\/\/thewebdevpoint.com\/eveniment\/o-prietenie-regala-grigore-antipa-si-regii-romaniei-1892-1944\/\",\"url\":\"https:\/\/thewebdevpoint.com\/eveniment\/o-prietenie-regala-grigore-antipa-si-regii-romaniei-1892-1944\/\",\"name\":\"O Prietenie Regal\u0103: Grigore Antipa \u0219i Regii Rom\u00e2niei 1892-1944 &#183; Peles Test\",\"isPartOf\":{\"@id\":\"https:\/\/thewebdevpoint.com\/ro\/#website\"},\"datePublished\":\"2024-10-08T11:59:12+00:00\",\"dateModified\":\"2024-12-19T07:48:57+00:00\",\"breadcrumb\":{\"@id\":\"https:\/\/thewebdevpoint.com\/eveniment\/o-prietenie-regala-grigore-antipa-si-regii-romaniei-1892-1944\/#breadcrumb\"},\"inLanguage\":\"fr-FR\",\"potentialAction\":[{\"@type\":\"ReadAction\",\"target\":[\"https:\/\/thewebdevpoint.com\/eveniment\/o-prietenie-regala-grigore-antipa-si-regii-romaniei-1892-1944\/\"]}]},{\"@type\":\"BreadcrumbList\",\"@id\":\"https:\/\/thewebdevpoint.com\/eveniment\/o-prietenie-regala-grigore-antipa-si-regii-romaniei-1892-1944\/#breadcrumb\",\"itemListElement\":[{\"@type\":\"ListItem\",\"position\":1,\"name\":\"Acas\u0103\",\"item\":\"https:\/\/thewebdevpoint.com\/\"},{\"@type\":\"ListItem\",\"position\":2,\"name\":\"Evenimente\",\"item\":\"https:\/\/thewebdevpoint.com\/ro\/evenimente\/\"},{\"@type\":\"ListItem\",\"position\":3,\"name\":\"O Prietenie Regal\u0103: Grigore Antipa \u0219i Regii Rom\u00e2niei 1892-1944\"}]},{\"@type\":\"WebSite\",\"@id\":\"https:\/\/thewebdevpoint.com\/ro\/#website\",\"url\":\"https:\/\/thewebdevpoint.com\/ro\/\",\"name\":\"Peles Test\",\"description\":\"\",\"publisher\":{\"@id\":\"https:\/\/thewebdevpoint.com\/ro\/#organization\"},\"potentialAction\":[{\"@type\":\"SearchAction\",\"target\":{\"@type\":\"EntryPoint\",\"urlTemplate\":\"https:\/\/thewebdevpoint.com\/ro\/?s={search_term_string}\"},\"query-input\":{\"@type\":\"PropertyValueSpecification\",\"valueRequired\":true,\"valueName\":\"search_term_string\"}}],\"inLanguage\":\"fr-FR\"},{\"@type\":\"Organization\",\"@id\":\"https:\/\/thewebdevpoint.com\/ro\/#organization\",\"name\":\"Muzeul Pele\u0219\",\"alternateName\":\"MP\",\"url\":\"https:\/\/thewebdevpoint.com\/ro\/\",\"logo\":{\"@type\":\"ImageObject\",\"inLanguage\":\"fr-FR\",\"@id\":\"https:\/\/thewebdevpoint.com\/ro\/#\/schema\/logo\/image\/\",\"url\":\"https:\/\/thewebdevpoint.com\/wp-content\/uploads\/2024\/10\/Logo.svg\",\"contentUrl\":\"https:\/\/thewebdevpoint.com\/wp-content\/uploads\/2024\/10\/Logo.svg\",\"width\":251,\"height\":48,\"caption\":\"Muzeul Pele\u0219\"},\"image\":{\"@id\":\"https:\/\/thewebdevpoint.com\/ro\/#\/schema\/logo\/image\/\"}}]}<\/script>\n<!-- \/ Yoast SEO plugin. -->","yoast_head_json":{"title":"O Prietenie Regal\u0103: Grigore Antipa \u0219i Regii Rom\u00e2niei 1892-1944 &#183; Peles Test","robots":{"index":"noindex","follow":"follow","max-snippet":"max-snippet:-1","max-image-preview":"max-image-preview:large","max-video-preview":"max-video-preview:-1"},"schema":{"@context":"https:\/\/schema.org","@graph":[{"@type":"WebPage","@id":"https:\/\/thewebdevpoint.com\/eveniment\/o-prietenie-regala-grigore-antipa-si-regii-romaniei-1892-1944\/","url":"https:\/\/thewebdevpoint.com\/eveniment\/o-prietenie-regala-grigore-antipa-si-regii-romaniei-1892-1944\/","name":"O Prietenie Regal\u0103: Grigore Antipa \u0219i Regii Rom\u00e2niei 1892-1944 &#183; Peles Test","isPartOf":{"@id":"https:\/\/thewebdevpoint.com\/ro\/#website"},"datePublished":"2024-10-08T11:59:12+00:00","dateModified":"2024-12-19T07:48:57+00:00","breadcrumb":{"@id":"https:\/\/thewebdevpoint.com\/eveniment\/o-prietenie-regala-grigore-antipa-si-regii-romaniei-1892-1944\/#breadcrumb"},"inLanguage":"fr-FR","potentialAction":[{"@type":"ReadAction","target":["https:\/\/thewebdevpoint.com\/eveniment\/o-prietenie-regala-grigore-antipa-si-regii-romaniei-1892-1944\/"]}]},{"@type":"BreadcrumbList","@id":"https:\/\/thewebdevpoint.com\/eveniment\/o-prietenie-regala-grigore-antipa-si-regii-romaniei-1892-1944\/#breadcrumb","itemListElement":[{"@type":"ListItem","position":1,"name":"Acas\u0103","item":"https:\/\/thewebdevpoint.com\/"},{"@type":"ListItem","position":2,"name":"Evenimente","item":"https:\/\/thewebdevpoint.com\/ro\/evenimente\/"},{"@type":"ListItem","position":3,"name":"O Prietenie Regal\u0103: Grigore Antipa \u0219i Regii Rom\u00e2niei 1892-1944"}]},{"@type":"WebSite","@id":"https:\/\/thewebdevpoint.com\/ro\/#website","url":"https:\/\/thewebdevpoint.com\/ro\/","name":"Peles Test","description":"","publisher":{"@id":"https:\/\/thewebdevpoint.com\/ro\/#organization"},"potentialAction":[{"@type":"SearchAction","target":{"@type":"EntryPoint","urlTemplate":"https:\/\/thewebdevpoint.com\/ro\/?s={search_term_string}"},"query-input":{"@type":"PropertyValueSpecification","valueRequired":true,"valueName":"search_term_string"}}],"inLanguage":"fr-FR"},{"@type":"Organization","@id":"https:\/\/thewebdevpoint.com\/ro\/#organization","name":"Muzeul Pele\u0219","alternateName":"MP","url":"https:\/\/thewebdevpoint.com\/ro\/","logo":{"@type":"ImageObject","inLanguage":"fr-FR","@id":"https:\/\/thewebdevpoint.com\/ro\/#\/schema\/logo\/image\/","url":"https:\/\/thewebdevpoint.com\/wp-content\/uploads\/2024\/10\/Logo.svg","contentUrl":"https:\/\/thewebdevpoint.com\/wp-content\/uploads\/2024\/10\/Logo.svg","width":251,"height":48,"caption":"Muzeul Pele\u0219"},"image":{"@id":"https:\/\/thewebdevpoint.com\/ro\/#\/schema\/logo\/image\/"}}]}},"_links":{"self":[{"href":"https:\/\/thewebdevpoint.com\/fr\/wp-json\/wp\/v2\/eveniment\/8779","targetHints":{"allow":["GET"]}}],"collection":[{"href":"https:\/\/thewebdevpoint.com\/fr\/wp-json\/wp\/v2\/eveniment"}],"about":[{"href":"https:\/\/thewebdevpoint.com\/fr\/wp-json\/wp\/v2\/types\/eveniment"}],"version-history":[{"count":1,"href":"https:\/\/thewebdevpoint.com\/fr\/wp-json\/wp\/v2\/eveniment\/8779\/revisions"}],"predecessor-version":[{"id":17260,"href":"https:\/\/thewebdevpoint.com\/fr\/wp-json\/wp\/v2\/eveniment\/8779\/revisions\/17260"}],"wp:attachment":[{"href":"https:\/\/thewebdevpoint.com\/fr\/wp-json\/wp\/v2\/media?parent=8779"}],"wp:term":[{"taxonomy":"categorie-evenimente","embeddable":true,"href":"https:\/\/thewebdevpoint.com\/fr\/wp-json\/wp\/v2\/categorie-evenimente?post=8779"}],"curies":[{"name":"wp","href":"https:\/\/api.w.org\/{rel}","templated":true}]}}

Une amitié royale : Grigore Antipa et les rois de Roumanie 1892-1944

<p>Le Musée national d&#039;histoire naturelle « Grigore Antipa » et ses partenaires - le Musée national Cotroceni, le Musée national Peleș et le Musée municipal de Bucarest - vous invitent le mercredi 22 novembre 2017, à 18h00, au vernissage de l&#039;exposition temporaire intitulée « Une amitié royale : Grigore Antipa et les rois de Roumanie 1892-1944 ». Cet événement, organisé sous les auspices de la Famille Royale de Roumanie, fait partie de la série de nombreux événements organisés par le Musée cette année, pour marquer le 150e anniversaire de la naissance de Grigore Antipa.</p>
<p>L&#039;exposition raconte l&#039;histoire d&#039;une amitié qui englobe quatre générations de la famille royale, une amitié révélée par des objets inestimables, des documents et des photographies inédites provenant des collections des musées partenaires. Les premières pages de ce récit sur « Une amitié royale » ont été écrites à Peleș en octobre 1892, lorsque Grigore Antipa, un jeune homme éminent, formé dans une prestigieuse université en Allemagne, eut l&#039;honneur particulier de présenter ses projets d&#039;avenir au roi Carol Ier. Conquis par le jeune zoologiste à l&#039;esprit d&#039;économiste, le souverain le garde au petit-déjeuner et, de plus, devient pour lui au fil des ans « un véritable parent qui l&#039;a soutenu et conseillé jusqu&#039;à la fin de sa vie ».</p>
<p>En visitant l&#039;exposition, nous découvrirons Grigore Antipa, l&#039;ami dévoué qui, année après année, voyageait dans le delta du Danube avec la famille royale et dont la reine Maria se souvient avec plaisir dans ses célèbres Mémoires : « Notre plus cher compagnon lors de ces voyages sur le Danube était le Dr Antipa, un homme exceptionnellement petit, rond, jovial et plein de sagesse. Il avait étudié en Allemagne et parlait l&#039;allemand avec la même aisance que sa propre langue. Il connaissait tout de l&#039;eau, des poissons et des oiseaux. Antipa était l&#039;ami de tous et une promenade sur le Danube sans lui perdait la moitié de son charme. »</p>
<p>En entrant dans cette exposition temporaire émouvante, nous découvrirons quelques-uns des trésors du Musée dont « l&#039;âme » était Grigore Antipa, celui que le roi Carol Ier considérait comme irremplaçable à la tête des Pêcheries d&#039;État, l&#039;ami de toujours du roi Ferdinand ou le proche collaborateur du roi Carol II. Le livre d&#039;honneur du Musée conserve les signatures des membres de la famille royale roumaine, qui, année après année, revenaient avec amour revisiter le Musée d&#039;histoire naturelle, le musée de leur enfance.</p>
<p>En 1933, à l&#039;occasion de l&#039;anniversaire de l&#039;institution qu&#039;il dirigeait, Grigore Antipa déclarait que le musée « devait devenir un véritable foyer de science et de culture de la nation roumaine ». A la même occasion, le roi Carol II a déclaré que « ce musée est l&#039;une des institutions culturelles de la Roumanie dont nous pouvons être fiers et qui a porté la bonne réputation de notre pays au-delà des frontières » et, en signe de profonde gratitude envers le fondateur du musée moderne, a décidé que l&#039;institution porterait le nom de « Dr. Grigore Antipa ».</p>
<p>L&#039;exposition peut être visitée entre le 22 novembre 2017 et le 4 mars 2018 dans le hall central de l&#039;étage du Musée, étant intégrée à l&#039;exposition principale.</p>
<p>Le musée est ouvert du mardi au vendredi entre 10h00 et 18h00, le dernier visiteur entre à 17h00, et le samedi et dimanche entre 10h00 et 19h00 (dernier visiteur entrant à 18h00).</p>

<!-- This site is optimized with the Yoast SEO plugin v24.1 - https://yoast.com/wordpress/plugins/seo/ -->
<title>O Prietenie Regală: Grigore Antipa și Regii României 1892-1944 &#183; Peles Test</title>
<meta name="robots" content="noindex, follow, max-snippet:-1, max-image-preview:large, max-video-preview:-1" />
<script type="application/ld+json" class="yoast-schema-graph">{"@context":"https://schema.org","@graph":[{"@type":"WebPage","@id":"https://thewebdevpoint.com/eveniment/o-prietenie-regala-grigore-antipa-si-regii-romaniei-1892-1944/","url":"https://thewebdevpoint.com/eveniment/o-prietenie-regala-grigore-antipa-si-regii-romaniei-1892-1944/","name":"O Prietenie Regală: Grigore Antipa și Regii României 1892-1944 &#183; Peles Test","isPartOf":{"@id":"https://thewebdevpoint.com/ro/#website"},"datePublished":"2024-10-08T11:59:12+00:00","dateModified":"2024-12-19T07:48:57+00:00","breadcrumb":{"@id":"https://thewebdevpoint.com/eveniment/o-prietenie-regala-grigore-antipa-si-regii-romaniei-1892-1944/#breadcrumb"},"inLanguage":"fr-FR","potentialAction":[{"@type":"ReadAction","target":["https://thewebdevpoint.com/eveniment/o-prietenie-regala-grigore-antipa-si-regii-romaniei-1892-1944/"]}]},{"@type":"BreadcrumbList","@id":"https://thewebdevpoint.com/eveniment/o-prietenie-regala-grigore-antipa-si-regii-romaniei-1892-1944/#breadcrumb","itemListElement":[{"@type":"ListItem","position":1,"name":"Acasă","item":"https://thewebdevpoint.com/"},{"@type":"ListItem","position":2,"name":"Evenimente","item":"https://thewebdevpoint.com/ro/evenimente/"},{"@type":"ListItem","position":3,"name":"O Prietenie Regală: Grigore Antipa și Regii României 1892-1944"}]},{"@type":"WebSite","@id":"https://thewebdevpoint.com/ro/#website","url":"https://thewebdevpoint.com/ro/","name":"Peles Test","description":"","publisher":{"@id":"https://thewebdevpoint.com/ro/#organization"},"potentialAction":[{"@type":"SearchAction","target":{"@type":"EntryPoint","urlTemplate":"https://thewebdevpoint.com/ro/?s={search_term_string}"},"query-input":{"@type":"PropertyValueSpecification","valueRequired":true,"valueName":"search_term_string"}}],"inLanguage":"fr-FR"},{"@type":"Organization","@id":"https://thewebdevpoint.com/ro/#organization","name":"Muzeul Peleș","alternateName":"MP","url":"https://thewebdevpoint.com/ro/","logo":{"@type":"ImageObject","inLanguage":"fr-FR","@id":"https://thewebdevpoint.com/ro/#/schema/logo/image/","url":"https://thewebdevpoint.com/wp-content/uploads/2024/10/Logo.svg","contentUrl":"https://thewebdevpoint.com/wp-content/uploads/2024/10/Logo.svg","width":251,"height":48,"caption":"Muzeul Peleș"},"image":{"@id":"https://thewebdevpoint.com/ro/#/schema/logo/image/"}}]}</script>
<!-- / Yoast SEO plugin. -->

O Prietenie Regală: Grigore Antipa și Regii României 1892-1944 &#183; Peles Test

Acasă

O Prietenie Regală: Grigore Antipa și Regii României 1892-1944

Muzeul Peleș
