{"id":8781,"date":"2024-10-08T11:59:12","date_gmt":"2024-10-08T11:59:12","guid":{"rendered":"https:\/\/pelestest.thepoint-agency.com\/familia-regala-la-iasi-1916-1918-de-la-refugiu-la-marea-unire\/"},"modified":"2024-11-05T11:50:27","modified_gmt":"2024-11-05T09:50:27","slug":"familia-regala-la-iasi-1916-1918-de-la-refugiu-la-marea-unire","status":"publish","type":"eveniment","link":"https:\/\/thewebdevpoint.com\/fr\/eveniment\/familia-regala-la-iasi-1916-1918-de-la-refugiu-la-marea-unire\/","title":{"rendered":"LA FAMILLE ROYALE \u00c0 IA\u015eI (1916 \u2013 1918). Du refuge \u00e0 la grande union"},"content":{"rendered":"<p>Le Complexe mus\u00e9al national \u00ab Moldavie \u00bb Ia\u0219i - Mus\u00e9e d&#039;histoire de la Moldavie - Mus\u00e9e de l&#039;Union, en partenariat avec les Archives du Minist\u00e8re des Affaires \u00e9trang\u00e8res de Roumanie et le Mus\u00e9e national Pele\u0219, organise, du 27 novembre 2017 au 4 janvier 2018, l&#039;exposition <em><strong>La famille royale \u00e0 Iasi (1916-1918). Du refuge \u00e0 la grande union<\/strong><\/em>.<\/p>\n<p>Le vernissage aura lieu le lundi 27 novembre 2017, \u00e0 17h00, au Mus\u00e9e Unirii.<\/p>","protected":false},"featured_media":0,"template":"","meta":{"_acf_changed":false},"categorie-evenimente":[],"class_list":["post-8781","eveniment","type-eveniment","status-publish","hentry"],"acf":[],"yoast_head":"<!-- This site is optimized with the Yoast SEO plugin v24.1 - https:\/\/yoast.com\/wordpress\/plugins\/seo\/ -->\n<title>FAMILIA REGAL\u0102 LA IA\u015eI (1916 - 1918). De la Refugiu la Marea Unire &#183; Peles Test<\/title>\n<meta name=\"robots\" content=\"noindex, follow, max-snippet:-1, max-image-preview:large, max-video-preview:-1\" \/>\n<script type=\"application\/ld+json\" class=\"yoast-schema-graph\">{\"@context\":\"https:\/\/schema.org\",\"@graph\":[{\"@type\":\"WebPage\",\"@id\":\"https:\/\/thewebdevpoint.com\/eveniment\/familia-regala-la-iasi-1916-1918-de-la-refugiu-la-marea-unire\/\",\"url\":\"https:\/\/thewebdevpoint.com\/eveniment\/familia-regala-la-iasi-1916-1918-de-la-refugiu-la-marea-unire\/\",\"name\":\"FAMILIA REGAL\u0102 LA IA\u015eI (1916 - 1918). De la Refugiu la Marea Unire &#183; Peles Test\",\"isPartOf\":{\"@id\":\"https:\/\/thewebdevpoint.com\/ro\/#website\"},\"datePublished\":\"2024-10-08T11:59:12+00:00\",\"dateModified\":\"2024-11-05T09:50:27+00:00\",\"breadcrumb\":{\"@id\":\"https:\/\/thewebdevpoint.com\/eveniment\/familia-regala-la-iasi-1916-1918-de-la-refugiu-la-marea-unire\/#breadcrumb\"},\"inLanguage\":\"fr-FR\",\"potentialAction\":[{\"@type\":\"ReadAction\",\"target\":[\"https:\/\/thewebdevpoint.com\/eveniment\/familia-regala-la-iasi-1916-1918-de-la-refugiu-la-marea-unire\/\"]}]},{\"@type\":\"BreadcrumbList\",\"@id\":\"https:\/\/thewebdevpoint.com\/eveniment\/familia-regala-la-iasi-1916-1918-de-la-refugiu-la-marea-unire\/#breadcrumb\",\"itemListElement\":[{\"@type\":\"ListItem\",\"position\":1,\"name\":\"Acas\u0103\",\"item\":\"https:\/\/thewebdevpoint.com\/\"},{\"@type\":\"ListItem\",\"position\":2,\"name\":\"Evenimente\",\"item\":\"https:\/\/thewebdevpoint.com\/ro\/evenimente\/\"},{\"@type\":\"ListItem\",\"position\":3,\"name\":\"FAMILIA REGAL\u0102 LA IA\u015eI (1916 &#8211; 1918). De la Refugiu la Marea Unire\"}]},{\"@type\":\"WebSite\",\"@id\":\"https:\/\/thewebdevpoint.com\/ro\/#website\",\"url\":\"https:\/\/thewebdevpoint.com\/ro\/\",\"name\":\"Peles Test\",\"description\":\"\",\"publisher\":{\"@id\":\"https:\/\/thewebdevpoint.com\/ro\/#organization\"},\"potentialAction\":[{\"@type\":\"SearchAction\",\"target\":{\"@type\":\"EntryPoint\",\"urlTemplate\":\"https:\/\/thewebdevpoint.com\/ro\/?s={search_term_string}\"},\"query-input\":{\"@type\":\"PropertyValueSpecification\",\"valueRequired\":true,\"valueName\":\"search_term_string\"}}],\"inLanguage\":\"fr-FR\"},{\"@type\":\"Organization\",\"@id\":\"https:\/\/thewebdevpoint.com\/ro\/#organization\",\"name\":\"Muzeul Pele\u0219\",\"alternateName\":\"MP\",\"url\":\"https:\/\/thewebdevpoint.com\/ro\/\",\"logo\":{\"@type\":\"ImageObject\",\"inLanguage\":\"fr-FR\",\"@id\":\"https:\/\/thewebdevpoint.com\/ro\/#\/schema\/logo\/image\/\",\"url\":\"https:\/\/thewebdevpoint.com\/wp-content\/uploads\/2024\/10\/Logo.svg\",\"contentUrl\":\"https:\/\/thewebdevpoint.com\/wp-content\/uploads\/2024\/10\/Logo.svg\",\"width\":251,\"height\":48,\"caption\":\"Muzeul Pele\u0219\"},\"image\":{\"@id\":\"https:\/\/thewebdevpoint.com\/ro\/#\/schema\/logo\/image\/\"}}]}<\/script>\n<!-- \/ Yoast SEO plugin. -->","yoast_head_json":{"title":"FAMILIA REGAL\u0102 LA IA\u015eI (1916 - 1918). De la Refugiu la Marea Unire &#183; Peles Test","robots":{"index":"noindex","follow":"follow","max-snippet":"max-snippet:-1","max-image-preview":"max-image-preview:large","max-video-preview":"max-video-preview:-1"},"schema":{"@context":"https:\/\/schema.org","@graph":[{"@type":"WebPage","@id":"https:\/\/thewebdevpoint.com\/eveniment\/familia-regala-la-iasi-1916-1918-de-la-refugiu-la-marea-unire\/","url":"https:\/\/thewebdevpoint.com\/eveniment\/familia-regala-la-iasi-1916-1918-de-la-refugiu-la-marea-unire\/","name":"FAMILIA REGAL\u0102 LA IA\u015eI (1916 - 1918). De la Refugiu la Marea Unire &#183; Peles Test","isPartOf":{"@id":"https:\/\/thewebdevpoint.com\/ro\/#website"},"datePublished":"2024-10-08T11:59:12+00:00","dateModified":"2024-11-05T09:50:27+00:00","breadcrumb":{"@id":"https:\/\/thewebdevpoint.com\/eveniment\/familia-regala-la-iasi-1916-1918-de-la-refugiu-la-marea-unire\/#breadcrumb"},"inLanguage":"fr-FR","potentialAction":[{"@type":"ReadAction","target":["https:\/\/thewebdevpoint.com\/eveniment\/familia-regala-la-iasi-1916-1918-de-la-refugiu-la-marea-unire\/"]}]},{"@type":"BreadcrumbList","@id":"https:\/\/thewebdevpoint.com\/eveniment\/familia-regala-la-iasi-1916-1918-de-la-refugiu-la-marea-unire\/#breadcrumb","itemListElement":[{"@type":"ListItem","position":1,"name":"Acas\u0103","item":"https:\/\/thewebdevpoint.com\/"},{"@type":"ListItem","position":2,"name":"Evenimente","item":"https:\/\/thewebdevpoint.com\/ro\/evenimente\/"},{"@type":"ListItem","position":3,"name":"FAMILIA REGAL\u0102 LA IA\u015eI (1916 &#8211; 1918). De la Refugiu la Marea Unire"}]},{"@type":"WebSite","@id":"https:\/\/thewebdevpoint.com\/ro\/#website","url":"https:\/\/thewebdevpoint.com\/ro\/","name":"Peles Test","description":"","publisher":{"@id":"https:\/\/thewebdevpoint.com\/ro\/#organization"},"potentialAction":[{"@type":"SearchAction","target":{"@type":"EntryPoint","urlTemplate":"https:\/\/thewebdevpoint.com\/ro\/?s={search_term_string}"},"query-input":{"@type":"PropertyValueSpecification","valueRequired":true,"valueName":"search_term_string"}}],"inLanguage":"fr-FR"},{"@type":"Organization","@id":"https:\/\/thewebdevpoint.com\/ro\/#organization","name":"Muzeul Pele\u0219","alternateName":"MP","url":"https:\/\/thewebdevpoint.com\/ro\/","logo":{"@type":"ImageObject","inLanguage":"fr-FR","@id":"https:\/\/thewebdevpoint.com\/ro\/#\/schema\/logo\/image\/","url":"https:\/\/thewebdevpoint.com\/wp-content\/uploads\/2024\/10\/Logo.svg","contentUrl":"https:\/\/thewebdevpoint.com\/wp-content\/uploads\/2024\/10\/Logo.svg","width":251,"height":48,"caption":"Muzeul Pele\u0219"},"image":{"@id":"https:\/\/thewebdevpoint.com\/ro\/#\/schema\/logo\/image\/"}}]}},"_links":{"self":[{"href":"https:\/\/thewebdevpoint.com\/fr\/wp-json\/wp\/v2\/eveniment\/8781","targetHints":{"allow":["GET"]}}],"collection":[{"href":"https:\/\/thewebdevpoint.com\/fr\/wp-json\/wp\/v2\/eveniment"}],"about":[{"href":"https:\/\/thewebdevpoint.com\/fr\/wp-json\/wp\/v2\/types\/eveniment"}],"version-history":[{"count":0,"href":"https:\/\/thewebdevpoint.com\/fr\/wp-json\/wp\/v2\/eveniment\/8781\/revisions"}],"wp:attachment":[{"href":"https:\/\/thewebdevpoint.com\/fr\/wp-json\/wp\/v2\/media?parent=8781"}],"wp:term":[{"taxonomy":"categorie-evenimente","embeddable":true,"href":"https:\/\/thewebdevpoint.com\/fr\/wp-json\/wp\/v2\/categorie-evenimente?post=8781"}],"curies":[{"name":"wp","href":"https:\/\/api.w.org\/{rel}","templated":true}]}}

LA FAMILLE ROYALE À IAŞI (1916 – 1918). Du refuge à la grande union

<p>Le Complexe muséal national « Moldavie » Iași - Musée d&#039;histoire de la Moldavie - Musée de l&#039;Union, en partenariat avec les Archives du Ministère des Affaires étrangères de Roumanie et le Musée national Peleș, organise, du 27 novembre 2017 au 4 janvier 2018, l&#039;exposition <em><strong>La famille royale à Iasi (1916-1918). Du refuge à la grande union</strong></em>.</p>
<p>Le vernissage aura lieu le lundi 27 novembre 2017, à 17h00, au Musée Unirii.</p>

<!-- This site is optimized with the Yoast SEO plugin v24.1 - https://yoast.com/wordpress/plugins/seo/ -->
<title>FAMILIA REGALĂ LA IAŞI (1916 - 1918). De la Refugiu la Marea Unire &#183; Peles Test</title>
<meta name="robots" content="noindex, follow, max-snippet:-1, max-image-preview:large, max-video-preview:-1" />
<script type="application/ld+json" class="yoast-schema-graph">{"@context":"https://schema.org","@graph":[{"@type":"WebPage","@id":"https://thewebdevpoint.com/eveniment/familia-regala-la-iasi-1916-1918-de-la-refugiu-la-marea-unire/","url":"https://thewebdevpoint.com/eveniment/familia-regala-la-iasi-1916-1918-de-la-refugiu-la-marea-unire/","name":"FAMILIA REGALĂ LA IAŞI (1916 - 1918). De la Refugiu la Marea Unire &#183; Peles Test","isPartOf":{"@id":"https://thewebdevpoint.com/ro/#website"},"datePublished":"2024-10-08T11:59:12+00:00","dateModified":"2024-11-05T09:50:27+00:00","breadcrumb":{"@id":"https://thewebdevpoint.com/eveniment/familia-regala-la-iasi-1916-1918-de-la-refugiu-la-marea-unire/#breadcrumb"},"inLanguage":"fr-FR","potentialAction":[{"@type":"ReadAction","target":["https://thewebdevpoint.com/eveniment/familia-regala-la-iasi-1916-1918-de-la-refugiu-la-marea-unire/"]}]},{"@type":"BreadcrumbList","@id":"https://thewebdevpoint.com/eveniment/familia-regala-la-iasi-1916-1918-de-la-refugiu-la-marea-unire/#breadcrumb","itemListElement":[{"@type":"ListItem","position":1,"name":"Acasă","item":"https://thewebdevpoint.com/"},{"@type":"ListItem","position":2,"name":"Evenimente","item":"https://thewebdevpoint.com/ro/evenimente/"},{"@type":"ListItem","position":3,"name":"FAMILIA REGALĂ LA IAŞI (1916 &#8211; 1918). De la Refugiu la Marea Unire"}]},{"@type":"WebSite","@id":"https://thewebdevpoint.com/ro/#website","url":"https://thewebdevpoint.com/ro/","name":"Peles Test","description":"","publisher":{"@id":"https://thewebdevpoint.com/ro/#organization"},"potentialAction":[{"@type":"SearchAction","target":{"@type":"EntryPoint","urlTemplate":"https://thewebdevpoint.com/ro/?s={search_term_string}"},"query-input":{"@type":"PropertyValueSpecification","valueRequired":true,"valueName":"search_term_string"}}],"inLanguage":"fr-FR"},{"@type":"Organization","@id":"https://thewebdevpoint.com/ro/#organization","name":"Muzeul Peleș","alternateName":"MP","url":"https://thewebdevpoint.com/ro/","logo":{"@type":"ImageObject","inLanguage":"fr-FR","@id":"https://thewebdevpoint.com/ro/#/schema/logo/image/","url":"https://thewebdevpoint.com/wp-content/uploads/2024/10/Logo.svg","contentUrl":"https://thewebdevpoint.com/wp-content/uploads/2024/10/Logo.svg","width":251,"height":48,"caption":"Muzeul Peleș"},"image":{"@id":"https://thewebdevpoint.com/ro/#/schema/logo/image/"}}]}</script>
<!-- / Yoast SEO plugin. -->

FAMILIA REGALĂ LA IAŞI (1916 - 1918). De la Refugiu la Marea Unire &#183; Peles Test

Acasă

FAMILIA REGALĂ LA IAŞI (1916 &#8211; 1918). De la Refugiu la Marea Unire

Muzeul Peleș
