{"id":8832,"date":"2024-10-08T11:59:14","date_gmt":"2024-10-08T11:59:14","guid":{"rendered":"https:\/\/pelestest.thepoint-agency.com\/recital-de-pian-2\/"},"modified":"2024-12-19T09:51:16","modified_gmt":"2024-12-19T07:51:16","slug":"recital-de-pian-2","status":"publish","type":"eveniment","link":"https:\/\/thewebdevpoint.com\/fr\/eveniment\/recital-de-pian-2\/","title":{"rendered":"R\u00e9cital de piano"},"content":{"rendered":"<p><strong>R\u00e9cital de piano de Chiyo Hagiwara, samedi, au ch\u00e2teau de Pele\u0219<\/strong><\/p>\n<p>&nbsp;<\/p>\n<p><em>\u00a0\u00a0\u00a0\u00a0\u00a0\u00a0\u00a0\u00a0\u00a0\u00a0\u00a0\u00a0\u00a0\u00a0\u00a0\u00a0\u00a0\u00a0\u00a0\u00a0\u00a0\u00a0\u00a0\u00a0\u00a0\u00a0\u00a0\u00a0\u00a0\u00a0\u00a0\u00a0\u00a0\u00a0\u00a0\u00a0\u00a0\u00a0\u00a0\u00a0\u00a0\u00a0\u00a0\u00a0\u00a0\u00a0\u00a0\u00a0\u00a0\u00a0\u00a0\u00a0\u00a0\u00a0\u00a0\u00a0\u00a0\u00a0\u00a0\u00a0\u00a0\u00a0\u00a0\u00a0\u00a0\u00a0\u00a0\u00a0\u00a0\u00a0\u00a0\u00a0\u00a0\u00a0\u00a0\u00a0\u00a0\u00a0 Communiqu\u00e9 de presse UCIMR &amp; Mus\u00e9e national Pele\u0219<\/em><\/p>\n<p>&nbsp;<\/p>\n<p><strong>Saison \u00ab Citadelle des Arts \u00bb<\/strong> depuis <strong>Salle de concert du ch\u00e2teau de Pele\u0219<\/strong> se poursuit le samedi 28 septembre, \u00e0 partir de 16h00, avec le r\u00e9cital exceptionnel donn\u00e9 par le pianiste de renom <strong>Chiyo Hagiwara <\/strong>du Japon. Le programme du concert comprendra des \u0153uvres compos\u00e9es par D. Scarlatti, WA Mozart, L. Van Beethoven, R. Schumann.<\/p>\n<p>Les visiteurs pourront d\u00e9couvrir, \u00e0 cette occasion, une nouvelle pi\u00e8ce de collection issue du patrimoine du Mus\u00e9e national Pele\u0219, dont l&#039;histoire sera expos\u00e9e en ouverture du concert.<\/p>\n<p>L&#039;\u00e9v\u00e9nement est organis\u00e9 en partenariat avec l&#039;Institut Balassi et sera pr\u00e9sent\u00e9 par le journaliste Sebastian Cr\u0103ciun. L&#039;entr\u00e9e sera gratuite sur r\u00e9servation demand\u00e9e \u00e0 rezervari.ucimr@gmail.com<\/p>\n<p>&nbsp;<\/p>\n<p><strong>Chiyo Hagiwara<\/strong> elle est dipl\u00f4m\u00e9e de l&#039;Acad\u00e9mie de Musique de Tokyo ; il a \u00e9tudi\u00e9 avec des professeurs tels que Yayoi Fujisawa, Toru Kimura, Shinya Ozaki, Hitoshi Kobayashi, Yutaka Yoshida, Cs\u00edky Boldizs\u00e1r, Cs\u00edky Boldizs\u00e1r jr. et Junko Massaglia.<\/p>\n<p>Elle donne syst\u00e9matiquement des r\u00e9citals en France, au Japon et en Roumanie, se produisant \u00e9galement en soliste avec les orchestres philharmoniques de T\u00e2rgu-Mure\u015f, Satu Mare et Bucarest.<\/p>\n<p>En Roumanie, il d\u00e9couvre l&#039;\u0153uvre musicale de Carl Filtsch, gr\u00e2ce au pianiste et professeur Cs\u00edky Boldizs\u00e1r Jr., qui \u00e9tudie en profondeur les cr\u00e9ations de ce g\u00e9nie transylvanien. Actuellement, dans le monde de la musique classique japonaise, Chiyo est connue comme promotrice de l&#039;\u0153uvre de ce compositeur, \u00e9tant la premi\u00e8re \u00e0 interpr\u00e9ter dans son pays, en premi\u00e8re absolue, les opus de Filtsch. En avril 2017, le premier album de Chiyo Hagiwara, contenant des \u0153uvres de Filtsch, a atteint la premi\u00e8re place du classement des albums Billboard au Japon.<\/p>\n<p>En plus de son travail dans le domaine de la musique classique, Chiyo est impliqu\u00e9e dans de nombreux autres projets dans lesquels elle interpr\u00e8te au piano, ainsi que vocalement, un r\u00e9pertoire compos\u00e9 de chansons indiennes et japonaises, et l&#039;artiste exerce \u00e9galement une activit\u00e9 de composition. En 2017, la ville de Yamato lui a d\u00e9cern\u00e9 le Prix pour l\u2019avenir de la culture et de l\u2019art. En 2019, il remporte le Troisi\u00e8me Prix du Concours Musical de France.<\/p>\n<p>&nbsp;<\/p>\n<p><strong>\u00c0 propos de l&#039;Union de Cr\u00e9ation Interpr\u00e9tative des Musiciens de Roumanie<\/strong><\/p>\n<p>&nbsp;<\/p>\n<p>L&#039;UCIMR est une organisation non gouvernementale d&#039;utilit\u00e9 publique, d\u00e9di\u00e9e aux musiciens et danseurs professionnels, regroupant actuellement environ 10 000 membres dans tout le pays. Au cours de ses 21 ann\u00e9es d\u2019activit\u00e9, l\u2019UCIMR s\u2019est impos\u00e9e dans la vie culturelle par la coh\u00e9rence et la continuit\u00e9 de ses projets, dont l\u2019impact a contribu\u00e9 \u00e0 am\u00e9liorer la condition des artistes roumains et \u00e0 attirer un nouveau public \u00e0 chaque projet.<\/p>\n<p>&nbsp;<\/p>\n<p>Depuis 2009, l&#039;UCIMR soutient et promeut les jeunes artistes roumains, \u00e0 travers un programme d\u00e9di\u00e9 intitul\u00e9 \u00ab Opportunit\u00e9s chez vous \u00bb. Le programme offre l\u2019occasion aux jeunes musiciens de s\u2019affirmer \u00e0 travers plus de 100 concerts.<strong>\u00a0<\/strong>organis\u00e9s chaque ann\u00e9e dans des villes \u00e0 travers le pays. Les concerts font partie de saisons ind\u00e9pendantes, de festivals, de master classes avec des ma\u00eetres internationaux et de concours dans le pays et \u00e0 l&#039;\u00e9tranger, soutenus par des institutions publiques et des entreprises priv\u00e9es.<\/p>\n<p>Au fil du temps, l\u2019UCIMR a remport\u00e9 des dizaines de financements et de parrainages en concours ouvert pour la continuit\u00e9 des projets, \u00e9tant toujours proche du secteur cr\u00e9atif.<\/p>\n<p>&nbsp;<\/p>\n<p>Les \u00e9v\u00e9nements du programme attirent chaque ann\u00e9e un minimum de 10 000 spectateurs dans les salles de concert et cumulent plus de 600 000 vues en ligne.<\/p>\n<p>&nbsp;<\/p>\n<p>&nbsp;<\/p>","protected":false},"featured_media":0,"template":"","meta":{"_acf_changed":false},"categorie-evenimente":[353],"class_list":["post-8832","eveniment","type-eveniment","status-publish","hentry","categorie-evenimente-arhiva"],"acf":[],"yoast_head":"<!-- This site is optimized with the Yoast SEO plugin v24.1 - https:\/\/yoast.com\/wordpress\/plugins\/seo\/ -->\n<title>Recital de pian &#183; Peles Test<\/title>\n<meta name=\"robots\" content=\"noindex, follow, max-snippet:-1, max-image-preview:large, max-video-preview:-1\" \/>\n<script type=\"application\/ld+json\" class=\"yoast-schema-graph\">{\"@context\":\"https:\/\/schema.org\",\"@graph\":[{\"@type\":\"WebPage\",\"@id\":\"https:\/\/thewebdevpoint.com\/ro\/eveniment\/recital-de-pian-2\/\",\"url\":\"https:\/\/thewebdevpoint.com\/ro\/eveniment\/recital-de-pian-2\/\",\"name\":\"Recital de pian &#183; Peles Test\",\"isPartOf\":{\"@id\":\"https:\/\/thewebdevpoint.com\/ro\/#website\"},\"datePublished\":\"2024-10-08T11:59:14+00:00\",\"dateModified\":\"2024-12-19T07:51:16+00:00\",\"breadcrumb\":{\"@id\":\"https:\/\/thewebdevpoint.com\/ro\/eveniment\/recital-de-pian-2\/#breadcrumb\"},\"inLanguage\":\"fr-FR\",\"potentialAction\":[{\"@type\":\"ReadAction\",\"target\":[\"https:\/\/thewebdevpoint.com\/ro\/eveniment\/recital-de-pian-2\/\"]}]},{\"@type\":\"BreadcrumbList\",\"@id\":\"https:\/\/thewebdevpoint.com\/ro\/eveniment\/recital-de-pian-2\/#breadcrumb\",\"itemListElement\":[{\"@type\":\"ListItem\",\"position\":1,\"name\":\"Acas\u0103\",\"item\":\"https:\/\/thewebdevpoint.com\/\"},{\"@type\":\"ListItem\",\"position\":2,\"name\":\"Evenimente\",\"item\":\"https:\/\/thewebdevpoint.com\/ro\/evenimente\/\"},{\"@type\":\"ListItem\",\"position\":3,\"name\":\"Recital de pian\"}]},{\"@type\":\"WebSite\",\"@id\":\"https:\/\/thewebdevpoint.com\/ro\/#website\",\"url\":\"https:\/\/thewebdevpoint.com\/ro\/\",\"name\":\"Peles Test\",\"description\":\"\",\"publisher\":{\"@id\":\"https:\/\/thewebdevpoint.com\/ro\/#organization\"},\"potentialAction\":[{\"@type\":\"SearchAction\",\"target\":{\"@type\":\"EntryPoint\",\"urlTemplate\":\"https:\/\/thewebdevpoint.com\/ro\/?s={search_term_string}\"},\"query-input\":{\"@type\":\"PropertyValueSpecification\",\"valueRequired\":true,\"valueName\":\"search_term_string\"}}],\"inLanguage\":\"fr-FR\"},{\"@type\":\"Organization\",\"@id\":\"https:\/\/thewebdevpoint.com\/ro\/#organization\",\"name\":\"Muzeul Pele\u0219\",\"alternateName\":\"MP\",\"url\":\"https:\/\/thewebdevpoint.com\/ro\/\",\"logo\":{\"@type\":\"ImageObject\",\"inLanguage\":\"fr-FR\",\"@id\":\"https:\/\/thewebdevpoint.com\/ro\/#\/schema\/logo\/image\/\",\"url\":\"https:\/\/thewebdevpoint.com\/wp-content\/uploads\/2024\/10\/Logo.svg\",\"contentUrl\":\"https:\/\/thewebdevpoint.com\/wp-content\/uploads\/2024\/10\/Logo.svg\",\"width\":251,\"height\":48,\"caption\":\"Muzeul Pele\u0219\"},\"image\":{\"@id\":\"https:\/\/thewebdevpoint.com\/ro\/#\/schema\/logo\/image\/\"}}]}<\/script>\n<!-- \/ Yoast SEO plugin. -->","yoast_head_json":{"title":"Recital de pian &#183; Peles Test","robots":{"index":"noindex","follow":"follow","max-snippet":"max-snippet:-1","max-image-preview":"max-image-preview:large","max-video-preview":"max-video-preview:-1"},"schema":{"@context":"https:\/\/schema.org","@graph":[{"@type":"WebPage","@id":"https:\/\/thewebdevpoint.com\/ro\/eveniment\/recital-de-pian-2\/","url":"https:\/\/thewebdevpoint.com\/ro\/eveniment\/recital-de-pian-2\/","name":"Recital de pian &#183; Peles Test","isPartOf":{"@id":"https:\/\/thewebdevpoint.com\/ro\/#website"},"datePublished":"2024-10-08T11:59:14+00:00","dateModified":"2024-12-19T07:51:16+00:00","breadcrumb":{"@id":"https:\/\/thewebdevpoint.com\/ro\/eveniment\/recital-de-pian-2\/#breadcrumb"},"inLanguage":"fr-FR","potentialAction":[{"@type":"ReadAction","target":["https:\/\/thewebdevpoint.com\/ro\/eveniment\/recital-de-pian-2\/"]}]},{"@type":"BreadcrumbList","@id":"https:\/\/thewebdevpoint.com\/ro\/eveniment\/recital-de-pian-2\/#breadcrumb","itemListElement":[{"@type":"ListItem","position":1,"name":"Acas\u0103","item":"https:\/\/thewebdevpoint.com\/"},{"@type":"ListItem","position":2,"name":"Evenimente","item":"https:\/\/thewebdevpoint.com\/ro\/evenimente\/"},{"@type":"ListItem","position":3,"name":"Recital de pian"}]},{"@type":"WebSite","@id":"https:\/\/thewebdevpoint.com\/ro\/#website","url":"https:\/\/thewebdevpoint.com\/ro\/","name":"Peles Test","description":"","publisher":{"@id":"https:\/\/thewebdevpoint.com\/ro\/#organization"},"potentialAction":[{"@type":"SearchAction","target":{"@type":"EntryPoint","urlTemplate":"https:\/\/thewebdevpoint.com\/ro\/?s={search_term_string}"},"query-input":{"@type":"PropertyValueSpecification","valueRequired":true,"valueName":"search_term_string"}}],"inLanguage":"fr-FR"},{"@type":"Organization","@id":"https:\/\/thewebdevpoint.com\/ro\/#organization","name":"Muzeul Pele\u0219","alternateName":"MP","url":"https:\/\/thewebdevpoint.com\/ro\/","logo":{"@type":"ImageObject","inLanguage":"fr-FR","@id":"https:\/\/thewebdevpoint.com\/ro\/#\/schema\/logo\/image\/","url":"https:\/\/thewebdevpoint.com\/wp-content\/uploads\/2024\/10\/Logo.svg","contentUrl":"https:\/\/thewebdevpoint.com\/wp-content\/uploads\/2024\/10\/Logo.svg","width":251,"height":48,"caption":"Muzeul Pele\u0219"},"image":{"@id":"https:\/\/thewebdevpoint.com\/ro\/#\/schema\/logo\/image\/"}}]}},"_links":{"self":[{"href":"https:\/\/thewebdevpoint.com\/fr\/wp-json\/wp\/v2\/eveniment\/8832","targetHints":{"allow":["GET"]}}],"collection":[{"href":"https:\/\/thewebdevpoint.com\/fr\/wp-json\/wp\/v2\/eveniment"}],"about":[{"href":"https:\/\/thewebdevpoint.com\/fr\/wp-json\/wp\/v2\/types\/eveniment"}],"version-history":[{"count":1,"href":"https:\/\/thewebdevpoint.com\/fr\/wp-json\/wp\/v2\/eveniment\/8832\/revisions"}],"predecessor-version":[{"id":16170,"href":"https:\/\/thewebdevpoint.com\/fr\/wp-json\/wp\/v2\/eveniment\/8832\/revisions\/16170"}],"wp:attachment":[{"href":"https:\/\/thewebdevpoint.com\/fr\/wp-json\/wp\/v2\/media?parent=8832"}],"wp:term":[{"taxonomy":"categorie-evenimente","embeddable":true,"href":"https:\/\/thewebdevpoint.com\/fr\/wp-json\/wp\/v2\/categorie-evenimente?post=8832"}],"curies":[{"name":"wp","href":"https:\/\/api.w.org\/{rel}","templated":true}]}}

Récital de piano

<p><strong>Récital de piano de Chiyo Hagiwara, samedi, au château de Peleș</strong></p>
<p>&nbsp;</p>
<p><em>                                                                               Communiqué de presse UCIMR &amp; Musée national Peleș</em></p>
<p>&nbsp;</p>
<p><strong>Saison « Citadelle des Arts »</strong> depuis <strong>Salle de concert du château de Peleș</strong> se poursuit le samedi 28 septembre, à partir de 16h00, avec le récital exceptionnel donné par le pianiste de renom <strong>Chiyo Hagiwara </strong>du Japon. Le programme du concert comprendra des œuvres composées par D. Scarlatti, WA Mozart, L. Van Beethoven, R. Schumann.</p>
<p>Les visiteurs pourront découvrir, à cette occasion, une nouvelle pièce de collection issue du patrimoine du Musée national Peleș, dont l&#039;histoire sera exposée en ouverture du concert.</p>
<p>L&#039;événement est organisé en partenariat avec l&#039;Institut Balassi et sera présenté par le journaliste Sebastian Crăciun. L&#039;entrée sera gratuite sur réservation demandée à rezervari.ucimr@gmail.com</p>
<p>&nbsp;</p>
<p><strong>Chiyo Hagiwara</strong> elle est diplômée de l&#039;Académie de Musique de Tokyo ; il a étudié avec des professeurs tels que Yayoi Fujisawa, Toru Kimura, Shinya Ozaki, Hitoshi Kobayashi, Yutaka Yoshida, Csíky Boldizsár, Csíky Boldizsár jr. et Junko Massaglia.</p>
<p>Elle donne systématiquement des récitals en France, au Japon et en Roumanie, se produisant également en soliste avec les orchestres philharmoniques de Târgu-Mureş, Satu Mare et Bucarest.</p>
<p>En Roumanie, il découvre l&#039;œuvre musicale de Carl Filtsch, grâce au pianiste et professeur Csíky Boldizsár Jr., qui étudie en profondeur les créations de ce génie transylvanien. Actuellement, dans le monde de la musique classique japonaise, Chiyo est connue comme promotrice de l&#039;œuvre de ce compositeur, étant la première à interpréter dans son pays, en première absolue, les opus de Filtsch. En avril 2017, le premier album de Chiyo Hagiwara, contenant des œuvres de Filtsch, a atteint la première place du classement des albums Billboard au Japon.</p>
<p>En plus de son travail dans le domaine de la musique classique, Chiyo est impliquée dans de nombreux autres projets dans lesquels elle interprète au piano, ainsi que vocalement, un répertoire composé de chansons indiennes et japonaises, et l&#039;artiste exerce également une activité de composition. En 2017, la ville de Yamato lui a décerné le Prix pour l’avenir de la culture et de l’art. En 2019, il remporte le Troisième Prix du Concours Musical de France.</p>
<p>&nbsp;</p>
<p><strong>À propos de l&#039;Union de Création Interprétative des Musiciens de Roumanie</strong></p>
<p>&nbsp;</p>
<p>L&#039;UCIMR est une organisation non gouvernementale d&#039;utilité publique, dédiée aux musiciens et danseurs professionnels, regroupant actuellement environ 10 000 membres dans tout le pays. Au cours de ses 21 années d’activité, l’UCIMR s’est imposée dans la vie culturelle par la cohérence et la continuité de ses projets, dont l’impact a contribué à améliorer la condition des artistes roumains et à attirer un nouveau public à chaque projet.</p>
<p>&nbsp;</p>
<p>Depuis 2009, l&#039;UCIMR soutient et promeut les jeunes artistes roumains, à travers un programme dédié intitulé « Opportunités chez vous ». Le programme offre l’occasion aux jeunes musiciens de s’affirmer à travers plus de 100 concerts.<strong> </strong>organisés chaque année dans des villes à travers le pays. Les concerts font partie de saisons indépendantes, de festivals, de master classes avec des maîtres internationaux et de concours dans le pays et à l&#039;étranger, soutenus par des institutions publiques et des entreprises privées.</p>
<p>Au fil du temps, l’UCIMR a remporté des dizaines de financements et de parrainages en concours ouvert pour la continuité des projets, étant toujours proche du secteur créatif.</p>
<p>&nbsp;</p>
<p>Les événements du programme attirent chaque année un minimum de 10 000 spectateurs dans les salles de concert et cumulent plus de 600 000 vues en ligne.</p>
<p>&nbsp;</p>
<p>&nbsp;</p>

<!-- This site is optimized with the Yoast SEO plugin v24.1 - https://yoast.com/wordpress/plugins/seo/ -->
<title>Recital de pian &#183; Peles Test</title>
<meta name="robots" content="noindex, follow, max-snippet:-1, max-image-preview:large, max-video-preview:-1" />
<script type="application/ld+json" class="yoast-schema-graph">{"@context":"https://schema.org","@graph":[{"@type":"WebPage","@id":"https://thewebdevpoint.com/ro/eveniment/recital-de-pian-2/","url":"https://thewebdevpoint.com/ro/eveniment/recital-de-pian-2/","name":"Recital de pian &#183; Peles Test","isPartOf":{"@id":"https://thewebdevpoint.com/ro/#website"},"datePublished":"2024-10-08T11:59:14+00:00","dateModified":"2024-12-19T07:51:16+00:00","breadcrumb":{"@id":"https://thewebdevpoint.com/ro/eveniment/recital-de-pian-2/#breadcrumb"},"inLanguage":"fr-FR","potentialAction":[{"@type":"ReadAction","target":["https://thewebdevpoint.com/ro/eveniment/recital-de-pian-2/"]}]},{"@type":"BreadcrumbList","@id":"https://thewebdevpoint.com/ro/eveniment/recital-de-pian-2/#breadcrumb","itemListElement":[{"@type":"ListItem","position":1,"name":"Acasă","item":"https://thewebdevpoint.com/"},{"@type":"ListItem","position":2,"name":"Evenimente","item":"https://thewebdevpoint.com/ro/evenimente/"},{"@type":"ListItem","position":3,"name":"Recital de pian"}]},{"@type":"WebSite","@id":"https://thewebdevpoint.com/ro/#website","url":"https://thewebdevpoint.com/ro/","name":"Peles Test","description":"","publisher":{"@id":"https://thewebdevpoint.com/ro/#organization"},"potentialAction":[{"@type":"SearchAction","target":{"@type":"EntryPoint","urlTemplate":"https://thewebdevpoint.com/ro/?s={search_term_string}"},"query-input":{"@type":"PropertyValueSpecification","valueRequired":true,"valueName":"search_term_string"}}],"inLanguage":"fr-FR"},{"@type":"Organization","@id":"https://thewebdevpoint.com/ro/#organization","name":"Muzeul Peleș","alternateName":"MP","url":"https://thewebdevpoint.com/ro/","logo":{"@type":"ImageObject","inLanguage":"fr-FR","@id":"https://thewebdevpoint.com/ro/#/schema/logo/image/","url":"https://thewebdevpoint.com/wp-content/uploads/2024/10/Logo.svg","contentUrl":"https://thewebdevpoint.com/wp-content/uploads/2024/10/Logo.svg","width":251,"height":48,"caption":"Muzeul Peleș"},"image":{"@id":"https://thewebdevpoint.com/ro/#/schema/logo/image/"}}]}</script>
<!-- / Yoast SEO plugin. -->

Acasă

Muzeul Peleș
