{"id":8833,"date":"2024-10-08T11:59:14","date_gmt":"2024-10-08T11:59:14","guid":{"rendered":"https:\/\/pelestest.thepoint-agency.com\/interpreti-japonezi-in-concert\/"},"modified":"2024-11-28T09:32:26","modified_gmt":"2024-11-28T07:32:26","slug":"interpreti-japonezi-in-concert","status":"publish","type":"eveniment","link":"https:\/\/thewebdevpoint.com\/fr\/eveniment\/interpreti-japonezi-in-concert\/","title":{"rendered":"Artistes japonais en concert"},"content":{"rendered":"<p>Concert de Mozart, Strauss et Brahms interpr\u00e9t\u00e9s par des artistes japonais, samedi, au ch\u00e2teau de Pele\u0219<\/p>\n<p>La saison \u00ab Citadelle des Arts \u00bb \u00e0 la Salle de Concert du Ch\u00e2teau de Pele\u0219 se poursuit le samedi 26 octobre, \u00e0 partir de 16h00, avec des invit\u00e9s exceptionnels venus du Japon, pays qui a propuls\u00e9 de nombreux artistes de valeur internationale sur les grandes sc\u00e8nes du monde.<br \/>\nLe concert sera interpr\u00e9t\u00e9 par les laur\u00e9ats du Concours International de Musique Roumaine au Japon : Keisuke Morita \u2013 violoncelle, Tomoaki Ito \u2013 marimba, Kanako Kojima \u2013 clarinette, Rio Satoh \u2013 piano et la soprano Kozue Kanamaru.<br \/>\nLe programme choisi suivra un parall\u00e8le entre la musique des classiques Mozart, Strauss ou Brahms et celle moderne, \u00e0 travers des \u0153uvres de Nebojsa Jovan Zivkovic ou Shisido Mutsuo.<br \/>\nLes visiteurs pourront d\u00e9couvrir, \u00e0 cette occasion, une nouvelle pi\u00e8ce de collection issue du patrimoine du Mus\u00e9e national Pele\u0219, dont l&#039;histoire sera expos\u00e9e en ouverture du concert.<br \/>\nL&#039;\u00e9v\u00e9nement est organis\u00e9 en partenariat avec la Soci\u00e9t\u00e9 de musique roumaine au Japon et sera pr\u00e9sent\u00e9 par le journaliste Sebastian Cr\u0103ciun. L&#039;entr\u00e9e sera gratuite sur r\u00e9servation demand\u00e9e \u00e0 rezervari.ucimr@gmail.com.<\/p>\n<p>La saison \u00ab Citadelle des Arts \u00bb est organis\u00e9e par l&#039;UCIMR - l&#039;Union de Cr\u00e9ation Interpr\u00e9tative des Musiciens de Roumanie en partenariat avec le Mus\u00e9e National Pele\u0219.<\/p>\n<p>\u00c0 propos de l&#039;Union de Cr\u00e9ation Interpr\u00e9tative des Musiciens de Roumanie<\/p>\n<p>L&#039;UCIMR est une organisation non gouvernementale d&#039;utilit\u00e9 publique, d\u00e9di\u00e9e aux musiciens et danseurs professionnels, regroupant actuellement environ 10 000 membres dans tout le pays. Au cours de ses 21 ann\u00e9es d\u2019activit\u00e9, l\u2019UCIMR s\u2019est impos\u00e9e dans la vie culturelle par la coh\u00e9rence et la continuit\u00e9 de ses projets, dont l\u2019impact a contribu\u00e9 \u00e0 am\u00e9liorer la condition des artistes roumains et \u00e0 attirer un nouveau public \u00e0 chaque projet.<br \/>\nDepuis 2009, l&#039;UCIMR soutient et promeut les jeunes artistes roumains, \u00e0 travers un programme d\u00e9di\u00e9 intitul\u00e9 \u00ab Opportunit\u00e9s chez vous \u00bb. Le programme offre aux jeunes musiciens l\u2019occasion de s\u2019affirmer \u00e0 travers plus de 100 concerts organis\u00e9s chaque ann\u00e9e dans des villes \u00e0 travers le pays. Les concerts font partie de saisons ind\u00e9pendantes, de festivals, de master classes avec des ma\u00eetres internationaux et de concours dans le pays et \u00e0 l&#039;\u00e9tranger, soutenus par des institutions publiques et des entreprises priv\u00e9es.<br \/>\nAu fil du temps, l\u2019UCIMR a remport\u00e9 des dizaines de financements et de parrainages en concours ouvert pour la continuit\u00e9 des projets, \u00e9tant toujours proche du secteur cr\u00e9atif.<br \/>\nLes \u00e9v\u00e9nements du programme attirent chaque ann\u00e9e un minimum de 10 000 spectateurs dans les salles de concert et cumulent plus de 600 000 vues en ligne.<\/p>\n<p><img fetchpriority=\"high\" decoding=\"async\" class=\"alignnone size-medium wp-image-2893\" src=\"https:\/\/pelestest.thepoint-agency.com\/wp-content\/uploads\/2019\/10\/IMG_9332-210x300.jpg\" alt=\"\" width=\"210\" height=\"300\" \/> <img decoding=\"async\" class=\"alignnone size-medium wp-image-2894\" src=\"https:\/\/pelestest.thepoint-agency.com\/wp-content\/uploads\/2019\/10\/IMG_9333-283x300.jpg\" alt=\"\" width=\"283\" height=\"300\" \/> <img decoding=\"async\" class=\"alignnone size-medium wp-image-2895\" src=\"https:\/\/pelestest.thepoint-agency.com\/wp-content\/uploads\/2019\/10\/IMG_9334-200x300.jpg\" alt=\"\" width=\"200\" height=\"300\" \/> <img loading=\"lazy\" decoding=\"async\" class=\"alignnone size-medium wp-image-2896\" src=\"https:\/\/pelestest.thepoint-agency.com\/wp-content\/uploads\/2019\/10\/IMG_9335-200x300.jpg\" alt=\"\" width=\"200\" height=\"300\" \/> <img loading=\"lazy\" decoding=\"async\" class=\"alignnone size-medium wp-image-2897\" src=\"https:\/\/pelestest.thepoint-agency.com\/wp-content\/uploads\/2019\/10\/IMG_9336-195x300.jpg\" alt=\"\" width=\"195\" height=\"300\" \/><\/p>","protected":false},"featured_media":0,"template":"","meta":{"_acf_changed":false},"categorie-evenimente":[333],"class_list":["post-8833","eveniment","type-eveniment","status-publish","hentry","categorie-evenimente-concerte"],"acf":[],"yoast_head":"<!-- This site is optimized with the Yoast SEO plugin v24.1 - https:\/\/yoast.com\/wordpress\/plugins\/seo\/ -->\n<title>Interpre\u021bi japonezi \u00een concert &#183; Peles Test<\/title>\n<meta name=\"robots\" content=\"noindex, follow, max-snippet:-1, max-image-preview:large, max-video-preview:-1\" \/>\n<script type=\"application\/ld+json\" class=\"yoast-schema-graph\">{\"@context\":\"https:\/\/schema.org\",\"@graph\":[{\"@type\":\"WebPage\",\"@id\":\"https:\/\/thewebdevpoint.com\/eveniment\/interpreti-japonezi-in-concert\/\",\"url\":\"https:\/\/thewebdevpoint.com\/eveniment\/interpreti-japonezi-in-concert\/\",\"name\":\"Interpre\u021bi japonezi \u00een concert &#183; Peles Test\",\"isPartOf\":{\"@id\":\"https:\/\/thewebdevpoint.com\/ro\/#website\"},\"primaryImageOfPage\":{\"@id\":\"https:\/\/thewebdevpoint.com\/eveniment\/interpreti-japonezi-in-concert\/#primaryimage\"},\"image\":{\"@id\":\"https:\/\/thewebdevpoint.com\/eveniment\/interpreti-japonezi-in-concert\/#primaryimage\"},\"thumbnailUrl\":\"https:\/\/pelestest.thepoint-agency.com\/wp-content\/uploads\/2019\/10\/IMG_9332-210x300.jpg\",\"datePublished\":\"2024-10-08T11:59:14+00:00\",\"dateModified\":\"2024-11-28T07:32:26+00:00\",\"breadcrumb\":{\"@id\":\"https:\/\/thewebdevpoint.com\/eveniment\/interpreti-japonezi-in-concert\/#breadcrumb\"},\"inLanguage\":\"fr-FR\",\"potentialAction\":[{\"@type\":\"ReadAction\",\"target\":[\"https:\/\/thewebdevpoint.com\/eveniment\/interpreti-japonezi-in-concert\/\"]}]},{\"@type\":\"ImageObject\",\"inLanguage\":\"fr-FR\",\"@id\":\"https:\/\/thewebdevpoint.com\/eveniment\/interpreti-japonezi-in-concert\/#primaryimage\",\"url\":\"https:\/\/pelestest.thepoint-agency.com\/wp-content\/uploads\/2019\/10\/IMG_9332-210x300.jpg\",\"contentUrl\":\"https:\/\/pelestest.thepoint-agency.com\/wp-content\/uploads\/2019\/10\/IMG_9332-210x300.jpg\"},{\"@type\":\"BreadcrumbList\",\"@id\":\"https:\/\/thewebdevpoint.com\/eveniment\/interpreti-japonezi-in-concert\/#breadcrumb\",\"itemListElement\":[{\"@type\":\"ListItem\",\"position\":1,\"name\":\"Acas\u0103\",\"item\":\"https:\/\/thewebdevpoint.com\/\"},{\"@type\":\"ListItem\",\"position\":2,\"name\":\"Evenimente\",\"item\":\"https:\/\/thewebdevpoint.com\/ro\/evenimente\/\"},{\"@type\":\"ListItem\",\"position\":3,\"name\":\"Interpre\u021bi japonezi \u00een concert\"}]},{\"@type\":\"WebSite\",\"@id\":\"https:\/\/thewebdevpoint.com\/ro\/#website\",\"url\":\"https:\/\/thewebdevpoint.com\/ro\/\",\"name\":\"Peles Test\",\"description\":\"\",\"publisher\":{\"@id\":\"https:\/\/thewebdevpoint.com\/ro\/#organization\"},\"potentialAction\":[{\"@type\":\"SearchAction\",\"target\":{\"@type\":\"EntryPoint\",\"urlTemplate\":\"https:\/\/thewebdevpoint.com\/ro\/?s={search_term_string}\"},\"query-input\":{\"@type\":\"PropertyValueSpecification\",\"valueRequired\":true,\"valueName\":\"search_term_string\"}}],\"inLanguage\":\"fr-FR\"},{\"@type\":\"Organization\",\"@id\":\"https:\/\/thewebdevpoint.com\/ro\/#organization\",\"name\":\"Muzeul Pele\u0219\",\"alternateName\":\"MP\",\"url\":\"https:\/\/thewebdevpoint.com\/ro\/\",\"logo\":{\"@type\":\"ImageObject\",\"inLanguage\":\"fr-FR\",\"@id\":\"https:\/\/thewebdevpoint.com\/ro\/#\/schema\/logo\/image\/\",\"url\":\"https:\/\/thewebdevpoint.com\/wp-content\/uploads\/2024\/10\/Logo.svg\",\"contentUrl\":\"https:\/\/thewebdevpoint.com\/wp-content\/uploads\/2024\/10\/Logo.svg\",\"width\":251,\"height\":48,\"caption\":\"Muzeul Pele\u0219\"},\"image\":{\"@id\":\"https:\/\/thewebdevpoint.com\/ro\/#\/schema\/logo\/image\/\"}}]}<\/script>\n<!-- \/ Yoast SEO plugin. -->","yoast_head_json":{"title":"Interpre\u021bi japonezi \u00een concert &#183; Peles Test","robots":{"index":"noindex","follow":"follow","max-snippet":"max-snippet:-1","max-image-preview":"max-image-preview:large","max-video-preview":"max-video-preview:-1"},"schema":{"@context":"https:\/\/schema.org","@graph":[{"@type":"WebPage","@id":"https:\/\/thewebdevpoint.com\/eveniment\/interpreti-japonezi-in-concert\/","url":"https:\/\/thewebdevpoint.com\/eveniment\/interpreti-japonezi-in-concert\/","name":"Interpre\u021bi japonezi \u00een concert &#183; Peles Test","isPartOf":{"@id":"https:\/\/thewebdevpoint.com\/ro\/#website"},"primaryImageOfPage":{"@id":"https:\/\/thewebdevpoint.com\/eveniment\/interpreti-japonezi-in-concert\/#primaryimage"},"image":{"@id":"https:\/\/thewebdevpoint.com\/eveniment\/interpreti-japonezi-in-concert\/#primaryimage"},"thumbnailUrl":"https:\/\/pelestest.thepoint-agency.com\/wp-content\/uploads\/2019\/10\/IMG_9332-210x300.jpg","datePublished":"2024-10-08T11:59:14+00:00","dateModified":"2024-11-28T07:32:26+00:00","breadcrumb":{"@id":"https:\/\/thewebdevpoint.com\/eveniment\/interpreti-japonezi-in-concert\/#breadcrumb"},"inLanguage":"fr-FR","potentialAction":[{"@type":"ReadAction","target":["https:\/\/thewebdevpoint.com\/eveniment\/interpreti-japonezi-in-concert\/"]}]},{"@type":"ImageObject","inLanguage":"fr-FR","@id":"https:\/\/thewebdevpoint.com\/eveniment\/interpreti-japonezi-in-concert\/#primaryimage","url":"https:\/\/pelestest.thepoint-agency.com\/wp-content\/uploads\/2019\/10\/IMG_9332-210x300.jpg","contentUrl":"https:\/\/pelestest.thepoint-agency.com\/wp-content\/uploads\/2019\/10\/IMG_9332-210x300.jpg"},{"@type":"BreadcrumbList","@id":"https:\/\/thewebdevpoint.com\/eveniment\/interpreti-japonezi-in-concert\/#breadcrumb","itemListElement":[{"@type":"ListItem","position":1,"name":"Acas\u0103","item":"https:\/\/thewebdevpoint.com\/"},{"@type":"ListItem","position":2,"name":"Evenimente","item":"https:\/\/thewebdevpoint.com\/ro\/evenimente\/"},{"@type":"ListItem","position":3,"name":"Interpre\u021bi japonezi \u00een concert"}]},{"@type":"WebSite","@id":"https:\/\/thewebdevpoint.com\/ro\/#website","url":"https:\/\/thewebdevpoint.com\/ro\/","name":"Peles Test","description":"","publisher":{"@id":"https:\/\/thewebdevpoint.com\/ro\/#organization"},"potentialAction":[{"@type":"SearchAction","target":{"@type":"EntryPoint","urlTemplate":"https:\/\/thewebdevpoint.com\/ro\/?s={search_term_string}"},"query-input":{"@type":"PropertyValueSpecification","valueRequired":true,"valueName":"search_term_string"}}],"inLanguage":"fr-FR"},{"@type":"Organization","@id":"https:\/\/thewebdevpoint.com\/ro\/#organization","name":"Muzeul Pele\u0219","alternateName":"MP","url":"https:\/\/thewebdevpoint.com\/ro\/","logo":{"@type":"ImageObject","inLanguage":"fr-FR","@id":"https:\/\/thewebdevpoint.com\/ro\/#\/schema\/logo\/image\/","url":"https:\/\/thewebdevpoint.com\/wp-content\/uploads\/2024\/10\/Logo.svg","contentUrl":"https:\/\/thewebdevpoint.com\/wp-content\/uploads\/2024\/10\/Logo.svg","width":251,"height":48,"caption":"Muzeul Pele\u0219"},"image":{"@id":"https:\/\/thewebdevpoint.com\/ro\/#\/schema\/logo\/image\/"}}]}},"_links":{"self":[{"href":"https:\/\/thewebdevpoint.com\/fr\/wp-json\/wp\/v2\/eveniment\/8833","targetHints":{"allow":["GET"]}}],"collection":[{"href":"https:\/\/thewebdevpoint.com\/fr\/wp-json\/wp\/v2\/eveniment"}],"about":[{"href":"https:\/\/thewebdevpoint.com\/fr\/wp-json\/wp\/v2\/types\/eveniment"}],"version-history":[{"count":1,"href":"https:\/\/thewebdevpoint.com\/fr\/wp-json\/wp\/v2\/eveniment\/8833\/revisions"}],"predecessor-version":[{"id":15187,"href":"https:\/\/thewebdevpoint.com\/fr\/wp-json\/wp\/v2\/eveniment\/8833\/revisions\/15187"}],"wp:attachment":[{"href":"https:\/\/thewebdevpoint.com\/fr\/wp-json\/wp\/v2\/media?parent=8833"}],"wp:term":[{"taxonomy":"categorie-evenimente","embeddable":true,"href":"https:\/\/thewebdevpoint.com\/fr\/wp-json\/wp\/v2\/categorie-evenimente?post=8833"}],"curies":[{"name":"wp","href":"https:\/\/api.w.org\/{rel}","templated":true}]}}

<p>Concert de Mozart, Strauss et Brahms interprétés par des artistes japonais, samedi, au château de Peleș</p>
<p>La saison « Citadelle des Arts » à la Salle de Concert du Château de Peleș se poursuit le samedi 26 octobre, à partir de 16h00, avec des invités exceptionnels venus du Japon, pays qui a propulsé de nombreux artistes de valeur internationale sur les grandes scènes du monde.<br />
Le concert sera interprété par les lauréats du Concours International de Musique Roumaine au Japon : Keisuke Morita – violoncelle, Tomoaki Ito – marimba, Kanako Kojima – clarinette, Rio Satoh – piano et la soprano Kozue Kanamaru.<br />
Le programme choisi suivra un parallèle entre la musique des classiques Mozart, Strauss ou Brahms et celle moderne, à travers des œuvres de Nebojsa Jovan Zivkovic ou Shisido Mutsuo.<br />
Les visiteurs pourront découvrir, à cette occasion, une nouvelle pièce de collection issue du patrimoine du Musée national Peleș, dont l&#039;histoire sera exposée en ouverture du concert.<br />
L&#039;événement est organisé en partenariat avec la Société de musique roumaine au Japon et sera présenté par le journaliste Sebastian Crăciun. L&#039;entrée sera gratuite sur réservation demandée à rezervari.ucimr@gmail.com.</p>
<p>La saison « Citadelle des Arts » est organisée par l&#039;UCIMR - l&#039;Union de Création Interprétative des Musiciens de Roumanie en partenariat avec le Musée National Peleș.</p>
<p>À propos de l&#039;Union de Création Interprétative des Musiciens de Roumanie</p>
<p>L&#039;UCIMR est une organisation non gouvernementale d&#039;utilité publique, dédiée aux musiciens et danseurs professionnels, regroupant actuellement environ 10 000 membres dans tout le pays. Au cours de ses 21 années d’activité, l’UCIMR s’est imposée dans la vie culturelle par la cohérence et la continuité de ses projets, dont l’impact a contribué à améliorer la condition des artistes roumains et à attirer un nouveau public à chaque projet.<br />
Depuis 2009, l&#039;UCIMR soutient et promeut les jeunes artistes roumains, à travers un programme dédié intitulé « Opportunités chez vous ». Le programme offre aux jeunes musiciens l’occasion de s’affirmer à travers plus de 100 concerts organisés chaque année dans des villes à travers le pays. Les concerts font partie de saisons indépendantes, de festivals, de master classes avec des maîtres internationaux et de concours dans le pays et à l&#039;étranger, soutenus par des institutions publiques et des entreprises privées.<br />
Au fil du temps, l’UCIMR a remporté des dizaines de financements et de parrainages en concours ouvert pour la continuité des projets, étant toujours proche du secteur créatif.<br />
Les événements du programme attirent chaque année un minimum de 10 000 spectateurs dans les salles de concert et cumulent plus de 600 000 vues en ligne.</p>
<p><img fetchpriority="high" decoding="async" class="alignnone size-medium wp-image-2893" src="https://pelestest.thepoint-agency.com/wp-content/uploads/2019/10/IMG_9332-210x300.jpg" alt="" width="210" height="300" /> <img decoding="async" class="alignnone size-medium wp-image-2894" src="https://pelestest.thepoint-agency.com/wp-content/uploads/2019/10/IMG_9333-283x300.jpg" alt="" width="283" height="300" /> <img decoding="async" class="alignnone size-medium wp-image-2895" src="https://pelestest.thepoint-agency.com/wp-content/uploads/2019/10/IMG_9334-200x300.jpg" alt="" width="200" height="300" /> <img loading="lazy" decoding="async" class="alignnone size-medium wp-image-2896" src="https://pelestest.thepoint-agency.com/wp-content/uploads/2019/10/IMG_9335-200x300.jpg" alt="" width="200" height="300" /> <img loading="lazy" decoding="async" class="alignnone size-medium wp-image-2897" src="https://pelestest.thepoint-agency.com/wp-content/uploads/2019/10/IMG_9336-195x300.jpg" alt="" width="195" height="300" /></p>

<!-- This site is optimized with the Yoast SEO plugin v24.1 - https://yoast.com/wordpress/plugins/seo/ -->
<title>Interpreți japonezi în concert &#183; Peles Test</title>
<meta name="robots" content="noindex, follow, max-snippet:-1, max-image-preview:large, max-video-preview:-1" />
<script type="application/ld+json" class="yoast-schema-graph">{"@context":"https://schema.org","@graph":[{"@type":"WebPage","@id":"https://thewebdevpoint.com/eveniment/interpreti-japonezi-in-concert/","url":"https://thewebdevpoint.com/eveniment/interpreti-japonezi-in-concert/","name":"Interpreți japonezi în concert &#183; Peles Test","isPartOf":{"@id":"https://thewebdevpoint.com/ro/#website"},"primaryImageOfPage":{"@id":"https://thewebdevpoint.com/eveniment/interpreti-japonezi-in-concert/#primaryimage"},"image":{"@id":"https://thewebdevpoint.com/eveniment/interpreti-japonezi-in-concert/#primaryimage"},"thumbnailUrl":"https://pelestest.thepoint-agency.com/wp-content/uploads/2019/10/IMG_9332-210x300.jpg","datePublished":"2024-10-08T11:59:14+00:00","dateModified":"2024-11-28T07:32:26+00:00","breadcrumb":{"@id":"https://thewebdevpoint.com/eveniment/interpreti-japonezi-in-concert/#breadcrumb"},"inLanguage":"fr-FR","potentialAction":[{"@type":"ReadAction","target":["https://thewebdevpoint.com/eveniment/interpreti-japonezi-in-concert/"]}]},{"@type":"ImageObject","inLanguage":"fr-FR","@id":"https://thewebdevpoint.com/eveniment/interpreti-japonezi-in-concert/#primaryimage","url":"https://pelestest.thepoint-agency.com/wp-content/uploads/2019/10/IMG_9332-210x300.jpg","contentUrl":"https://pelestest.thepoint-agency.com/wp-content/uploads/2019/10/IMG_9332-210x300.jpg"},{"@type":"BreadcrumbList","@id":"https://thewebdevpoint.com/eveniment/interpreti-japonezi-in-concert/#breadcrumb","itemListElement":[{"@type":"ListItem","position":1,"name":"Acasă","item":"https://thewebdevpoint.com/"},{"@type":"ListItem","position":2,"name":"Evenimente","item":"https://thewebdevpoint.com/ro/evenimente/"},{"@type":"ListItem","position":3,"name":"Interpreți japonezi în concert"}]},{"@type":"WebSite","@id":"https://thewebdevpoint.com/ro/#website","url":"https://thewebdevpoint.com/ro/","name":"Peles Test","description":"","publisher":{"@id":"https://thewebdevpoint.com/ro/#organization"},"potentialAction":[{"@type":"SearchAction","target":{"@type":"EntryPoint","urlTemplate":"https://thewebdevpoint.com/ro/?s={search_term_string}"},"query-input":{"@type":"PropertyValueSpecification","valueRequired":true,"valueName":"search_term_string"}}],"inLanguage":"fr-FR"},{"@type":"Organization","@id":"https://thewebdevpoint.com/ro/#organization","name":"Muzeul Peleș","alternateName":"MP","url":"https://thewebdevpoint.com/ro/","logo":{"@type":"ImageObject","inLanguage":"fr-FR","@id":"https://thewebdevpoint.com/ro/#/schema/logo/image/","url":"https://thewebdevpoint.com/wp-content/uploads/2024/10/Logo.svg","contentUrl":"https://thewebdevpoint.com/wp-content/uploads/2024/10/Logo.svg","width":251,"height":48,"caption":"Muzeul Peleș"},"image":{"@id":"https://thewebdevpoint.com/ro/#/schema/logo/image/"}}]}</script>
<!-- / Yoast SEO plugin. -->

Interpreți japonezi în concert &#183; Peles Test

Acasă

Interpreți japonezi în concert

Muzeul Peleș
