{"id":8836,"date":"2024-10-08T11:59:14","date_gmt":"2024-10-08T11:59:14","guid":{"rendered":"https:\/\/pelestest.thepoint-agency.com\/karel-liman-arhitectul-casei-regale-a-romaniei\/"},"modified":"2024-12-19T09:46:02","modified_gmt":"2024-12-19T07:46:02","slug":"karel-liman-arhitectul-casei-regale-a-romaniei","status":"publish","type":"eveniment","link":"https:\/\/thewebdevpoint.com\/fr\/eveniment\/karel-liman-arhitectul-casei-regale-a-romaniei\/","title":{"rendered":"Karel Liman \u2013 Architecte de la Maison Royale de Roumanie"},"content":{"rendered":"<p>Le Mus\u00e9e national Pele\u0219 vous invite \u00e0 visiter l&#039;exposition temporaire \u00ab Karel Liman \u00bb. \u00ab Architecte de la Maison Royale de Roumanie \u00bb, ouverte entre d\u00e9cembre 2019 et avril 2020, dans les salles d\u2019exposition du ch\u00e2teau de Pele\u0219.<\/p>\n<p>Le vernissage aura lieu le samedi 7 d\u00e9cembre 2019, \u00e0 15h00.<\/p>\n<p>L&#039;exposition \u00e9voque la personnalit\u00e9 et les r\u00e9alisations de l&#039;architecte en chef de la Maison royale de Roumanie, le Tch\u00e8que Karel Liman, dont le passage dans l&#039;\u00e9ternit\u00e9, le 29 juillet 1929, a marqu\u00e9 cette ann\u00e9e neuf d\u00e9cennies.<\/p>\n<p>Proche collaborateur des rois Carol Ier et de la reine Marie, cet architecte d\u00e9vou\u00e9 et d\u00e9vou\u00e9 a mat\u00e9rialis\u00e9 ses id\u00e9es et son talent dans des monuments remarquables tels que ceux de Sinaia, Bran, Cotroceni ou L\u0103pu\u0219na.<\/p>\n<p>L&#039;exposition peut \u00eatre visit\u00e9e du mercredi au dimanche, selon l&#039;horaire suivant :<\/p>\n<p>Mercredi : 11h00 \u2013 16h15 (derni\u00e8re entr\u00e9e)<\/p>\n<p>Jeudi \u2013 Dimanche : 9h15 \u2013 16h15 (derni\u00e8re entr\u00e9e)<\/p>\n<p>L&#039;entr\u00e9e est gratuite.<\/p>","protected":false},"featured_media":0,"template":"","meta":{"_acf_changed":false},"categorie-evenimente":[353],"class_list":["post-8836","eveniment","type-eveniment","status-publish","hentry","categorie-evenimente-arhiva"],"acf":[],"yoast_head":"<!-- This site is optimized with the Yoast SEO plugin v24.1 - https:\/\/yoast.com\/wordpress\/plugins\/seo\/ -->\n<title>Karel Liman - Arhitectul Casei Regale a Rom\u00e2niei &#183; Peles Test<\/title>\n<meta name=\"robots\" content=\"noindex, follow, max-snippet:-1, max-image-preview:large, max-video-preview:-1\" \/>\n<script type=\"application\/ld+json\" class=\"yoast-schema-graph\">{\"@context\":\"https:\/\/schema.org\",\"@graph\":[{\"@type\":\"WebPage\",\"@id\":\"https:\/\/thewebdevpoint.com\/eveniment\/karel-liman-arhitectul-casei-regale-a-romaniei\/\",\"url\":\"https:\/\/thewebdevpoint.com\/eveniment\/karel-liman-arhitectul-casei-regale-a-romaniei\/\",\"name\":\"Karel Liman - Arhitectul Casei Regale a Rom\u00e2niei &#183; Peles Test\",\"isPartOf\":{\"@id\":\"https:\/\/thewebdevpoint.com\/ro\/#website\"},\"datePublished\":\"2024-10-08T11:59:14+00:00\",\"dateModified\":\"2024-12-19T07:46:02+00:00\",\"breadcrumb\":{\"@id\":\"https:\/\/thewebdevpoint.com\/eveniment\/karel-liman-arhitectul-casei-regale-a-romaniei\/#breadcrumb\"},\"inLanguage\":\"fr-FR\",\"potentialAction\":[{\"@type\":\"ReadAction\",\"target\":[\"https:\/\/thewebdevpoint.com\/eveniment\/karel-liman-arhitectul-casei-regale-a-romaniei\/\"]}]},{\"@type\":\"BreadcrumbList\",\"@id\":\"https:\/\/thewebdevpoint.com\/eveniment\/karel-liman-arhitectul-casei-regale-a-romaniei\/#breadcrumb\",\"itemListElement\":[{\"@type\":\"ListItem\",\"position\":1,\"name\":\"Acas\u0103\",\"item\":\"https:\/\/thewebdevpoint.com\/\"},{\"@type\":\"ListItem\",\"position\":2,\"name\":\"Evenimente\",\"item\":\"https:\/\/thewebdevpoint.com\/ro\/evenimente\/\"},{\"@type\":\"ListItem\",\"position\":3,\"name\":\"Karel Liman &#8211; Arhitectul Casei Regale a Rom\u00e2niei\"}]},{\"@type\":\"WebSite\",\"@id\":\"https:\/\/thewebdevpoint.com\/ro\/#website\",\"url\":\"https:\/\/thewebdevpoint.com\/ro\/\",\"name\":\"Peles Test\",\"description\":\"\",\"publisher\":{\"@id\":\"https:\/\/thewebdevpoint.com\/ro\/#organization\"},\"potentialAction\":[{\"@type\":\"SearchAction\",\"target\":{\"@type\":\"EntryPoint\",\"urlTemplate\":\"https:\/\/thewebdevpoint.com\/ro\/?s={search_term_string}\"},\"query-input\":{\"@type\":\"PropertyValueSpecification\",\"valueRequired\":true,\"valueName\":\"search_term_string\"}}],\"inLanguage\":\"fr-FR\"},{\"@type\":\"Organization\",\"@id\":\"https:\/\/thewebdevpoint.com\/ro\/#organization\",\"name\":\"Muzeul Pele\u0219\",\"alternateName\":\"MP\",\"url\":\"https:\/\/thewebdevpoint.com\/ro\/\",\"logo\":{\"@type\":\"ImageObject\",\"inLanguage\":\"fr-FR\",\"@id\":\"https:\/\/thewebdevpoint.com\/ro\/#\/schema\/logo\/image\/\",\"url\":\"https:\/\/thewebdevpoint.com\/wp-content\/uploads\/2024\/10\/Logo.svg\",\"contentUrl\":\"https:\/\/thewebdevpoint.com\/wp-content\/uploads\/2024\/10\/Logo.svg\",\"width\":251,\"height\":48,\"caption\":\"Muzeul Pele\u0219\"},\"image\":{\"@id\":\"https:\/\/thewebdevpoint.com\/ro\/#\/schema\/logo\/image\/\"}}]}<\/script>\n<!-- \/ Yoast SEO plugin. -->","yoast_head_json":{"title":"Karel Liman - Arhitectul Casei Regale a Rom\u00e2niei &#183; Peles Test","robots":{"index":"noindex","follow":"follow","max-snippet":"max-snippet:-1","max-image-preview":"max-image-preview:large","max-video-preview":"max-video-preview:-1"},"schema":{"@context":"https:\/\/schema.org","@graph":[{"@type":"WebPage","@id":"https:\/\/thewebdevpoint.com\/eveniment\/karel-liman-arhitectul-casei-regale-a-romaniei\/","url":"https:\/\/thewebdevpoint.com\/eveniment\/karel-liman-arhitectul-casei-regale-a-romaniei\/","name":"Karel Liman - Arhitectul Casei Regale a Rom\u00e2niei &#183; Peles Test","isPartOf":{"@id":"https:\/\/thewebdevpoint.com\/ro\/#website"},"datePublished":"2024-10-08T11:59:14+00:00","dateModified":"2024-12-19T07:46:02+00:00","breadcrumb":{"@id":"https:\/\/thewebdevpoint.com\/eveniment\/karel-liman-arhitectul-casei-regale-a-romaniei\/#breadcrumb"},"inLanguage":"fr-FR","potentialAction":[{"@type":"ReadAction","target":["https:\/\/thewebdevpoint.com\/eveniment\/karel-liman-arhitectul-casei-regale-a-romaniei\/"]}]},{"@type":"BreadcrumbList","@id":"https:\/\/thewebdevpoint.com\/eveniment\/karel-liman-arhitectul-casei-regale-a-romaniei\/#breadcrumb","itemListElement":[{"@type":"ListItem","position":1,"name":"Acas\u0103","item":"https:\/\/thewebdevpoint.com\/"},{"@type":"ListItem","position":2,"name":"Evenimente","item":"https:\/\/thewebdevpoint.com\/ro\/evenimente\/"},{"@type":"ListItem","position":3,"name":"Karel Liman &#8211; Arhitectul Casei Regale a Rom\u00e2niei"}]},{"@type":"WebSite","@id":"https:\/\/thewebdevpoint.com\/ro\/#website","url":"https:\/\/thewebdevpoint.com\/ro\/","name":"Peles Test","description":"","publisher":{"@id":"https:\/\/thewebdevpoint.com\/ro\/#organization"},"potentialAction":[{"@type":"SearchAction","target":{"@type":"EntryPoint","urlTemplate":"https:\/\/thewebdevpoint.com\/ro\/?s={search_term_string}"},"query-input":{"@type":"PropertyValueSpecification","valueRequired":true,"valueName":"search_term_string"}}],"inLanguage":"fr-FR"},{"@type":"Organization","@id":"https:\/\/thewebdevpoint.com\/ro\/#organization","name":"Muzeul Pele\u0219","alternateName":"MP","url":"https:\/\/thewebdevpoint.com\/ro\/","logo":{"@type":"ImageObject","inLanguage":"fr-FR","@id":"https:\/\/thewebdevpoint.com\/ro\/#\/schema\/logo\/image\/","url":"https:\/\/thewebdevpoint.com\/wp-content\/uploads\/2024\/10\/Logo.svg","contentUrl":"https:\/\/thewebdevpoint.com\/wp-content\/uploads\/2024\/10\/Logo.svg","width":251,"height":48,"caption":"Muzeul Pele\u0219"},"image":{"@id":"https:\/\/thewebdevpoint.com\/ro\/#\/schema\/logo\/image\/"}}]}},"_links":{"self":[{"href":"https:\/\/thewebdevpoint.com\/fr\/wp-json\/wp\/v2\/eveniment\/8836","targetHints":{"allow":["GET"]}}],"collection":[{"href":"https:\/\/thewebdevpoint.com\/fr\/wp-json\/wp\/v2\/eveniment"}],"about":[{"href":"https:\/\/thewebdevpoint.com\/fr\/wp-json\/wp\/v2\/types\/eveniment"}],"version-history":[{"count":1,"href":"https:\/\/thewebdevpoint.com\/fr\/wp-json\/wp\/v2\/eveniment\/8836\/revisions"}],"predecessor-version":[{"id":16723,"href":"https:\/\/thewebdevpoint.com\/fr\/wp-json\/wp\/v2\/eveniment\/8836\/revisions\/16723"}],"wp:attachment":[{"href":"https:\/\/thewebdevpoint.com\/fr\/wp-json\/wp\/v2\/media?parent=8836"}],"wp:term":[{"taxonomy":"categorie-evenimente","embeddable":true,"href":"https:\/\/thewebdevpoint.com\/fr\/wp-json\/wp\/v2\/categorie-evenimente?post=8836"}],"curies":[{"name":"wp","href":"https:\/\/api.w.org\/{rel}","templated":true}]}}

<p>Le Musée national Peleș vous invite à visiter l&#039;exposition temporaire « Karel Liman ». « Architecte de la Maison Royale de Roumanie », ouverte entre décembre 2019 et avril 2020, dans les salles d’exposition du château de Peleș.</p>
<p>Le vernissage aura lieu le samedi 7 décembre 2019, à 15h00.</p>
<p>L&#039;exposition évoque la personnalité et les réalisations de l&#039;architecte en chef de la Maison royale de Roumanie, le Tchèque Karel Liman, dont le passage dans l&#039;éternité, le 29 juillet 1929, a marqué cette année neuf décennies.</p>
<p>Proche collaborateur des rois Carol Ier et de la reine Marie, cet architecte dévoué et dévoué a matérialisé ses idées et son talent dans des monuments remarquables tels que ceux de Sinaia, Bran, Cotroceni ou Lăpușna.</p>
<p>L&#039;exposition peut être visitée du mercredi au dimanche, selon l&#039;horaire suivant :</p>
<p>Mercredi : 11h00 – 16h15 (dernière entrée)</p>
<p>Jeudi – Dimanche : 9h15 – 16h15 (dernière entrée)</p>
<p>L&#039;entrée est gratuite.</p>

<!-- This site is optimized with the Yoast SEO plugin v24.1 - https://yoast.com/wordpress/plugins/seo/ -->
<title>Karel Liman - Arhitectul Casei Regale a României &#183; Peles Test</title>
<meta name="robots" content="noindex, follow, max-snippet:-1, max-image-preview:large, max-video-preview:-1" />
<script type="application/ld+json" class="yoast-schema-graph">{"@context":"https://schema.org","@graph":[{"@type":"WebPage","@id":"https://thewebdevpoint.com/eveniment/karel-liman-arhitectul-casei-regale-a-romaniei/","url":"https://thewebdevpoint.com/eveniment/karel-liman-arhitectul-casei-regale-a-romaniei/","name":"Karel Liman - Arhitectul Casei Regale a României &#183; Peles Test","isPartOf":{"@id":"https://thewebdevpoint.com/ro/#website"},"datePublished":"2024-10-08T11:59:14+00:00","dateModified":"2024-12-19T07:46:02+00:00","breadcrumb":{"@id":"https://thewebdevpoint.com/eveniment/karel-liman-arhitectul-casei-regale-a-romaniei/#breadcrumb"},"inLanguage":"fr-FR","potentialAction":[{"@type":"ReadAction","target":["https://thewebdevpoint.com/eveniment/karel-liman-arhitectul-casei-regale-a-romaniei/"]}]},{"@type":"BreadcrumbList","@id":"https://thewebdevpoint.com/eveniment/karel-liman-arhitectul-casei-regale-a-romaniei/#breadcrumb","itemListElement":[{"@type":"ListItem","position":1,"name":"Acasă","item":"https://thewebdevpoint.com/"},{"@type":"ListItem","position":2,"name":"Evenimente","item":"https://thewebdevpoint.com/ro/evenimente/"},{"@type":"ListItem","position":3,"name":"Karel Liman &#8211; Arhitectul Casei Regale a României"}]},{"@type":"WebSite","@id":"https://thewebdevpoint.com/ro/#website","url":"https://thewebdevpoint.com/ro/","name":"Peles Test","description":"","publisher":{"@id":"https://thewebdevpoint.com/ro/#organization"},"potentialAction":[{"@type":"SearchAction","target":{"@type":"EntryPoint","urlTemplate":"https://thewebdevpoint.com/ro/?s={search_term_string}"},"query-input":{"@type":"PropertyValueSpecification","valueRequired":true,"valueName":"search_term_string"}}],"inLanguage":"fr-FR"},{"@type":"Organization","@id":"https://thewebdevpoint.com/ro/#organization","name":"Muzeul Peleș","alternateName":"MP","url":"https://thewebdevpoint.com/ro/","logo":{"@type":"ImageObject","inLanguage":"fr-FR","@id":"https://thewebdevpoint.com/ro/#/schema/logo/image/","url":"https://thewebdevpoint.com/wp-content/uploads/2024/10/Logo.svg","contentUrl":"https://thewebdevpoint.com/wp-content/uploads/2024/10/Logo.svg","width":251,"height":48,"caption":"Muzeul Peleș"},"image":{"@id":"https://thewebdevpoint.com/ro/#/schema/logo/image/"}}]}</script>
<!-- / Yoast SEO plugin. -->

Karel Liman - Arhitectul Casei Regale a României &#183; Peles Test

Acasă

Karel Liman &#8211; Arhitectul Casei Regale a României

Muzeul Peleș
