{"id":8861,"date":"2024-10-08T11:59:14","date_gmt":"2024-10-08T11:59:14","guid":{"rendered":"https:\/\/pelestest.thepoint-agency.com\/recital-de-pian-robert-creimerman\/"},"modified":"2024-12-19T09:50:38","modified_gmt":"2024-12-19T07:50:38","slug":"recital-de-pian-robert-creimerman","status":"publish","type":"eveniment","link":"https:\/\/thewebdevpoint.com\/fr\/eveniment\/recital-de-pian-robert-creimerman\/","title":{"rendered":"r\u00e9cital de piano \u2013 Robert Creimerman"},"content":{"rendered":"<p>Le Mus\u00e9e national Pele\u0219 ouvre la s\u00e9rie de concerts 2022 avec le r\u00e9cital du jeune pianiste, compositeur et percussionniste Robert Creimerman.<br \/>\nLe r\u00e9cital aura lieu dans la Grande Salle de Concert du Ch\u00e2teau de Pele\u0219 le samedi 2 avril 2022, \u00e0 16h00.<br \/>\nL&#039;entr\u00e9e se fait sur invitation, qui peut \u00eatre demand\u00e9e \u00e0 l&#039;adresse e-mail peles.ro@gmail.com.<br \/>\nN\u00e9 \u00e0 Bucarest, Robert Creimerman est dipl\u00f4m\u00e9 du Coll\u00e8ge\u00a0<span class=\"text_exposed_show\">\u00c9cole Nationale de Musique &quot;George Enescu&quot;, o\u00f9 il a \u00e9tudi\u00e9 le piano avec le professeur Mihaela Zamfirescu. Durant ses ann\u00e9es d\u2019\u00e9tudes, il remporte de nombreux premiers prix ou troph\u00e9es lors de concours nationaux et internationaux, tels que l\u2019Olympiade nationale d\u2019interpr\u00e9tation musicale, le concours \u00ab Ada Ulubeanu \u00bb, le concours \u00ab Gradus ad Parnassum \u00bb, le concours \u00ab Victor Giuleanu \u00bb, le concours \u00ab Piano Artis \u00bb ou le concours \u00ab Millenium Piano \u00bb. Il a \u00e9galement re\u00e7u le prix sp\u00e9cial du jury pour le d\u00e9veloppement pianistique au Concours international de piano pour jeunes \u00e9cossais en 2018, et en 2019, il a remport\u00e9 le premier prix du m\u00eame concours. Durant ses ann\u00e9es d&#039;\u00e9tudes, il commence \u00e9galement \u00e0 \u00e9tudier les percussions sous la tutelle du professeur Alexandru Sturzu, participant \u00e0 de nombreux concerts organis\u00e9s par le d\u00e9partement de percussion du coll\u00e8ge. \u00c9tudiant en deuxi\u00e8me ann\u00e9e au Conservatoire royal d&#039;\u00c9cosse \u00e0 Glasgow, Robert Creimerman est encore au d\u00e9but de son parcours de premier cycle de quatre ans, sp\u00e9cialis\u00e9 en piano, sous la tutelle du professeur Graeme McNaught. D\u00e9j\u00e0 d\u00e8s sa premi\u00e8re ann\u00e9e d&#039;\u00e9tudes, il participe \u00e0 de nombreux projets artistiques au conservatoire, collaborant avec des pianistes, des \u00e9tudiants en chant, des danseurs, des compositeurs ou des membres de l&#039;orchestre du RCS.<\/span><\/p>","protected":false},"featured_media":0,"template":"","meta":{"_acf_changed":false},"categorie-evenimente":[353],"class_list":["post-8861","eveniment","type-eveniment","status-publish","hentry","categorie-evenimente-arhiva"],"acf":[],"yoast_head":"<!-- This site is optimized with the Yoast SEO plugin v24.1 - https:\/\/yoast.com\/wordpress\/plugins\/seo\/ -->\n<title>recital de pian - Robert creimerman &#183; Peles Test<\/title>\n<meta name=\"robots\" content=\"noindex, follow, max-snippet:-1, max-image-preview:large, max-video-preview:-1\" \/>\n<script type=\"application\/ld+json\" class=\"yoast-schema-graph\">{\"@context\":\"https:\/\/schema.org\",\"@graph\":[{\"@type\":\"WebPage\",\"@id\":\"https:\/\/thewebdevpoint.com\/ro\/eveniment\/recital-de-pian-robert-creimerman\/\",\"url\":\"https:\/\/thewebdevpoint.com\/ro\/eveniment\/recital-de-pian-robert-creimerman\/\",\"name\":\"recital de pian - Robert creimerman &#183; Peles Test\",\"isPartOf\":{\"@id\":\"https:\/\/thewebdevpoint.com\/ro\/#website\"},\"datePublished\":\"2024-10-08T11:59:14+00:00\",\"dateModified\":\"2024-12-19T07:50:38+00:00\",\"breadcrumb\":{\"@id\":\"https:\/\/thewebdevpoint.com\/ro\/eveniment\/recital-de-pian-robert-creimerman\/#breadcrumb\"},\"inLanguage\":\"fr-FR\",\"potentialAction\":[{\"@type\":\"ReadAction\",\"target\":[\"https:\/\/thewebdevpoint.com\/ro\/eveniment\/recital-de-pian-robert-creimerman\/\"]}]},{\"@type\":\"BreadcrumbList\",\"@id\":\"https:\/\/thewebdevpoint.com\/ro\/eveniment\/recital-de-pian-robert-creimerman\/#breadcrumb\",\"itemListElement\":[{\"@type\":\"ListItem\",\"position\":1,\"name\":\"Acas\u0103\",\"item\":\"https:\/\/thewebdevpoint.com\/\"},{\"@type\":\"ListItem\",\"position\":2,\"name\":\"Evenimente\",\"item\":\"https:\/\/thewebdevpoint.com\/ro\/evenimente\/\"},{\"@type\":\"ListItem\",\"position\":3,\"name\":\"recital de pian &#8211; Robert creimerman\"}]},{\"@type\":\"WebSite\",\"@id\":\"https:\/\/thewebdevpoint.com\/ro\/#website\",\"url\":\"https:\/\/thewebdevpoint.com\/ro\/\",\"name\":\"Peles Test\",\"description\":\"\",\"publisher\":{\"@id\":\"https:\/\/thewebdevpoint.com\/ro\/#organization\"},\"potentialAction\":[{\"@type\":\"SearchAction\",\"target\":{\"@type\":\"EntryPoint\",\"urlTemplate\":\"https:\/\/thewebdevpoint.com\/ro\/?s={search_term_string}\"},\"query-input\":{\"@type\":\"PropertyValueSpecification\",\"valueRequired\":true,\"valueName\":\"search_term_string\"}}],\"inLanguage\":\"fr-FR\"},{\"@type\":\"Organization\",\"@id\":\"https:\/\/thewebdevpoint.com\/ro\/#organization\",\"name\":\"Muzeul Pele\u0219\",\"alternateName\":\"MP\",\"url\":\"https:\/\/thewebdevpoint.com\/ro\/\",\"logo\":{\"@type\":\"ImageObject\",\"inLanguage\":\"fr-FR\",\"@id\":\"https:\/\/thewebdevpoint.com\/ro\/#\/schema\/logo\/image\/\",\"url\":\"https:\/\/thewebdevpoint.com\/wp-content\/uploads\/2024\/10\/Logo.svg\",\"contentUrl\":\"https:\/\/thewebdevpoint.com\/wp-content\/uploads\/2024\/10\/Logo.svg\",\"width\":251,\"height\":48,\"caption\":\"Muzeul Pele\u0219\"},\"image\":{\"@id\":\"https:\/\/thewebdevpoint.com\/ro\/#\/schema\/logo\/image\/\"}}]}<\/script>\n<!-- \/ Yoast SEO plugin. -->","yoast_head_json":{"title":"recital de pian - Robert creimerman &#183; Peles Test","robots":{"index":"noindex","follow":"follow","max-snippet":"max-snippet:-1","max-image-preview":"max-image-preview:large","max-video-preview":"max-video-preview:-1"},"schema":{"@context":"https:\/\/schema.org","@graph":[{"@type":"WebPage","@id":"https:\/\/thewebdevpoint.com\/ro\/eveniment\/recital-de-pian-robert-creimerman\/","url":"https:\/\/thewebdevpoint.com\/ro\/eveniment\/recital-de-pian-robert-creimerman\/","name":"recital de pian - Robert creimerman &#183; Peles Test","isPartOf":{"@id":"https:\/\/thewebdevpoint.com\/ro\/#website"},"datePublished":"2024-10-08T11:59:14+00:00","dateModified":"2024-12-19T07:50:38+00:00","breadcrumb":{"@id":"https:\/\/thewebdevpoint.com\/ro\/eveniment\/recital-de-pian-robert-creimerman\/#breadcrumb"},"inLanguage":"fr-FR","potentialAction":[{"@type":"ReadAction","target":["https:\/\/thewebdevpoint.com\/ro\/eveniment\/recital-de-pian-robert-creimerman\/"]}]},{"@type":"BreadcrumbList","@id":"https:\/\/thewebdevpoint.com\/ro\/eveniment\/recital-de-pian-robert-creimerman\/#breadcrumb","itemListElement":[{"@type":"ListItem","position":1,"name":"Acas\u0103","item":"https:\/\/thewebdevpoint.com\/"},{"@type":"ListItem","position":2,"name":"Evenimente","item":"https:\/\/thewebdevpoint.com\/ro\/evenimente\/"},{"@type":"ListItem","position":3,"name":"recital de pian &#8211; Robert creimerman"}]},{"@type":"WebSite","@id":"https:\/\/thewebdevpoint.com\/ro\/#website","url":"https:\/\/thewebdevpoint.com\/ro\/","name":"Peles Test","description":"","publisher":{"@id":"https:\/\/thewebdevpoint.com\/ro\/#organization"},"potentialAction":[{"@type":"SearchAction","target":{"@type":"EntryPoint","urlTemplate":"https:\/\/thewebdevpoint.com\/ro\/?s={search_term_string}"},"query-input":{"@type":"PropertyValueSpecification","valueRequired":true,"valueName":"search_term_string"}}],"inLanguage":"fr-FR"},{"@type":"Organization","@id":"https:\/\/thewebdevpoint.com\/ro\/#organization","name":"Muzeul Pele\u0219","alternateName":"MP","url":"https:\/\/thewebdevpoint.com\/ro\/","logo":{"@type":"ImageObject","inLanguage":"fr-FR","@id":"https:\/\/thewebdevpoint.com\/ro\/#\/schema\/logo\/image\/","url":"https:\/\/thewebdevpoint.com\/wp-content\/uploads\/2024\/10\/Logo.svg","contentUrl":"https:\/\/thewebdevpoint.com\/wp-content\/uploads\/2024\/10\/Logo.svg","width":251,"height":48,"caption":"Muzeul Pele\u0219"},"image":{"@id":"https:\/\/thewebdevpoint.com\/ro\/#\/schema\/logo\/image\/"}}]}},"_links":{"self":[{"href":"https:\/\/thewebdevpoint.com\/fr\/wp-json\/wp\/v2\/eveniment\/8861","targetHints":{"allow":["GET"]}}],"collection":[{"href":"https:\/\/thewebdevpoint.com\/fr\/wp-json\/wp\/v2\/eveniment"}],"about":[{"href":"https:\/\/thewebdevpoint.com\/fr\/wp-json\/wp\/v2\/types\/eveniment"}],"version-history":[{"count":1,"href":"https:\/\/thewebdevpoint.com\/fr\/wp-json\/wp\/v2\/eveniment\/8861\/revisions"}],"predecessor-version":[{"id":16169,"href":"https:\/\/thewebdevpoint.com\/fr\/wp-json\/wp\/v2\/eveniment\/8861\/revisions\/16169"}],"wp:attachment":[{"href":"https:\/\/thewebdevpoint.com\/fr\/wp-json\/wp\/v2\/media?parent=8861"}],"wp:term":[{"taxonomy":"categorie-evenimente","embeddable":true,"href":"https:\/\/thewebdevpoint.com\/fr\/wp-json\/wp\/v2\/categorie-evenimente?post=8861"}],"curies":[{"name":"wp","href":"https:\/\/api.w.org\/{rel}","templated":true}]}}

récital de piano – Robert Creimerman

<p>Le Musée national Peleș ouvre la série de concerts 2022 avec le récital du jeune pianiste, compositeur et percussionniste Robert Creimerman.<br />
Le récital aura lieu dans la Grande Salle de Concert du Château de Peleș le samedi 2 avril 2022, à 16h00.<br />
L&#039;entrée se fait sur invitation, qui peut être demandée à l&#039;adresse e-mail peles.ro@gmail.com.<br />
Né à Bucarest, Robert Creimerman est diplômé du Collège <span class="text_exposed_show">École Nationale de Musique &quot;George Enescu&quot;, où il a étudié le piano avec le professeur Mihaela Zamfirescu. Durant ses années d’études, il remporte de nombreux premiers prix ou trophées lors de concours nationaux et internationaux, tels que l’Olympiade nationale d’interprétation musicale, le concours « Ada Ulubeanu », le concours « Gradus ad Parnassum », le concours « Victor Giuleanu », le concours « Piano Artis » ou le concours « Millenium Piano ». Il a également reçu le prix spécial du jury pour le développement pianistique au Concours international de piano pour jeunes écossais en 2018, et en 2019, il a remporté le premier prix du même concours. Durant ses années d&#039;études, il commence également à étudier les percussions sous la tutelle du professeur Alexandru Sturzu, participant à de nombreux concerts organisés par le département de percussion du collège. Étudiant en deuxième année au Conservatoire royal d&#039;Écosse à Glasgow, Robert Creimerman est encore au début de son parcours de premier cycle de quatre ans, spécialisé en piano, sous la tutelle du professeur Graeme McNaught. Déjà dès sa première année d&#039;études, il participe à de nombreux projets artistiques au conservatoire, collaborant avec des pianistes, des étudiants en chant, des danseurs, des compositeurs ou des membres de l&#039;orchestre du RCS.</span></p>

<!-- This site is optimized with the Yoast SEO plugin v24.1 - https://yoast.com/wordpress/plugins/seo/ -->
<title>recital de pian - Robert creimerman &#183; Peles Test</title>
<meta name="robots" content="noindex, follow, max-snippet:-1, max-image-preview:large, max-video-preview:-1" />
<script type="application/ld+json" class="yoast-schema-graph">{"@context":"https://schema.org","@graph":[{"@type":"WebPage","@id":"https://thewebdevpoint.com/ro/eveniment/recital-de-pian-robert-creimerman/","url":"https://thewebdevpoint.com/ro/eveniment/recital-de-pian-robert-creimerman/","name":"recital de pian - Robert creimerman &#183; Peles Test","isPartOf":{"@id":"https://thewebdevpoint.com/ro/#website"},"datePublished":"2024-10-08T11:59:14+00:00","dateModified":"2024-12-19T07:50:38+00:00","breadcrumb":{"@id":"https://thewebdevpoint.com/ro/eveniment/recital-de-pian-robert-creimerman/#breadcrumb"},"inLanguage":"fr-FR","potentialAction":[{"@type":"ReadAction","target":["https://thewebdevpoint.com/ro/eveniment/recital-de-pian-robert-creimerman/"]}]},{"@type":"BreadcrumbList","@id":"https://thewebdevpoint.com/ro/eveniment/recital-de-pian-robert-creimerman/#breadcrumb","itemListElement":[{"@type":"ListItem","position":1,"name":"Acasă","item":"https://thewebdevpoint.com/"},{"@type":"ListItem","position":2,"name":"Evenimente","item":"https://thewebdevpoint.com/ro/evenimente/"},{"@type":"ListItem","position":3,"name":"recital de pian &#8211; Robert creimerman"}]},{"@type":"WebSite","@id":"https://thewebdevpoint.com/ro/#website","url":"https://thewebdevpoint.com/ro/","name":"Peles Test","description":"","publisher":{"@id":"https://thewebdevpoint.com/ro/#organization"},"potentialAction":[{"@type":"SearchAction","target":{"@type":"EntryPoint","urlTemplate":"https://thewebdevpoint.com/ro/?s={search_term_string}"},"query-input":{"@type":"PropertyValueSpecification","valueRequired":true,"valueName":"search_term_string"}}],"inLanguage":"fr-FR"},{"@type":"Organization","@id":"https://thewebdevpoint.com/ro/#organization","name":"Muzeul Peleș","alternateName":"MP","url":"https://thewebdevpoint.com/ro/","logo":{"@type":"ImageObject","inLanguage":"fr-FR","@id":"https://thewebdevpoint.com/ro/#/schema/logo/image/","url":"https://thewebdevpoint.com/wp-content/uploads/2024/10/Logo.svg","contentUrl":"https://thewebdevpoint.com/wp-content/uploads/2024/10/Logo.svg","width":251,"height":48,"caption":"Muzeul Peleș"},"image":{"@id":"https://thewebdevpoint.com/ro/#/schema/logo/image/"}}]}</script>
<!-- / Yoast SEO plugin. -->

Acasă

Muzeul Peleș
