{"id":8992,"date":"2024-06-15T11:59:17","date_gmt":"2024-06-15T08:59:17","guid":{"rendered":"https:\/\/pelestest.thepoint-agency.com\/expozitia-temporara-emotii-estivale\/"},"modified":"2024-12-19T13:52:48","modified_gmt":"2024-12-19T11:52:48","slug":"expozitia-temporara-emotii-estivale","status":"publish","type":"eveniment","link":"https:\/\/thewebdevpoint.com\/fr\/eveniment\/expozitia-temporara-emotii-estivale\/","title":{"rendered":"exposition temporaire &quot;Emotions d&#039;\u00e9t\u00e9&quot;"},"content":{"rendered":"<p style=\"text-align: left;\">\u00c9motions estivales sous le pinceau de Doina Maravela \u2013 Moss<\/p>\n<p style=\"text-align: left;\">Le Mus\u00e9e national Pele\u0219 ouvrira le samedi 15 juin 2024, \u00e0 13h00, dans la salle d&#039;honneur du ch\u00e2teau de Pele\u0219or, l&#039;exposition personnelle de peinture de l&#039;architecte Doina Maravela-Moss. Intitul\u00e9e \u00ab \u00c9motions d\u2019\u00e9t\u00e9 \u00bb, l\u2019exposition sera ouverte au public du 16 juin au 15 juillet 2024.<br \/>\n\u00c9tudiante de l&#039;Universit\u00e9 d&#039;Architecture et d&#039;Urbanisme &quot;Ion Mincu&quot;, titulaire d&#039;un master de la m\u00eame universit\u00e9, et de nombreuses sp\u00e9cialisations dans des institutions prestigieuses du Royaume-Uni, telles que l&#039;Architectural Association, School of Architecture, Westminster University, Sotheby&#039;s Institute of Art, o\u00f9 elle a obtenu un dipl\u00f4me en Art et Finance sur un March\u00e9 Mondial, Hetherly School of Art, membre du Royal Institute of British Architects (RIBA) et de la Royal Society of Arts (FRSA), Doina Maravela - Moss est une artiste dont la formation en architecture influence son style visuel distinct et qui navigue \u00e0 l&#039;intersection entre l&#039;effort artistique et la spontan\u00e9it\u00e9 depuis son plus jeune \u00e2ge.<br \/>\nHabitant en Angleterre, dans la r\u00e9gion de Hampton Court, Doina Maravela \u2013 Moss est constamment inspir\u00e9e par les paysages de ce lieu charg\u00e9 d\u2019histoire. Depuis 2016, il renouvelle son exploration de la peinture \u00e0 l\u2019huile, port\u00e9 par sa passion pour la philosophie impressionniste. Cette approche est \u00e9vidente dans ses \u0153uvres en plein air, dans lesquelles elle capture la beaut\u00e9 \u00e9th\u00e9r\u00e9e des parcs de la Tamise, de Richmond et de Bushy, ainsi que des divers lieux qu\u2019elle rencontre au cours de ses voyages.<br \/>\nDepuis ses d\u00e9buts en 2017, au Salon des Refus\u00e9s, la carri\u00e8re de Doina Maravela-Moss a connu une trajectoire ascendante, avec des expositions organis\u00e9es par d&#039;importants mus\u00e9es ou des institutions renomm\u00e9es \u00e0 Bucarest, Gala\u021bi, T\u00e2rgu Mure\u0219, Bra\u0219ov, Cluj, Londres, Paris, New York, Houston et Zurich. Cette ann\u00e9e, Doina Maravela \u2013 Moss est devenue membre de l&#039;Union des Artistes Visuels de Roumanie, branche Gala\u021bi, couronnant ainsi les autres affiliations de l&#039;artiste avec des institutions prestigieuses.<br \/>\nDans l&#039;exposition install\u00e9e au ch\u00e2teau de Peli\u0219or, la \u00ab maison de r\u00eave \u00bb de la reine la plus aim\u00e9e des Roumains, Maria, elle-m\u00eame peintre talentueuse et m\u00e9c\u00e8ne de la soci\u00e9t\u00e9 \u00ab Jeunesse Artistique \u00bb, le public pourra admirer 31 \u0153uvres \u00e0 l&#039;huile, dont la plupart ont \u00e9t\u00e9 r\u00e9alis\u00e9es en plein air, et structur\u00e9es en trois s\u00e9ries. La premi\u00e8re s\u00e9rie s&#039;inspire de la reine Maria de Roumanie et de ses ch\u00e2teaux et lieux bien-aim\u00e9s en Roumanie et \u00e0 Balchik. La deuxi\u00e8me s\u00e9rie pr\u00e9sente des paysages des environs de la maison de Doina \u00e0 Richmond, Londres. La troisi\u00e8me s\u00e9rie comprend des \u0153uvres peintes lors de ses voyages et pr\u00e9sentant des sujets divers.<br \/>\n\u00c0 l&#039;invitation de l&#039;artiste, la c\u00e9l\u00e8bre designer Simona \u0218pan apportera une touche de couleur<br \/>\nce vernissage, pr\u00e9sentant sa collection de robes peintes<\/p>\n<p>L&#039;exposition sera ouverte au public gratuitement, selon le calendrier suivant :<br \/>\nMercredi : 10h00 \u2013 16h15 (derni\u00e8re entr\u00e9e)<br \/>\nJeudi \u2013 Dimanche : 9h15 \u2013 16h15 (derni\u00e8re entr\u00e9e)<br \/>\nContact : Mus\u00e9e national de Pele\u0219<br \/>\nRue. Pelesului, n\u00b0 2, Sinaia, 106100<\/p>\n<p>www.peles.ro<\/p>\n<p>https:\/\/www.facebook.com\/muzeulnationalpeles<\/p>\n<p>https:\/\/www.leighpicturegallery.co.uk\/blog\/2024\/5\/31\/doina-moss-solo-exhibition-summer-<br \/>\npassions<\/p>\n<p>https:\/\/doinamoss.exposure.co\/art-gallery<\/p>\n<blockquote class=\"wp-embedded-content\" data-secret=\"hOdhtQeAys\"><p><a href=\"https:\/\/simonaspan.ro\/en\/\">Accueil principal \u2013 fr<\/a><\/p><\/blockquote>\n<p><iframe class=\"wp-embedded-content\" sandbox=\"allow-scripts\" security=\"restricted\" style=\"position: absolute; visibility: hidden;\" title=\"\u00ab Maison principale \u2013 fr \u00bb \u2014 Simona \u0218pan\" src=\"https:\/\/simonaspan.ro\/en\/embed\/#?secret=24PeebZUia#?secret=hOdhtQeAys\" data-secret=\"hOdhtQeAys\" width=\"600\" height=\"338\" frameborder=\"0\" marginwidth=\"0\" marginheight=\"0\" scrolling=\"no\"><\/iframe><\/p>","protected":false},"featured_media":16950,"template":"","meta":{"_acf_changed":false},"categorie-evenimente":[332],"class_list":["post-8992","eveniment","type-eveniment","status-publish","has-post-thumbnail","hentry","categorie-evenimente-expozitii-temporare"],"acf":[],"yoast_head":"<!-- This site is optimized with the Yoast SEO plugin v24.1 - https:\/\/yoast.com\/wordpress\/plugins\/seo\/ -->\n<title>expozi\u021bia temporar\u0103 \u201eEmo\u021bii estivale\u201d &#183; Peles Test<\/title>\n<meta name=\"robots\" content=\"noindex, follow, max-snippet:-1, max-image-preview:large, max-video-preview:-1\" \/>\n<script type=\"application\/ld+json\" class=\"yoast-schema-graph\">{\"@context\":\"https:\/\/schema.org\",\"@graph\":[{\"@type\":\"WebPage\",\"@id\":\"https:\/\/thewebdevpoint.com\/eveniment\/expozitia-temporara-emotii-estivale\/\",\"url\":\"https:\/\/thewebdevpoint.com\/eveniment\/expozitia-temporara-emotii-estivale\/\",\"name\":\"expozi\u021bia temporar\u0103 \u201eEmo\u021bii estivale\u201d &#183; Peles Test\",\"isPartOf\":{\"@id\":\"https:\/\/thewebdevpoint.com\/ro\/#website\"},\"primaryImageOfPage\":{\"@id\":\"https:\/\/thewebdevpoint.com\/eveniment\/expozitia-temporara-emotii-estivale\/#primaryimage\"},\"image\":{\"@id\":\"https:\/\/thewebdevpoint.com\/eveniment\/expozitia-temporara-emotii-estivale\/#primaryimage\"},\"thumbnailUrl\":\"https:\/\/thewebdevpoint.com\/wp-content\/uploads\/2024\/10\/Afis-DMM-2024-FIN-1-1-1448x2048-1.jpg\",\"datePublished\":\"2024-06-15T08:59:17+00:00\",\"dateModified\":\"2024-12-19T11:52:48+00:00\",\"breadcrumb\":{\"@id\":\"https:\/\/thewebdevpoint.com\/eveniment\/expozitia-temporara-emotii-estivale\/#breadcrumb\"},\"inLanguage\":\"fr-FR\",\"potentialAction\":[{\"@type\":\"ReadAction\",\"target\":[\"https:\/\/thewebdevpoint.com\/eveniment\/expozitia-temporara-emotii-estivale\/\"]}]},{\"@type\":\"ImageObject\",\"inLanguage\":\"fr-FR\",\"@id\":\"https:\/\/thewebdevpoint.com\/eveniment\/expozitia-temporara-emotii-estivale\/#primaryimage\",\"url\":\"https:\/\/thewebdevpoint.com\/wp-content\/uploads\/2024\/10\/Afis-DMM-2024-FIN-1-1-1448x2048-1.jpg\",\"contentUrl\":\"https:\/\/thewebdevpoint.com\/wp-content\/uploads\/2024\/10\/Afis-DMM-2024-FIN-1-1-1448x2048-1.jpg\",\"width\":1448,\"height\":2048},{\"@type\":\"BreadcrumbList\",\"@id\":\"https:\/\/thewebdevpoint.com\/eveniment\/expozitia-temporara-emotii-estivale\/#breadcrumb\",\"itemListElement\":[{\"@type\":\"ListItem\",\"position\":1,\"name\":\"Acas\u0103\",\"item\":\"https:\/\/thewebdevpoint.com\/\"},{\"@type\":\"ListItem\",\"position\":2,\"name\":\"Evenimente\",\"item\":\"https:\/\/thewebdevpoint.com\/ro\/evenimente\/\"},{\"@type\":\"ListItem\",\"position\":3,\"name\":\"expozi\u021bia temporar\u0103 \u201eEmo\u021bii estivale\u201d\"}]},{\"@type\":\"WebSite\",\"@id\":\"https:\/\/thewebdevpoint.com\/ro\/#website\",\"url\":\"https:\/\/thewebdevpoint.com\/ro\/\",\"name\":\"Peles Test\",\"description\":\"\",\"publisher\":{\"@id\":\"https:\/\/thewebdevpoint.com\/ro\/#organization\"},\"potentialAction\":[{\"@type\":\"SearchAction\",\"target\":{\"@type\":\"EntryPoint\",\"urlTemplate\":\"https:\/\/thewebdevpoint.com\/ro\/?s={search_term_string}\"},\"query-input\":{\"@type\":\"PropertyValueSpecification\",\"valueRequired\":true,\"valueName\":\"search_term_string\"}}],\"inLanguage\":\"fr-FR\"},{\"@type\":\"Organization\",\"@id\":\"https:\/\/thewebdevpoint.com\/ro\/#organization\",\"name\":\"Muzeul Pele\u0219\",\"alternateName\":\"MP\",\"url\":\"https:\/\/thewebdevpoint.com\/ro\/\",\"logo\":{\"@type\":\"ImageObject\",\"inLanguage\":\"fr-FR\",\"@id\":\"https:\/\/thewebdevpoint.com\/ro\/#\/schema\/logo\/image\/\",\"url\":\"https:\/\/thewebdevpoint.com\/wp-content\/uploads\/2024\/10\/Logo.svg\",\"contentUrl\":\"https:\/\/thewebdevpoint.com\/wp-content\/uploads\/2024\/10\/Logo.svg\",\"width\":251,\"height\":48,\"caption\":\"Muzeul Pele\u0219\"},\"image\":{\"@id\":\"https:\/\/thewebdevpoint.com\/ro\/#\/schema\/logo\/image\/\"}}]}<\/script>\n<!-- \/ Yoast SEO plugin. -->","yoast_head_json":{"title":"expozi\u021bia temporar\u0103 \u201eEmo\u021bii estivale\u201d &#183; Peles Test","robots":{"index":"noindex","follow":"follow","max-snippet":"max-snippet:-1","max-image-preview":"max-image-preview:large","max-video-preview":"max-video-preview:-1"},"schema":{"@context":"https:\/\/schema.org","@graph":[{"@type":"WebPage","@id":"https:\/\/thewebdevpoint.com\/eveniment\/expozitia-temporara-emotii-estivale\/","url":"https:\/\/thewebdevpoint.com\/eveniment\/expozitia-temporara-emotii-estivale\/","name":"expozi\u021bia temporar\u0103 \u201eEmo\u021bii estivale\u201d &#183; Peles Test","isPartOf":{"@id":"https:\/\/thewebdevpoint.com\/ro\/#website"},"primaryImageOfPage":{"@id":"https:\/\/thewebdevpoint.com\/eveniment\/expozitia-temporara-emotii-estivale\/#primaryimage"},"image":{"@id":"https:\/\/thewebdevpoint.com\/eveniment\/expozitia-temporara-emotii-estivale\/#primaryimage"},"thumbnailUrl":"https:\/\/thewebdevpoint.com\/wp-content\/uploads\/2024\/10\/Afis-DMM-2024-FIN-1-1-1448x2048-1.jpg","datePublished":"2024-06-15T08:59:17+00:00","dateModified":"2024-12-19T11:52:48+00:00","breadcrumb":{"@id":"https:\/\/thewebdevpoint.com\/eveniment\/expozitia-temporara-emotii-estivale\/#breadcrumb"},"inLanguage":"fr-FR","potentialAction":[{"@type":"ReadAction","target":["https:\/\/thewebdevpoint.com\/eveniment\/expozitia-temporara-emotii-estivale\/"]}]},{"@type":"ImageObject","inLanguage":"fr-FR","@id":"https:\/\/thewebdevpoint.com\/eveniment\/expozitia-temporara-emotii-estivale\/#primaryimage","url":"https:\/\/thewebdevpoint.com\/wp-content\/uploads\/2024\/10\/Afis-DMM-2024-FIN-1-1-1448x2048-1.jpg","contentUrl":"https:\/\/thewebdevpoint.com\/wp-content\/uploads\/2024\/10\/Afis-DMM-2024-FIN-1-1-1448x2048-1.jpg","width":1448,"height":2048},{"@type":"BreadcrumbList","@id":"https:\/\/thewebdevpoint.com\/eveniment\/expozitia-temporara-emotii-estivale\/#breadcrumb","itemListElement":[{"@type":"ListItem","position":1,"name":"Acas\u0103","item":"https:\/\/thewebdevpoint.com\/"},{"@type":"ListItem","position":2,"name":"Evenimente","item":"https:\/\/thewebdevpoint.com\/ro\/evenimente\/"},{"@type":"ListItem","position":3,"name":"expozi\u021bia temporar\u0103 \u201eEmo\u021bii estivale\u201d"}]},{"@type":"WebSite","@id":"https:\/\/thewebdevpoint.com\/ro\/#website","url":"https:\/\/thewebdevpoint.com\/ro\/","name":"Peles Test","description":"","publisher":{"@id":"https:\/\/thewebdevpoint.com\/ro\/#organization"},"potentialAction":[{"@type":"SearchAction","target":{"@type":"EntryPoint","urlTemplate":"https:\/\/thewebdevpoint.com\/ro\/?s={search_term_string}"},"query-input":{"@type":"PropertyValueSpecification","valueRequired":true,"valueName":"search_term_string"}}],"inLanguage":"fr-FR"},{"@type":"Organization","@id":"https:\/\/thewebdevpoint.com\/ro\/#organization","name":"Muzeul Pele\u0219","alternateName":"MP","url":"https:\/\/thewebdevpoint.com\/ro\/","logo":{"@type":"ImageObject","inLanguage":"fr-FR","@id":"https:\/\/thewebdevpoint.com\/ro\/#\/schema\/logo\/image\/","url":"https:\/\/thewebdevpoint.com\/wp-content\/uploads\/2024\/10\/Logo.svg","contentUrl":"https:\/\/thewebdevpoint.com\/wp-content\/uploads\/2024\/10\/Logo.svg","width":251,"height":48,"caption":"Muzeul Pele\u0219"},"image":{"@id":"https:\/\/thewebdevpoint.com\/ro\/#\/schema\/logo\/image\/"}}]}},"_links":{"self":[{"href":"https:\/\/thewebdevpoint.com\/fr\/wp-json\/wp\/v2\/eveniment\/8992","targetHints":{"allow":["GET"]}}],"collection":[{"href":"https:\/\/thewebdevpoint.com\/fr\/wp-json\/wp\/v2\/eveniment"}],"about":[{"href":"https:\/\/thewebdevpoint.com\/fr\/wp-json\/wp\/v2\/types\/eveniment"}],"version-history":[{"count":2,"href":"https:\/\/thewebdevpoint.com\/fr\/wp-json\/wp\/v2\/eveniment\/8992\/revisions"}],"predecessor-version":[{"id":16951,"href":"https:\/\/thewebdevpoint.com\/fr\/wp-json\/wp\/v2\/eveniment\/8992\/revisions\/16951"}],"wp:featuredmedia":[{"embeddable":true,"href":"https:\/\/thewebdevpoint.com\/fr\/wp-json\/wp\/v2\/media\/16950"}],"wp:attachment":[{"href":"https:\/\/thewebdevpoint.com\/fr\/wp-json\/wp\/v2\/media?parent=8992"}],"wp:term":[{"taxonomy":"categorie-evenimente","embeddable":true,"href":"https:\/\/thewebdevpoint.com\/fr\/wp-json\/wp\/v2\/categorie-evenimente?post=8992"}],"curies":[{"name":"wp","href":"https:\/\/api.w.org\/{rel}","templated":true}]}}

exposition temporaire &quot;Emotions d&#039;été&quot;

<p style="text-align: left;">Émotions estivales sous le pinceau de Doina Maravela – Moss</p>
<p style="text-align: left;">Le Musée national Peleș ouvrira le samedi 15 juin 2024, à 13h00, dans la salle d&#039;honneur du château de Peleșor, l&#039;exposition personnelle de peinture de l&#039;architecte Doina Maravela-Moss. Intitulée « Émotions d’été », l’exposition sera ouverte au public du 16 juin au 15 juillet 2024.<br />
Étudiante de l&#039;Université d&#039;Architecture et d&#039;Urbanisme &quot;Ion Mincu&quot;, titulaire d&#039;un master de la même université, et de nombreuses spécialisations dans des institutions prestigieuses du Royaume-Uni, telles que l&#039;Architectural Association, School of Architecture, Westminster University, Sotheby&#039;s Institute of Art, où elle a obtenu un diplôme en Art et Finance sur un Marché Mondial, Hetherly School of Art, membre du Royal Institute of British Architects (RIBA) et de la Royal Society of Arts (FRSA), Doina Maravela - Moss est une artiste dont la formation en architecture influence son style visuel distinct et qui navigue à l&#039;intersection entre l&#039;effort artistique et la spontanéité depuis son plus jeune âge.<br />
Habitant en Angleterre, dans la région de Hampton Court, Doina Maravela – Moss est constamment inspirée par les paysages de ce lieu chargé d’histoire. Depuis 2016, il renouvelle son exploration de la peinture à l’huile, porté par sa passion pour la philosophie impressionniste. Cette approche est évidente dans ses œuvres en plein air, dans lesquelles elle capture la beauté éthérée des parcs de la Tamise, de Richmond et de Bushy, ainsi que des divers lieux qu’elle rencontre au cours de ses voyages.<br />
Depuis ses débuts en 2017, au Salon des Refusés, la carrière de Doina Maravela-Moss a connu une trajectoire ascendante, avec des expositions organisées par d&#039;importants musées ou des institutions renommées à Bucarest, Galați, Târgu Mureș, Brașov, Cluj, Londres, Paris, New York, Houston et Zurich. Cette année, Doina Maravela – Moss est devenue membre de l&#039;Union des Artistes Visuels de Roumanie, branche Galați, couronnant ainsi les autres affiliations de l&#039;artiste avec des institutions prestigieuses.<br />
Dans l&#039;exposition installée au château de Pelișor, la « maison de rêve » de la reine la plus aimée des Roumains, Maria, elle-même peintre talentueuse et mécène de la société « Jeunesse Artistique », le public pourra admirer 31 œuvres à l&#039;huile, dont la plupart ont été réalisées en plein air, et structurées en trois séries. La première série s&#039;inspire de la reine Maria de Roumanie et de ses châteaux et lieux bien-aimés en Roumanie et à Balchik. La deuxième série présente des paysages des environs de la maison de Doina à Richmond, Londres. La troisième série comprend des œuvres peintes lors de ses voyages et présentant des sujets divers.<br />
À l&#039;invitation de l&#039;artiste, la célèbre designer Simona Șpan apportera une touche de couleur<br />
ce vernissage, présentant sa collection de robes peintes</p>
<p>L&#039;exposition sera ouverte au public gratuitement, selon le calendrier suivant :<br />
Mercredi : 10h00 – 16h15 (dernière entrée)<br />
Jeudi – Dimanche : 9h15 – 16h15 (dernière entrée)<br />
Contact : Musée national de Peleș<br />
Rue. Pelesului, n° 2, Sinaia, 106100</p>
<p>www.peles.ro</p>
<p>https://www.facebook.com/muzeulnationalpeles</p>
<p>https://www.leighpicturegallery.co.uk/blog/2024/5/31/doina-moss-solo-exhibition-summer-<br />
passions</p>
<p>https://doinamoss.exposure.co/art-gallery</p>
<blockquote class="wp-embedded-content" data-secret="hOdhtQeAys"><p><a href="https://simonaspan.ro/en/">Accueil principal – fr</a></p></blockquote>
<p><iframe class="wp-embedded-content" sandbox="allow-scripts" security="restricted" style="position: absolute; visibility: hidden;" title="« Maison principale – fr » — Simona Șpan" src="https://simonaspan.ro/en/embed/#?secret=24PeebZUia#?secret=hOdhtQeAys" data-secret="hOdhtQeAys" width="600" height="338" frameborder="0" marginwidth="0" marginheight="0" scrolling="no"></iframe></p>

<!-- This site is optimized with the Yoast SEO plugin v24.1 - https://yoast.com/wordpress/plugins/seo/ -->
<title>expoziția temporară „Emoții estivale” &#183; Peles Test</title>
<meta name="robots" content="noindex, follow, max-snippet:-1, max-image-preview:large, max-video-preview:-1" />
<script type="application/ld+json" class="yoast-schema-graph">{"@context":"https://schema.org","@graph":[{"@type":"WebPage","@id":"https://thewebdevpoint.com/eveniment/expozitia-temporara-emotii-estivale/","url":"https://thewebdevpoint.com/eveniment/expozitia-temporara-emotii-estivale/","name":"expoziția temporară „Emoții estivale” &#183; Peles Test","isPartOf":{"@id":"https://thewebdevpoint.com/ro/#website"},"primaryImageOfPage":{"@id":"https://thewebdevpoint.com/eveniment/expozitia-temporara-emotii-estivale/#primaryimage"},"image":{"@id":"https://thewebdevpoint.com/eveniment/expozitia-temporara-emotii-estivale/#primaryimage"},"thumbnailUrl":"https://thewebdevpoint.com/wp-content/uploads/2024/10/Afis-DMM-2024-FIN-1-1-1448x2048-1.jpg","datePublished":"2024-06-15T08:59:17+00:00","dateModified":"2024-12-19T11:52:48+00:00","breadcrumb":{"@id":"https://thewebdevpoint.com/eveniment/expozitia-temporara-emotii-estivale/#breadcrumb"},"inLanguage":"fr-FR","potentialAction":[{"@type":"ReadAction","target":["https://thewebdevpoint.com/eveniment/expozitia-temporara-emotii-estivale/"]}]},{"@type":"ImageObject","inLanguage":"fr-FR","@id":"https://thewebdevpoint.com/eveniment/expozitia-temporara-emotii-estivale/#primaryimage","url":"https://thewebdevpoint.com/wp-content/uploads/2024/10/Afis-DMM-2024-FIN-1-1-1448x2048-1.jpg","contentUrl":"https://thewebdevpoint.com/wp-content/uploads/2024/10/Afis-DMM-2024-FIN-1-1-1448x2048-1.jpg","width":1448,"height":2048},{"@type":"BreadcrumbList","@id":"https://thewebdevpoint.com/eveniment/expozitia-temporara-emotii-estivale/#breadcrumb","itemListElement":[{"@type":"ListItem","position":1,"name":"Acasă","item":"https://thewebdevpoint.com/"},{"@type":"ListItem","position":2,"name":"Evenimente","item":"https://thewebdevpoint.com/ro/evenimente/"},{"@type":"ListItem","position":3,"name":"expoziția temporară „Emoții estivale”"}]},{"@type":"WebSite","@id":"https://thewebdevpoint.com/ro/#website","url":"https://thewebdevpoint.com/ro/","name":"Peles Test","description":"","publisher":{"@id":"https://thewebdevpoint.com/ro/#organization"},"potentialAction":[{"@type":"SearchAction","target":{"@type":"EntryPoint","urlTemplate":"https://thewebdevpoint.com/ro/?s={search_term_string}"},"query-input":{"@type":"PropertyValueSpecification","valueRequired":true,"valueName":"search_term_string"}}],"inLanguage":"fr-FR"},{"@type":"Organization","@id":"https://thewebdevpoint.com/ro/#organization","name":"Muzeul Peleș","alternateName":"MP","url":"https://thewebdevpoint.com/ro/","logo":{"@type":"ImageObject","inLanguage":"fr-FR","@id":"https://thewebdevpoint.com/ro/#/schema/logo/image/","url":"https://thewebdevpoint.com/wp-content/uploads/2024/10/Logo.svg","contentUrl":"https://thewebdevpoint.com/wp-content/uploads/2024/10/Logo.svg","width":251,"height":48,"caption":"Muzeul Peleș"},"image":{"@id":"https://thewebdevpoint.com/ro/#/schema/logo/image/"}}]}</script>
<!-- / Yoast SEO plugin. -->

expoziția temporară „Emoții estivale” &#183; Peles Test

Acasă

expoziția temporară „Emoții estivale”

Muzeul Peleș
