{"id":15706,"date":"2024-12-09T15:09:25","date_gmt":"2024-12-09T13:09:25","guid":{"rendered":"https:\/\/thewebdevpoint.com\/?post_type=personalitati&#038;p=15706"},"modified":"2024-12-09T16:11:52","modified_gmt":"2024-12-09T14:11:52","slug":"regele-mihai-i","status":"publish","type":"personalitati","link":"https:\/\/thewebdevpoint.com\/fr\/personalitati\/regele-mihai-i\/","title":{"rendered":"Roi Mihai Ier"},"content":{"rendered":"<p align=\"justify\">N\u00e9 le 25 octobre 1921 au ch\u00e2teau de Foisor \u00e0 Sinaia et baptis\u00e9 dans le rite orthodoxe du nom du vo\u00efvode Michel le Brave, Michel Ier a d\u00e9couvert tr\u00e8s t\u00f4t la valeur des mots devoir, foi et patrie, valeurs qui avaient ennobli le r\u00e8gne de son grand-p\u00e8re, Ferdinand le Loyal (1914 \u2013 1927).<\/p>\n<p align=\"justify\">\u00c0 seulement six ans, l&#039;enfant pr\u00e9coce, qui parlait roumain et anglais, \u00e9tudiait le piano et les \u00e9checs, montait \u00e0 poney, prenait des photos et conduisait une petite voiture, sous la surveillance attentive de sa m\u00e8re, la princesse - m\u00e8re Elena, est jet\u00e9 dans le tourbillon de l&#039;histoire. Apr\u00e8s la troisi\u00e8me abdication de son p\u00e8re, le prince Carol, il se voit confier la t\u00e2che ingrate de gouverner un pays \u00e0 la d\u00e9rive (1927-1930).<\/p>\n<p align=\"justify\">D\u00e9tr\u00f4n\u00e9 apr\u00e8s le retour d&#039;exil du roi Carol II, le 8 juin 1930, il re\u00e7oit le titre symbolique de Grand Vo\u00efvode d&#039;Alba-Iulia, fr\u00e9quente une \u00e9cole priv\u00e9e stricte bas\u00e9e au Palais Royal et commence une formation militaire. \u00c0 seulement seize ans, il est promu au grade de sous-lieutenant du 1er bataillon de chasseurs de montagne et pr\u00eate serment d&#039;all\u00e9geance au roi. En m\u00eame temps, Michel Ier \u00e9tait le plus jeune mar\u00e9chal de l\u2019arm\u00e9e roumaine.<\/p>\n<p align=\"justify\">Tenu \u00e0 l&#039;\u00e9cart du tumulte de la vie politique, domin\u00e9 par la figure autoritaire du roi, Mihai assiste impuissant aux \u00e9v\u00e9nements turbulents de la Roumanie de l&#039;entre-deux-guerres, marqu\u00e9s par la mont\u00e9e des mouvements extr\u00e9mistes, culminant avec les assassinats politiques, le changement de la Constitution, l&#039;interdiction de tous les partis et la dictature carliste.<\/p>\n<p align=\"justify\">En 1937, il accompagna Carol II lors d&#039;une visite officielle en Pologne et repr\u00e9senta la Roumanie au couronnement du roi Georges VI, et en 1938, il participa \u00e0 la tourn\u00e9e diplomatique du roi Carol II \u00e0 Londres, Paris et Bruxelles, ainsi qu&#039;\u00e0 la rencontre historique avec Hitler le 24 novembre 1938.<\/p>\n<p align=\"justify\">Le pacte Ribbentrop-Molotov du 23 ao\u00fbt 1939 et le dictat de Vienne du 30 ao\u00fbt 1940, aux cons\u00e9quences d\u00e9sastreuses pour la Roumanie, h\u00e2t\u00e8rent la fin du r\u00e8gne controvers\u00e9 de Carol II. Contraint de quitter le pays le 6 septembre 1940, Carol laisse entre les mains de son fils, Michel Ier, les destin\u00e9es d&#039;une Roumanie divis\u00e9e par les provinces historiques de Transylvanie, de Bucovine et de Bessarabie. Face au fait accompli, \u00e0 presque dix-neuf ans, Mihai a pr\u00eat\u00e9 pour la deuxi\u00e8me fois serment d&#039;all\u00e9geance \u00e0 la nation et au Parlement, assumant un r\u00f4le historique qu&#039;il a sans aucun doute su jouer avec dignit\u00e9 et courage.<br \/>\nMarqu\u00e9e par la duplicit\u00e9 de l&#039;Occident, le sort de la Roumanie semblait scell\u00e9 : par la volont\u00e9 du mar\u00e9chal Antonescu, autoproclam\u00e9 \u00ab Leader \u00bb, la Roumanie \u00e9tait entr\u00e9e en guerre aux c\u00f4t\u00e9s de l&#039;Axe contre la volont\u00e9 du roi sur le tr\u00f4ne. Antonescu proclama l&#039;\u00c9tat l\u00e9gionnaire (14 septembre 1940 \u2013 janvier 1941), d\u00e9clara la guerre \u00e0 l&#039;Union sovi\u00e9tique le 22 juin 1941 et agit au-del\u00e0 de l&#039;autorit\u00e9 l\u00e9gale du roi. Conscient des cons\u00e9quences d\u00e9sastreuses de la politique d&#039;Antonescu, le roi Mihai d\u00e9cide de changer le cours de l&#039;histoire.<\/p>\n<p align=\"justify\">L&#039;acte courageux du 23 ao\u00fbt 1944, par lequel la Roumanie rejoint les alli\u00e9s traditionnels, raccourcissant la guerre de six mois et \u00e9pargnant des dizaines de milliers de vies humaines, fut l&#039;\u0153uvre du jeune Michel Ier. A 22 heures, Radio Roumanie diffusa le message du roi, dans lequel l&#039;arm\u00e9e roumaine tourna ses armes contre l&#039;Allemagne nazie, et la Constitution de 1923 fut r\u00e9tablie. Pour ses services rendus \u00e0 l&#039;humanit\u00e9 \u00e0 travers le geste historique du 23 ao\u00fbt, le roi Michel a \u00e9t\u00e9 honor\u00e9 par le pr\u00e9sident des \u00c9tats-Unis de la \u00ab L\u00e9gion du M\u00e9rite \u00bb et par l&#039;URSS, de l&#039;\u00ab Ordre de Victoria \u00bb.<\/p>\n<p align=\"justify\">Contraint de reconna\u00eetre finalement un gouvernement communiste, dirig\u00e9 par Petru Groza (6 mars 1945 \u2013 30 novembre 1946), le roi prend des mesures d\u00e9sesp\u00e9r\u00e9es pour limiter le danger rouge en Roumanie. Ses actions diplomatiques sont toutefois vou\u00e9es \u00e0 l\u2019\u00e9chec. Apr\u00e8s la \u00ab gr\u00e8ve royale \u00bb d&#039;ao\u00fbt 1945-d\u00e9cembre 1946, le roi Michel Ier fut contraint - en l&#039;absence de soutien ext\u00e9rieur - de reconna\u00eetre les \u00e9lections frauduleuses de novembre 1946. Le 30 d\u00e9cembre 1947, Michel Ier fut contraint de signer l&#039;acte d&#039;abdication. Avec le dernier roi s&#039;ach\u00e8ve un chapitre de r\u00e9alisations culturelles, \u00e9conomiques et sociales remarquables, brutalement balay\u00e9 par le rouleau compresseur communiste.<\/p>\n<p align=\"justify\">Depuis son exil, le c\u0153ur du roi continue de battre pour la Roumanie. En 1948, il se rendit \u00e0 Londres et \u00e0 New York pour tenter de sensibiliser l&#039;Occident aux abus du r\u00e9gime de la Roumanie populaire. Dans les ann\u00e9es 1950, il fonde le Comit\u00e9 national roumain, qu\u2019il coordonne avec d\u00e9vouement et altruisme.<\/p>\n<p align=\"justify\">Apr\u00e8s la chute du communisme, le roi Michel est revenu en Roumanie et a contribu\u00e9 par son prestige personnel \u00e0 l&#039;adh\u00e9sion de notre pays \u00e0 l&#039;OTAN. Il a d\u00e9fendu la cause de la Roumanie dans le monde \u00e0 travers des visites, des conf\u00e9rences et des apparitions dans la presse et \u00e0 la t\u00e9l\u00e9vision, aux c\u00f4t\u00e9s de Son Altesse Royale Anne de Bourbon-Parme et de la princesse Margareta, d\u00e9sign\u00e9e comme son successeur en 1997.<\/p>","protected":false},"featured_media":15751,"parent":0,"menu_order":6,"template":"","meta":{"_acf_changed":false},"categories":[],"class_list":["post-15706","personalitati","type-personalitati","status-publish","has-post-thumbnail","hentry"],"acf":[],"yoast_head":"<!-- This site is optimized with the Yoast SEO plugin v24.1 - https:\/\/yoast.com\/wordpress\/plugins\/seo\/ -->\n<title>Regele Mihai I &#183; Peles Test<\/title>\n<meta name=\"robots\" content=\"noindex, follow, max-snippet:-1, max-image-preview:large, max-video-preview:-1\" \/>\n<script type=\"application\/ld+json\" class=\"yoast-schema-graph\">{\"@context\":\"https:\/\/schema.org\",\"@graph\":[{\"@type\":\"WebPage\",\"@id\":\"https:\/\/thewebdevpoint.com\/personalitati\/regele-mihai-i\/\",\"url\":\"https:\/\/thewebdevpoint.com\/personalitati\/regele-mihai-i\/\",\"name\":\"Regele Mihai I &#183; Peles Test\",\"isPartOf\":{\"@id\":\"https:\/\/thewebdevpoint.com\/ro\/#website\"},\"primaryImageOfPage\":{\"@id\":\"https:\/\/thewebdevpoint.com\/personalitati\/regele-mihai-i\/#primaryimage\"},\"image\":{\"@id\":\"https:\/\/thewebdevpoint.com\/personalitati\/regele-mihai-i\/#primaryimage\"},\"thumbnailUrl\":\"https:\/\/thewebdevpoint.com\/wp-content\/uploads\/2024\/12\/mihai.jpg\",\"datePublished\":\"2024-12-09T13:09:25+00:00\",\"dateModified\":\"2024-12-09T14:11:52+00:00\",\"breadcrumb\":{\"@id\":\"https:\/\/thewebdevpoint.com\/personalitati\/regele-mihai-i\/#breadcrumb\"},\"inLanguage\":\"fr-FR\",\"potentialAction\":[{\"@type\":\"ReadAction\",\"target\":[\"https:\/\/thewebdevpoint.com\/personalitati\/regele-mihai-i\/\"]}]},{\"@type\":\"ImageObject\",\"inLanguage\":\"fr-FR\",\"@id\":\"https:\/\/thewebdevpoint.com\/personalitati\/regele-mihai-i\/#primaryimage\",\"url\":\"https:\/\/thewebdevpoint.com\/wp-content\/uploads\/2024\/12\/mihai.jpg\",\"contentUrl\":\"https:\/\/thewebdevpoint.com\/wp-content\/uploads\/2024\/12\/mihai.jpg\",\"width\":513,\"height\":703},{\"@type\":\"BreadcrumbList\",\"@id\":\"https:\/\/thewebdevpoint.com\/personalitati\/regele-mihai-i\/#breadcrumb\",\"itemListElement\":[{\"@type\":\"ListItem\",\"position\":1,\"name\":\"Acas\u0103\",\"item\":\"https:\/\/thewebdevpoint.com\/\"},{\"@type\":\"ListItem\",\"position\":2,\"name\":\"Personalit\u0103\u021bi\",\"item\":\"https:\/\/thewebdevpoint.com\/ro\/personalitati\/\"},{\"@type\":\"ListItem\",\"position\":3,\"name\":\"Regele Mihai I\"}]},{\"@type\":\"WebSite\",\"@id\":\"https:\/\/thewebdevpoint.com\/ro\/#website\",\"url\":\"https:\/\/thewebdevpoint.com\/ro\/\",\"name\":\"Peles Test\",\"description\":\"\",\"publisher\":{\"@id\":\"https:\/\/thewebdevpoint.com\/ro\/#organization\"},\"potentialAction\":[{\"@type\":\"SearchAction\",\"target\":{\"@type\":\"EntryPoint\",\"urlTemplate\":\"https:\/\/thewebdevpoint.com\/ro\/?s={search_term_string}\"},\"query-input\":{\"@type\":\"PropertyValueSpecification\",\"valueRequired\":true,\"valueName\":\"search_term_string\"}}],\"inLanguage\":\"fr-FR\"},{\"@type\":\"Organization\",\"@id\":\"https:\/\/thewebdevpoint.com\/ro\/#organization\",\"name\":\"Muzeul Pele\u0219\",\"alternateName\":\"MP\",\"url\":\"https:\/\/thewebdevpoint.com\/ro\/\",\"logo\":{\"@type\":\"ImageObject\",\"inLanguage\":\"fr-FR\",\"@id\":\"https:\/\/thewebdevpoint.com\/ro\/#\/schema\/logo\/image\/\",\"url\":\"https:\/\/thewebdevpoint.com\/wp-content\/uploads\/2024\/10\/Logo.svg\",\"contentUrl\":\"https:\/\/thewebdevpoint.com\/wp-content\/uploads\/2024\/10\/Logo.svg\",\"width\":251,\"height\":48,\"caption\":\"Muzeul Pele\u0219\"},\"image\":{\"@id\":\"https:\/\/thewebdevpoint.com\/ro\/#\/schema\/logo\/image\/\"}}]}<\/script>\n<!-- \/ Yoast SEO plugin. -->","yoast_head_json":{"title":"Regele Mihai I &#183; Peles Test","robots":{"index":"noindex","follow":"follow","max-snippet":"max-snippet:-1","max-image-preview":"max-image-preview:large","max-video-preview":"max-video-preview:-1"},"schema":{"@context":"https:\/\/schema.org","@graph":[{"@type":"WebPage","@id":"https:\/\/thewebdevpoint.com\/personalitati\/regele-mihai-i\/","url":"https:\/\/thewebdevpoint.com\/personalitati\/regele-mihai-i\/","name":"Regele Mihai I &#183; Peles Test","isPartOf":{"@id":"https:\/\/thewebdevpoint.com\/ro\/#website"},"primaryImageOfPage":{"@id":"https:\/\/thewebdevpoint.com\/personalitati\/regele-mihai-i\/#primaryimage"},"image":{"@id":"https:\/\/thewebdevpoint.com\/personalitati\/regele-mihai-i\/#primaryimage"},"thumbnailUrl":"https:\/\/thewebdevpoint.com\/wp-content\/uploads\/2024\/12\/mihai.jpg","datePublished":"2024-12-09T13:09:25+00:00","dateModified":"2024-12-09T14:11:52+00:00","breadcrumb":{"@id":"https:\/\/thewebdevpoint.com\/personalitati\/regele-mihai-i\/#breadcrumb"},"inLanguage":"fr-FR","potentialAction":[{"@type":"ReadAction","target":["https:\/\/thewebdevpoint.com\/personalitati\/regele-mihai-i\/"]}]},{"@type":"ImageObject","inLanguage":"fr-FR","@id":"https:\/\/thewebdevpoint.com\/personalitati\/regele-mihai-i\/#primaryimage","url":"https:\/\/thewebdevpoint.com\/wp-content\/uploads\/2024\/12\/mihai.jpg","contentUrl":"https:\/\/thewebdevpoint.com\/wp-content\/uploads\/2024\/12\/mihai.jpg","width":513,"height":703},{"@type":"BreadcrumbList","@id":"https:\/\/thewebdevpoint.com\/personalitati\/regele-mihai-i\/#breadcrumb","itemListElement":[{"@type":"ListItem","position":1,"name":"Acas\u0103","item":"https:\/\/thewebdevpoint.com\/"},{"@type":"ListItem","position":2,"name":"Personalit\u0103\u021bi","item":"https:\/\/thewebdevpoint.com\/ro\/personalitati\/"},{"@type":"ListItem","position":3,"name":"Regele Mihai I"}]},{"@type":"WebSite","@id":"https:\/\/thewebdevpoint.com\/ro\/#website","url":"https:\/\/thewebdevpoint.com\/ro\/","name":"Peles Test","description":"","publisher":{"@id":"https:\/\/thewebdevpoint.com\/ro\/#organization"},"potentialAction":[{"@type":"SearchAction","target":{"@type":"EntryPoint","urlTemplate":"https:\/\/thewebdevpoint.com\/ro\/?s={search_term_string}"},"query-input":{"@type":"PropertyValueSpecification","valueRequired":true,"valueName":"search_term_string"}}],"inLanguage":"fr-FR"},{"@type":"Organization","@id":"https:\/\/thewebdevpoint.com\/ro\/#organization","name":"Muzeul Pele\u0219","alternateName":"MP","url":"https:\/\/thewebdevpoint.com\/ro\/","logo":{"@type":"ImageObject","inLanguage":"fr-FR","@id":"https:\/\/thewebdevpoint.com\/ro\/#\/schema\/logo\/image\/","url":"https:\/\/thewebdevpoint.com\/wp-content\/uploads\/2024\/10\/Logo.svg","contentUrl":"https:\/\/thewebdevpoint.com\/wp-content\/uploads\/2024\/10\/Logo.svg","width":251,"height":48,"caption":"Muzeul Pele\u0219"},"image":{"@id":"https:\/\/thewebdevpoint.com\/ro\/#\/schema\/logo\/image\/"}}]}},"_links":{"self":[{"href":"https:\/\/thewebdevpoint.com\/fr\/wp-json\/wp\/v2\/personalitati\/15706","targetHints":{"allow":["GET"]}}],"collection":[{"href":"https:\/\/thewebdevpoint.com\/fr\/wp-json\/wp\/v2\/personalitati"}],"about":[{"href":"https:\/\/thewebdevpoint.com\/fr\/wp-json\/wp\/v2\/types\/personalitati"}],"wp:featuredmedia":[{"embeddable":true,"href":"https:\/\/thewebdevpoint.com\/fr\/wp-json\/wp\/v2\/media\/15751"}],"wp:attachment":[{"href":"https:\/\/thewebdevpoint.com\/fr\/wp-json\/wp\/v2\/media?parent=15706"}],"wp:term":[{"taxonomy":"category","embeddable":true,"href":"https:\/\/thewebdevpoint.com\/fr\/wp-json\/wp\/v2\/categories?post=15706"}],"curies":[{"name":"wp","href":"https:\/\/api.w.org\/{rel}","templated":true}]}}

<p align="justify">Né le 25 octobre 1921 au château de Foisor à Sinaia et baptisé dans le rite orthodoxe du nom du voïvode Michel le Brave, Michel Ier a découvert très tôt la valeur des mots devoir, foi et patrie, valeurs qui avaient ennobli le règne de son grand-père, Ferdinand le Loyal (1914 – 1927).</p>
<p align="justify">À seulement six ans, l&#039;enfant précoce, qui parlait roumain et anglais, étudiait le piano et les échecs, montait à poney, prenait des photos et conduisait une petite voiture, sous la surveillance attentive de sa mère, la princesse - mère Elena, est jeté dans le tourbillon de l&#039;histoire. Après la troisième abdication de son père, le prince Carol, il se voit confier la tâche ingrate de gouverner un pays à la dérive (1927-1930).</p>
<p align="justify">Détrôné après le retour d&#039;exil du roi Carol II, le 8 juin 1930, il reçoit le titre symbolique de Grand Voïvode d&#039;Alba-Iulia, fréquente une école privée stricte basée au Palais Royal et commence une formation militaire. À seulement seize ans, il est promu au grade de sous-lieutenant du 1er bataillon de chasseurs de montagne et prête serment d&#039;allégeance au roi. En même temps, Michel Ier était le plus jeune maréchal de l’armée roumaine.</p>
<p align="justify">Tenu à l&#039;écart du tumulte de la vie politique, dominé par la figure autoritaire du roi, Mihai assiste impuissant aux événements turbulents de la Roumanie de l&#039;entre-deux-guerres, marqués par la montée des mouvements extrémistes, culminant avec les assassinats politiques, le changement de la Constitution, l&#039;interdiction de tous les partis et la dictature carliste.</p>
<p align="justify">En 1937, il accompagna Carol II lors d&#039;une visite officielle en Pologne et représenta la Roumanie au couronnement du roi Georges VI, et en 1938, il participa à la tournée diplomatique du roi Carol II à Londres, Paris et Bruxelles, ainsi qu&#039;à la rencontre historique avec Hitler le 24 novembre 1938.</p>
<p align="justify">Le pacte Ribbentrop-Molotov du 23 août 1939 et le dictat de Vienne du 30 août 1940, aux conséquences désastreuses pour la Roumanie, hâtèrent la fin du règne controversé de Carol II. Contraint de quitter le pays le 6 septembre 1940, Carol laisse entre les mains de son fils, Michel Ier, les destinées d&#039;une Roumanie divisée par les provinces historiques de Transylvanie, de Bucovine et de Bessarabie. Face au fait accompli, à presque dix-neuf ans, Mihai a prêté pour la deuxième fois serment d&#039;allégeance à la nation et au Parlement, assumant un rôle historique qu&#039;il a sans aucun doute su jouer avec dignité et courage.<br />
Marquée par la duplicité de l&#039;Occident, le sort de la Roumanie semblait scellé : par la volonté du maréchal Antonescu, autoproclamé « Leader », la Roumanie était entrée en guerre aux côtés de l&#039;Axe contre la volonté du roi sur le trône. Antonescu proclama l&#039;État légionnaire (14 septembre 1940 – janvier 1941), déclara la guerre à l&#039;Union soviétique le 22 juin 1941 et agit au-delà de l&#039;autorité légale du roi. Conscient des conséquences désastreuses de la politique d&#039;Antonescu, le roi Mihai décide de changer le cours de l&#039;histoire.</p>
<p align="justify">L&#039;acte courageux du 23 août 1944, par lequel la Roumanie rejoint les alliés traditionnels, raccourcissant la guerre de six mois et épargnant des dizaines de milliers de vies humaines, fut l&#039;œuvre du jeune Michel Ier. A 22 heures, Radio Roumanie diffusa le message du roi, dans lequel l&#039;armée roumaine tourna ses armes contre l&#039;Allemagne nazie, et la Constitution de 1923 fut rétablie. Pour ses services rendus à l&#039;humanité à travers le geste historique du 23 août, le roi Michel a été honoré par le président des États-Unis de la « Légion du Mérite » et par l&#039;URSS, de l&#039;« Ordre de Victoria ».</p>
<p align="justify">Contraint de reconnaître finalement un gouvernement communiste, dirigé par Petru Groza (6 mars 1945 – 30 novembre 1946), le roi prend des mesures désespérées pour limiter le danger rouge en Roumanie. Ses actions diplomatiques sont toutefois vouées à l’échec. Après la « grève royale » d&#039;août 1945-décembre 1946, le roi Michel Ier fut contraint - en l&#039;absence de soutien extérieur - de reconnaître les élections frauduleuses de novembre 1946. Le 30 décembre 1947, Michel Ier fut contraint de signer l&#039;acte d&#039;abdication. Avec le dernier roi s&#039;achève un chapitre de réalisations culturelles, économiques et sociales remarquables, brutalement balayé par le rouleau compresseur communiste.</p>
<p align="justify">Depuis son exil, le cœur du roi continue de battre pour la Roumanie. En 1948, il se rendit à Londres et à New York pour tenter de sensibiliser l&#039;Occident aux abus du régime de la Roumanie populaire. Dans les années 1950, il fonde le Comité national roumain, qu’il coordonne avec dévouement et altruisme.</p>
<p align="justify">Après la chute du communisme, le roi Michel est revenu en Roumanie et a contribué par son prestige personnel à l&#039;adhésion de notre pays à l&#039;OTAN. Il a défendu la cause de la Roumanie dans le monde à travers des visites, des conférences et des apparitions dans la presse et à la télévision, aux côtés de Son Altesse Royale Anne de Bourbon-Parme et de la princesse Margareta, désignée comme son successeur en 1997.</p>

<!-- This site is optimized with the Yoast SEO plugin v24.1 - https://yoast.com/wordpress/plugins/seo/ -->
<title>Regele Mihai I &#183; Peles Test</title>
<meta name="robots" content="noindex, follow, max-snippet:-1, max-image-preview:large, max-video-preview:-1" />
<script type="application/ld+json" class="yoast-schema-graph">{"@context":"https://schema.org","@graph":[{"@type":"WebPage","@id":"https://thewebdevpoint.com/personalitati/regele-mihai-i/","url":"https://thewebdevpoint.com/personalitati/regele-mihai-i/","name":"Regele Mihai I &#183; Peles Test","isPartOf":{"@id":"https://thewebdevpoint.com/ro/#website"},"primaryImageOfPage":{"@id":"https://thewebdevpoint.com/personalitati/regele-mihai-i/#primaryimage"},"image":{"@id":"https://thewebdevpoint.com/personalitati/regele-mihai-i/#primaryimage"},"thumbnailUrl":"https://thewebdevpoint.com/wp-content/uploads/2024/12/mihai.jpg","datePublished":"2024-12-09T13:09:25+00:00","dateModified":"2024-12-09T14:11:52+00:00","breadcrumb":{"@id":"https://thewebdevpoint.com/personalitati/regele-mihai-i/#breadcrumb"},"inLanguage":"fr-FR","potentialAction":[{"@type":"ReadAction","target":["https://thewebdevpoint.com/personalitati/regele-mihai-i/"]}]},{"@type":"ImageObject","inLanguage":"fr-FR","@id":"https://thewebdevpoint.com/personalitati/regele-mihai-i/#primaryimage","url":"https://thewebdevpoint.com/wp-content/uploads/2024/12/mihai.jpg","contentUrl":"https://thewebdevpoint.com/wp-content/uploads/2024/12/mihai.jpg","width":513,"height":703},{"@type":"BreadcrumbList","@id":"https://thewebdevpoint.com/personalitati/regele-mihai-i/#breadcrumb","itemListElement":[{"@type":"ListItem","position":1,"name":"Acasă","item":"https://thewebdevpoint.com/"},{"@type":"ListItem","position":2,"name":"Personalități","item":"https://thewebdevpoint.com/ro/personalitati/"},{"@type":"ListItem","position":3,"name":"Regele Mihai I"}]},{"@type":"WebSite","@id":"https://thewebdevpoint.com/ro/#website","url":"https://thewebdevpoint.com/ro/","name":"Peles Test","description":"","publisher":{"@id":"https://thewebdevpoint.com/ro/#organization"},"potentialAction":[{"@type":"SearchAction","target":{"@type":"EntryPoint","urlTemplate":"https://thewebdevpoint.com/ro/?s={search_term_string}"},"query-input":{"@type":"PropertyValueSpecification","valueRequired":true,"valueName":"search_term_string"}}],"inLanguage":"fr-FR"},{"@type":"Organization","@id":"https://thewebdevpoint.com/ro/#organization","name":"Muzeul Peleș","alternateName":"MP","url":"https://thewebdevpoint.com/ro/","logo":{"@type":"ImageObject","inLanguage":"fr-FR","@id":"https://thewebdevpoint.com/ro/#/schema/logo/image/","url":"https://thewebdevpoint.com/wp-content/uploads/2024/10/Logo.svg","contentUrl":"https://thewebdevpoint.com/wp-content/uploads/2024/10/Logo.svg","width":251,"height":48,"caption":"Muzeul Peleș"},"image":{"@id":"https://thewebdevpoint.com/ro/#/schema/logo/image/"}}]}</script>
<!-- / Yoast SEO plugin. -->

Acasă

Personalități

Muzeul Peleș
