{"id":8828,"date":"2024-10-08T11:59:13","date_gmt":"2024-10-08T11:59:13","guid":{"rendered":"https:\/\/pelestest.thepoint-agency.com\/regele-carol-i-ctitorul-romaniei-moderne\/"},"modified":"2024-12-19T09:48:20","modified_gmt":"2024-12-19T07:48:20","slug":"regele-carol-i-ctitorul-romaniei-moderne","status":"publish","type":"eveniment","link":"https:\/\/thewebdevpoint.com\/ro\/eveniment\/regele-carol-i-ctitorul-romaniei-moderne\/","title":{"rendered":"Regele Carol I. Ctitorul Rom\u00e2niei Moderne"},"content":{"rendered":"<p>Muzeul National Pele\u0219 v\u0103 invit\u0103\u00a0 s\u0103 vizita\u021bi\u00a0 expozi\u021bia\u00a0 temporar\u0103\u00a0 ,,Regele Carol I. Ctitorul Rom\u00e2niei Moderne\u201d, \u00a0deschis\u0103 \u00een perioada 27 iulie &#8211;\u00a0 27 octombrie, \u00een s\u0103lile de expozi\u021bie ale Castelului Pele\u0219.<\/p>\n<p>Vernisajul\u00a0 va avea loc \u00a0s\u00e2mb\u0103t\u0103, 27 iulie 2019, la ora 16:00.<\/p>\n<p>Lunga si prospera domnie de 48 de ani a Regelui Carol I, principe \u0219i rege de rigoare german\u0103, a \u00eensemnat modernizarea \u0219i europenizarea Rom\u00e2niei care \u0219i-a ob\u021binut independen\u021ba de stat \u0219i, ulterior, un loc binemeretitat \u00een concertul na\u021biunilor europene.<\/p>\n<p>Expozi\u021bia se dore\u0219te a fi un omagiu adus marelui ctitor al Rom\u00e2niei moderne, de la a c\u0103rui na\u0219tere s-au \u00eemplinit \u00een prim\u0103vara acestui an, la 20 aprilie, 180 de ani \u0219i evoc\u0103 aspecte esen\u021biale din via\u021ba \u0219i activitatea politic\u0103 a fondatorului dinastiei regale, recre\u00eend totodat\u0103 \u00a0ambientul artistic \u00een care a tr\u0103it suveranul.<\/p>\n<p>Expozi\u021bia se viziteaz\u0103 de miercuri p\u00e2n\u0103 duminic\u0103, dup\u0103 urm\u0103torul program:<\/p>\n<p>Miercuri: 11:00 &#8211; 16:15<\/p>\n<p>Joi \u2013 Duminic\u0103: 9:15 \u2013 16:15<\/p>\n<p>Intrarea este liber\u0103.<\/p>\n","protected":false},"featured_media":0,"template":"","meta":{"_acf_changed":false},"categorie-evenimente":[353],"class_list":["post-8828","eveniment","type-eveniment","status-publish","hentry","categorie-evenimente-arhiva"],"acf":[],"yoast_head":"<!-- This site is optimized with the Yoast SEO plugin v24.1 - https:\/\/yoast.com\/wordpress\/plugins\/seo\/ -->\n<title>Regele Carol I. Ctitorul Rom\u00e2niei Moderne &#183; Peles Test<\/title>\n<meta name=\"robots\" content=\"noindex, follow, max-snippet:-1, max-image-preview:large, max-video-preview:-1\" \/>\n<script type=\"application\/ld+json\" class=\"yoast-schema-graph\">{\"@context\":\"https:\/\/schema.org\",\"@graph\":[{\"@type\":\"WebPage\",\"@id\":\"https:\/\/thewebdevpoint.com\/eveniment\/regele-carol-i-ctitorul-romaniei-moderne\/\",\"url\":\"https:\/\/thewebdevpoint.com\/eveniment\/regele-carol-i-ctitorul-romaniei-moderne\/\",\"name\":\"Regele Carol I. Ctitorul Rom\u00e2niei Moderne &#183; Peles Test\",\"isPartOf\":{\"@id\":\"https:\/\/thewebdevpoint.com\/ro\/#website\"},\"datePublished\":\"2024-10-08T11:59:13+00:00\",\"dateModified\":\"2024-12-19T07:48:20+00:00\",\"breadcrumb\":{\"@id\":\"https:\/\/thewebdevpoint.com\/eveniment\/regele-carol-i-ctitorul-romaniei-moderne\/#breadcrumb\"},\"inLanguage\":\"ro-RO\",\"potentialAction\":[{\"@type\":\"ReadAction\",\"target\":[\"https:\/\/thewebdevpoint.com\/eveniment\/regele-carol-i-ctitorul-romaniei-moderne\/\"]}]},{\"@type\":\"BreadcrumbList\",\"@id\":\"https:\/\/thewebdevpoint.com\/eveniment\/regele-carol-i-ctitorul-romaniei-moderne\/#breadcrumb\",\"itemListElement\":[{\"@type\":\"ListItem\",\"position\":1,\"name\":\"Acas\u0103\",\"item\":\"https:\/\/thewebdevpoint.com\/\"},{\"@type\":\"ListItem\",\"position\":2,\"name\":\"Evenimente\",\"item\":\"https:\/\/thewebdevpoint.com\/ro\/evenimente\/\"},{\"@type\":\"ListItem\",\"position\":3,\"name\":\"Regele Carol I. Ctitorul Rom\u00e2niei Moderne\"}]},{\"@type\":\"WebSite\",\"@id\":\"https:\/\/thewebdevpoint.com\/ro\/#website\",\"url\":\"https:\/\/thewebdevpoint.com\/ro\/\",\"name\":\"Peles Test\",\"description\":\"\",\"publisher\":{\"@id\":\"https:\/\/thewebdevpoint.com\/ro\/#organization\"},\"potentialAction\":[{\"@type\":\"SearchAction\",\"target\":{\"@type\":\"EntryPoint\",\"urlTemplate\":\"https:\/\/thewebdevpoint.com\/ro\/?s={search_term_string}\"},\"query-input\":{\"@type\":\"PropertyValueSpecification\",\"valueRequired\":true,\"valueName\":\"search_term_string\"}}],\"inLanguage\":\"ro-RO\"},{\"@type\":\"Organization\",\"@id\":\"https:\/\/thewebdevpoint.com\/ro\/#organization\",\"name\":\"Muzeul Pele\u0219\",\"alternateName\":\"MP\",\"url\":\"https:\/\/thewebdevpoint.com\/ro\/\",\"logo\":{\"@type\":\"ImageObject\",\"inLanguage\":\"ro-RO\",\"@id\":\"https:\/\/thewebdevpoint.com\/ro\/#\/schema\/logo\/image\/\",\"url\":\"https:\/\/thewebdevpoint.com\/wp-content\/uploads\/2024\/10\/Logo.svg\",\"contentUrl\":\"https:\/\/thewebdevpoint.com\/wp-content\/uploads\/2024\/10\/Logo.svg\",\"width\":251,\"height\":48,\"caption\":\"Muzeul Pele\u0219\"},\"image\":{\"@id\":\"https:\/\/thewebdevpoint.com\/ro\/#\/schema\/logo\/image\/\"}}]}<\/script>\n<!-- \/ Yoast SEO plugin. -->","yoast_head_json":{"title":"Regele Carol I. Ctitorul Rom\u00e2niei Moderne &#183; Peles Test","robots":{"index":"noindex","follow":"follow","max-snippet":"max-snippet:-1","max-image-preview":"max-image-preview:large","max-video-preview":"max-video-preview:-1"},"schema":{"@context":"https:\/\/schema.org","@graph":[{"@type":"WebPage","@id":"https:\/\/thewebdevpoint.com\/eveniment\/regele-carol-i-ctitorul-romaniei-moderne\/","url":"https:\/\/thewebdevpoint.com\/eveniment\/regele-carol-i-ctitorul-romaniei-moderne\/","name":"Regele Carol I. Ctitorul Rom\u00e2niei Moderne &#183; Peles Test","isPartOf":{"@id":"https:\/\/thewebdevpoint.com\/ro\/#website"},"datePublished":"2024-10-08T11:59:13+00:00","dateModified":"2024-12-19T07:48:20+00:00","breadcrumb":{"@id":"https:\/\/thewebdevpoint.com\/eveniment\/regele-carol-i-ctitorul-romaniei-moderne\/#breadcrumb"},"inLanguage":"ro-RO","potentialAction":[{"@type":"ReadAction","target":["https:\/\/thewebdevpoint.com\/eveniment\/regele-carol-i-ctitorul-romaniei-moderne\/"]}]},{"@type":"BreadcrumbList","@id":"https:\/\/thewebdevpoint.com\/eveniment\/regele-carol-i-ctitorul-romaniei-moderne\/#breadcrumb","itemListElement":[{"@type":"ListItem","position":1,"name":"Acas\u0103","item":"https:\/\/thewebdevpoint.com\/"},{"@type":"ListItem","position":2,"name":"Evenimente","item":"https:\/\/thewebdevpoint.com\/ro\/evenimente\/"},{"@type":"ListItem","position":3,"name":"Regele Carol I. Ctitorul Rom\u00e2niei Moderne"}]},{"@type":"WebSite","@id":"https:\/\/thewebdevpoint.com\/ro\/#website","url":"https:\/\/thewebdevpoint.com\/ro\/","name":"Peles Test","description":"","publisher":{"@id":"https:\/\/thewebdevpoint.com\/ro\/#organization"},"potentialAction":[{"@type":"SearchAction","target":{"@type":"EntryPoint","urlTemplate":"https:\/\/thewebdevpoint.com\/ro\/?s={search_term_string}"},"query-input":{"@type":"PropertyValueSpecification","valueRequired":true,"valueName":"search_term_string"}}],"inLanguage":"ro-RO"},{"@type":"Organization","@id":"https:\/\/thewebdevpoint.com\/ro\/#organization","name":"Muzeul Pele\u0219","alternateName":"MP","url":"https:\/\/thewebdevpoint.com\/ro\/","logo":{"@type":"ImageObject","inLanguage":"ro-RO","@id":"https:\/\/thewebdevpoint.com\/ro\/#\/schema\/logo\/image\/","url":"https:\/\/thewebdevpoint.com\/wp-content\/uploads\/2024\/10\/Logo.svg","contentUrl":"https:\/\/thewebdevpoint.com\/wp-content\/uploads\/2024\/10\/Logo.svg","width":251,"height":48,"caption":"Muzeul Pele\u0219"},"image":{"@id":"https:\/\/thewebdevpoint.com\/ro\/#\/schema\/logo\/image\/"}}]}},"_links":{"self":[{"href":"https:\/\/thewebdevpoint.com\/ro\/wp-json\/wp\/v2\/eveniment\/8828","targetHints":{"allow":["GET"]}}],"collection":[{"href":"https:\/\/thewebdevpoint.com\/ro\/wp-json\/wp\/v2\/eveniment"}],"about":[{"href":"https:\/\/thewebdevpoint.com\/ro\/wp-json\/wp\/v2\/types\/eveniment"}],"version-history":[{"count":1,"href":"https:\/\/thewebdevpoint.com\/ro\/wp-json\/wp\/v2\/eveniment\/8828\/revisions"}],"predecessor-version":[{"id":16732,"href":"https:\/\/thewebdevpoint.com\/ro\/wp-json\/wp\/v2\/eveniment\/8828\/revisions\/16732"}],"wp:attachment":[{"href":"https:\/\/thewebdevpoint.com\/ro\/wp-json\/wp\/v2\/media?parent=8828"}],"wp:term":[{"taxonomy":"categorie-evenimente","embeddable":true,"href":"https:\/\/thewebdevpoint.com\/ro\/wp-json\/wp\/v2\/categorie-evenimente?post=8828"}],"curies":[{"name":"wp","href":"https:\/\/api.w.org\/{rel}","templated":true}]}}

Regele Carol I. Ctitorul României Moderne

<p>Muzeul National Peleș vă invită  să vizitați  expoziția  temporară  ,,Regele Carol I. Ctitorul României Moderne”,  deschisă în perioada 27 iulie &#8211;  27 octombrie, în sălile de expoziție ale Castelului Peleș.</p>
<p>Vernisajul  va avea loc  sâmbătă, 27 iulie 2019, la ora 16:00.</p>
<p>Lunga si prospera domnie de 48 de ani a Regelui Carol I, principe și rege de rigoare germană, a însemnat modernizarea și europenizarea României care și-a obținut independența de stat și, ulterior, un loc binemeretitat în concertul națiunilor europene.</p>
<p>Expoziția se dorește a fi un omagiu adus marelui ctitor al României moderne, de la a cărui naștere s-au împlinit în primăvara acestui an, la 20 aprilie, 180 de ani și evocă aspecte esențiale din viața și activitatea politică a fondatorului dinastiei regale, recreînd totodată  ambientul artistic în care a trăit suveranul.</p>
<p>Expoziția se vizitează de miercuri până duminică, după următorul program:</p>
<p>Miercuri: 11:00 &#8211; 16:15</p>
<p>Joi – Duminică: 9:15 – 16:15</p>
<p>Intrarea este liberă.</p>

<!-- This site is optimized with the Yoast SEO plugin v24.1 - https://yoast.com/wordpress/plugins/seo/ -->
<title>Regele Carol I. Ctitorul României Moderne &#183; Peles Test</title>
<meta name="robots" content="noindex, follow, max-snippet:-1, max-image-preview:large, max-video-preview:-1" />
<script type="application/ld+json" class="yoast-schema-graph">{"@context":"https://schema.org","@graph":[{"@type":"WebPage","@id":"https://thewebdevpoint.com/eveniment/regele-carol-i-ctitorul-romaniei-moderne/","url":"https://thewebdevpoint.com/eveniment/regele-carol-i-ctitorul-romaniei-moderne/","name":"Regele Carol I. Ctitorul României Moderne &#183; Peles Test","isPartOf":{"@id":"https://thewebdevpoint.com/ro/#website"},"datePublished":"2024-10-08T11:59:13+00:00","dateModified":"2024-12-19T07:48:20+00:00","breadcrumb":{"@id":"https://thewebdevpoint.com/eveniment/regele-carol-i-ctitorul-romaniei-moderne/#breadcrumb"},"inLanguage":"ro-RO","potentialAction":[{"@type":"ReadAction","target":["https://thewebdevpoint.com/eveniment/regele-carol-i-ctitorul-romaniei-moderne/"]}]},{"@type":"BreadcrumbList","@id":"https://thewebdevpoint.com/eveniment/regele-carol-i-ctitorul-romaniei-moderne/#breadcrumb","itemListElement":[{"@type":"ListItem","position":1,"name":"Acasă","item":"https://thewebdevpoint.com/"},{"@type":"ListItem","position":2,"name":"Evenimente","item":"https://thewebdevpoint.com/ro/evenimente/"},{"@type":"ListItem","position":3,"name":"Regele Carol I. Ctitorul României Moderne"}]},{"@type":"WebSite","@id":"https://thewebdevpoint.com/ro/#website","url":"https://thewebdevpoint.com/ro/","name":"Peles Test","description":"","publisher":{"@id":"https://thewebdevpoint.com/ro/#organization"},"potentialAction":[{"@type":"SearchAction","target":{"@type":"EntryPoint","urlTemplate":"https://thewebdevpoint.com/ro/?s={search_term_string}"},"query-input":{"@type":"PropertyValueSpecification","valueRequired":true,"valueName":"search_term_string"}}],"inLanguage":"ro-RO"},{"@type":"Organization","@id":"https://thewebdevpoint.com/ro/#organization","name":"Muzeul Peleș","alternateName":"MP","url":"https://thewebdevpoint.com/ro/","logo":{"@type":"ImageObject","inLanguage":"ro-RO","@id":"https://thewebdevpoint.com/ro/#/schema/logo/image/","url":"https://thewebdevpoint.com/wp-content/uploads/2024/10/Logo.svg","contentUrl":"https://thewebdevpoint.com/wp-content/uploads/2024/10/Logo.svg","width":251,"height":48,"caption":"Muzeul Peleș"},"image":{"@id":"https://thewebdevpoint.com/ro/#/schema/logo/image/"}}]}</script>
<!-- / Yoast SEO plugin. -->

Regele Carol I. Ctitorul României Moderne &#183; Peles Test

Acasă

Muzeul Peleș
